-- http://www.phpmyadmin.net
--




--
-- Database: `apeam_db`
--

-- --------------------------------------------------------

--
-- Table structure for table `apmn_assets`
--

CREATE TABLE IF NOT EXISTS `apmn_assets` (
  `id` int(10) unsigned NOT NULL AUTO_INCREMENT COMMENT 'Primary Key',
  `parent_id` int(11) NOT NULL DEFAULT '0' COMMENT 'Nested set parent.',
  `lft` int(11) NOT NULL DEFAULT '0' COMMENT 'Nested set lft.',
  `rgt` int(11) NOT NULL DEFAULT '0' COMMENT 'Nested set rgt.',
  `level` int(10) unsigned NOT NULL COMMENT 'The cached level in the nested tree.',
  `name` varchar(50) NOT NULL COMMENT 'The unique name for the asset.\n',
  `title` varchar(100) NOT NULL COMMENT 'The descriptive title for the asset.',
  `rules` varchar(5120) NOT NULL COMMENT 'JSON encoded access control.',
  PRIMARY KEY (`id`),
  UNIQUE KEY `idx_asset_name` (`name`),
  KEY `idx_lft_rgt` (`lft`,`rgt`),
  KEY `idx_parent_id` (`parent_id`)
) ENGINE=MyISAM  DEFAULT CHARSET=utf8 AUTO_INCREMENT=35 ;

--
-- Dumping data for table `apmn_assets`
--

INSERT INTO `apmn_assets` (`id`, `parent_id`, `lft`, `rgt`, `level`, `name`, `title`, `rules`) VALUES
(1, 0, 1, 67, 0, 'root.1', 'Root Asset', '{"core.login.site":{"6":1,"2":1},"core.login.admin":{"6":1},"core.login.offline":{"6":1},"core.admin":{"8":1},"core.manage":{"7":1},"core.create":{"6":1,"3":1},"core.delete":{"6":1},"core.edit":{"6":1,"4":1},"core.edit.state":{"6":1,"5":1},"core.edit.own":{"6":1,"3":1}}'),
(2, 1, 1, 2, 1, 'com_admin', 'com_admin', '{}'),
(3, 1, 3, 6, 1, 'com_banners', 'com_banners', '{"core.admin":{"7":1},"core.manage":{"6":1},"core.create":[],"core.delete":[],"core.edit":[],"core.edit.state":[]}'),
(4, 1, 7, 8, 1, 'com_cache', 'com_cache', '{"core.admin":{"7":1},"core.manage":{"7":1}}'),
(5, 1, 9, 10, 1, 'com_checkin', 'com_checkin', '{"core.admin":{"7":1},"core.manage":{"7":1}}'),
(6, 1, 11, 12, 1, 'com_config', 'com_config', '{}'),
(7, 1, 13, 16, 1, 'com_contact', 'com_contact', '{"core.admin":{"7":1},"core.manage":{"6":1},"core.create":[],"core.delete":[],"core.edit":[],"core.edit.state":[],"core.edit.own":[]}'),
(8, 1, 17, 20, 1, 'com_content', 'com_content', '{"core.admin":{"7":1},"core.manage":{"6":1},"core.create":{"3":1},"core.delete":[],"core.edit":{"4":1},"core.edit.state":{"5":1},"core.edit.own":[]}'),
(9, 1, 21, 22, 1, 'com_cpanel', 'com_cpanel', '{}'),
(10, 1, 23, 24, 1, 'com_installer', 'com_installer', '{"core.admin":[],"core.manage":{"7":0},"core.delete":{"7":0},"core.edit.state":{"7":0}}'),
(11, 1, 25, 26, 1, 'com_languages', 'com_languages', '{"core.admin":{"7":1},"core.manage":[],"core.create":[],"core.delete":[],"core.edit":[],"core.edit.state":[]}'),
(12, 1, 27, 28, 1, 'com_login', 'com_login', '{}'),
(13, 1, 29, 30, 1, 'com_mailto', 'com_mailto', '{}'),
(14, 1, 31, 32, 1, 'com_massmail', 'com_massmail', '{}'),
(15, 1, 33, 34, 1, 'com_media', 'com_media', '{"core.admin":{"7":1},"core.manage":{"6":1},"core.create":{"3":1},"core.delete":{"5":1}}'),
(16, 1, 35, 36, 1, 'com_menus', 'com_menus', '{"core.admin":{"7":1},"core.manage":[],"core.create":[],"core.delete":[],"core.edit":[],"core.edit.state":[]}'),
(17, 1, 37, 38, 1, 'com_messages', 'com_messages', '{"core.admin":{"7":1},"core.manage":{"7":1}}'),
(18, 1, 39, 40, 1, 'com_modules', 'com_modules', '{"core.admin":{"7":1},"core.manage":[],"core.create":[],"core.delete":[],"core.edit":[],"core.edit.state":[]}'),
(19, 1, 41, 44, 1, 'com_newsfeeds', 'com_newsfeeds', '{"core.admin":{"7":1},"core.manage":{"6":1},"core.create":[],"core.delete":[],"core.edit":[],"core.edit.state":[],"core.edit.own":[]}'),
(20, 1, 45, 46, 1, 'com_plugins', 'com_plugins', '{"core.admin":{"7":1},"core.manage":[],"core.edit":[],"core.edit.state":[]}'),
(21, 1, 47, 48, 1, 'com_redirect', 'com_redirect', '{"core.admin":{"7":1},"core.manage":[]}'),
(22, 1, 49, 50, 1, 'com_search', 'com_search', '{"core.admin":{"7":1},"core.manage":{"6":1}}'),
(23, 1, 51, 52, 1, 'com_templates', 'com_templates', '{"core.admin":{"7":1},"core.manage":[],"core.create":[],"core.delete":[],"core.edit":[],"core.edit.state":[]}'),
(24, 1, 53, 56, 1, 'com_users', 'com_users', '{"core.admin":{"7":1},"core.manage":[],"core.create":[],"core.delete":[],"core.edit":[],"core.edit.state":[]}'),
(25, 1, 57, 60, 1, 'com_weblinks', 'com_weblinks', '{"core.admin":{"7":1},"core.manage":{"6":1},"core.create":{"3":1},"core.delete":[],"core.edit":{"4":1},"core.edit.state":{"5":1},"core.edit.own":[]}'),
(26, 1, 61, 62, 1, 'com_wrapper', 'com_wrapper', '{}'),
(27, 8, 18, 19, 2, 'com_content.category.2', 'Uncategorised', '{"core.create":[],"core.delete":[],"core.edit":[],"core.edit.state":[],"core.edit.own":[]}'),
(28, 3, 4, 5, 2, 'com_banners.category.3', 'Uncategorised', '{"core.create":[],"core.delete":[],"core.edit":[],"core.edit.state":[]}'),
(29, 7, 14, 15, 2, 'com_contact.category.4', 'Uncategorised', '{"core.create":[],"core.delete":[],"core.edit":[],"core.edit.state":[],"core.edit.own":[]}'),
(30, 19, 42, 43, 2, 'com_newsfeeds.category.5', 'Uncategorised', '{"core.create":[],"core.delete":[],"core.edit":[],"core.edit.state":[],"core.edit.own":[]}'),
(31, 25, 58, 59, 2, 'com_weblinks.category.6', 'Uncategorised', '{"core.create":[],"core.delete":[],"core.edit":[],"core.edit.state":[],"core.edit.own":[]}'),
(32, 24, 54, 55, 1, 'com_users.notes.category.7', 'Uncategorised', '{"core.create":[],"core.delete":[],"core.edit":[],"core.edit.state":[]}'),
(33, 1, 63, 64, 1, 'com_finder', 'com_finder', '{"core.admin":{"7":1},"core.manage":{"6":1}}'),
(34, 1, 65, 66, 1, 'com_joomlaupdate', 'com_joomlaupdate', '{"core.admin":[],"core.manage":[],"core.delete":[],"core.edit.state":[]}');

-- --------------------------------------------------------

--
-- Table structure for table `apmn_associations`
--

CREATE TABLE IF NOT EXISTS `apmn_associations` (
  `id` varchar(50) NOT NULL COMMENT 'A reference to the associated item.',
  `context` varchar(50) NOT NULL COMMENT 'The context of the associated item.',
  `key` char(32) NOT NULL COMMENT 'The key for the association computed from an md5 on associated ids.',
  PRIMARY KEY (`context`,`id`),
  KEY `idx_key` (`key`)
) ENGINE=MyISAM DEFAULT CHARSET=utf8;

-- --------------------------------------------------------

--
-- Table structure for table `apmn_banners`
--

CREATE TABLE IF NOT EXISTS `apmn_banners` (
  `id` int(11) NOT NULL AUTO_INCREMENT,
  `cid` int(11) NOT NULL DEFAULT '0',
  `type` int(11) NOT NULL DEFAULT '0',
  `name` varchar(255) NOT NULL DEFAULT '',
  `alias` varchar(255) CHARACTER SET utf8 COLLATE utf8_bin NOT NULL DEFAULT '',
  `imptotal` int(11) NOT NULL DEFAULT '0',
  `impmade` int(11) NOT NULL DEFAULT '0',
  `clicks` int(11) NOT NULL DEFAULT '0',
  `clickurl` varchar(200) NOT NULL DEFAULT '',
  `state` tinyint(3) NOT NULL DEFAULT '0',
  `catid` int(10) unsigned NOT NULL DEFAULT '0',
  `description` text NOT NULL,
  `custombannercode` varchar(2048) NOT NULL,
  `sticky` tinyint(1) unsigned NOT NULL DEFAULT '0',
  `ordering` int(11) NOT NULL DEFAULT '0',
  `metakey` text NOT NULL,
  `params` text NOT NULL,
  `own_prefix` tinyint(1) NOT NULL DEFAULT '0',
  `metakey_prefix` varchar(255) NOT NULL DEFAULT '',
  `purchase_type` tinyint(4) NOT NULL DEFAULT '-1',
  `track_clicks` tinyint(4) NOT NULL DEFAULT '-1',
  `track_impressions` tinyint(4) NOT NULL DEFAULT '-1',
  `checked_out` int(10) unsigned NOT NULL DEFAULT '0',
  `checked_out_time` datetime NOT NULL DEFAULT '0000-00-00 00:00:00',
  `publish_up` datetime NOT NULL DEFAULT '0000-00-00 00:00:00',
  `publish_down` datetime NOT NULL DEFAULT '0000-00-00 00:00:00',
  `reset` datetime NOT NULL DEFAULT '0000-00-00 00:00:00',
  `created` datetime NOT NULL DEFAULT '0000-00-00 00:00:00',
  `language` char(7) NOT NULL DEFAULT '',
  PRIMARY KEY (`id`),
  KEY `idx_state` (`state`),
  KEY `idx_own_prefix` (`own_prefix`),
  KEY `idx_metakey_prefix` (`metakey_prefix`),
  KEY `idx_banner_catid` (`catid`),
  KEY `idx_language` (`language`)
) ENGINE=MyISAM DEFAULT CHARSET=utf8 AUTO_INCREMENT=1 ;

-- --------------------------------------------------------

--
-- Table structure for table `apmn_banner_clients`
--

CREATE TABLE IF NOT EXISTS `apmn_banner_clients` (
  `id` int(11) NOT NULL AUTO_INCREMENT,
  `name` varchar(255) NOT NULL DEFAULT '',
  `contact` varchar(255) NOT NULL DEFAULT '',
  `email` varchar(255) NOT NULL DEFAULT '',
  `extrainfo` text NOT NULL,
  `state` tinyint(3) NOT NULL DEFAULT '0',
  `checked_out` int(10) unsigned NOT NULL DEFAULT '0',
  `checked_out_time` datetime NOT NULL DEFAULT '0000-00-00 00:00:00',
  `metakey` text NOT NULL,
  `own_prefix` tinyint(4) NOT NULL DEFAULT '0',
  `metakey_prefix` varchar(255) NOT NULL DEFAULT '',
  `purchase_type` tinyint(4) NOT NULL DEFAULT '-1',
  `track_clicks` tinyint(4) NOT NULL DEFAULT '-1',
  `track_impressions` tinyint(4) NOT NULL DEFAULT '-1',
  PRIMARY KEY (`id`),
  KEY `idx_own_prefix` (`own_prefix`),
  KEY `idx_metakey_prefix` (`metakey_prefix`)
) ENGINE=MyISAM DEFAULT CHARSET=utf8 AUTO_INCREMENT=1 ;

-- --------------------------------------------------------

--
-- Table structure for table `apmn_banner_tracks`
--

CREATE TABLE IF NOT EXISTS `apmn_banner_tracks` (
  `track_date` datetime NOT NULL,
  `track_type` int(10) unsigned NOT NULL,
  `banner_id` int(10) unsigned NOT NULL,
  `count` int(10) unsigned NOT NULL DEFAULT '0',
  PRIMARY KEY (`track_date`,`track_type`,`banner_id`),
  KEY `idx_track_date` (`track_date`),
  KEY `idx_track_type` (`track_type`),
  KEY `idx_banner_id` (`banner_id`)
) ENGINE=MyISAM DEFAULT CHARSET=utf8;

-- --------------------------------------------------------

--
-- Table structure for table `apmn_categories`
--

CREATE TABLE IF NOT EXISTS `apmn_categories` (
  `id` int(11) NOT NULL AUTO_INCREMENT,
  `asset_id` int(10) unsigned NOT NULL DEFAULT '0' COMMENT 'FK to the #__assets table.',
  `parent_id` int(10) unsigned NOT NULL DEFAULT '0',
  `lft` int(11) NOT NULL DEFAULT '0',
  `rgt` int(11) NOT NULL DEFAULT '0',
  `level` int(10) unsigned NOT NULL DEFAULT '0',
  `path` varchar(255) NOT NULL DEFAULT '',
  `extension` varchar(50) NOT NULL DEFAULT '',
  `title` varchar(255) NOT NULL,
  `alias` varchar(255) CHARACTER SET utf8 COLLATE utf8_bin NOT NULL DEFAULT '',
  `note` varchar(255) NOT NULL DEFAULT '',
  `description` mediumtext NOT NULL,
  `published` tinyint(1) NOT NULL DEFAULT '0',
  `checked_out` int(11) unsigned NOT NULL DEFAULT '0',
  `checked_out_time` datetime NOT NULL DEFAULT '0000-00-00 00:00:00',
  `access` int(10) unsigned NOT NULL DEFAULT '0',
  `params` text NOT NULL,
  `metadesc` varchar(1024) NOT NULL COMMENT 'The meta description for the page.',
  `metakey` varchar(1024) NOT NULL COMMENT 'The meta keywords for the page.',
  `metadata` varchar(2048) NOT NULL COMMENT 'JSON encoded metadata properties.',
  `created_user_id` int(10) unsigned NOT NULL DEFAULT '0',
  `created_time` datetime NOT NULL DEFAULT '0000-00-00 00:00:00',
  `modified_user_id` int(10) unsigned NOT NULL DEFAULT '0',
  `modified_time` datetime NOT NULL DEFAULT '0000-00-00 00:00:00',
  `hits` int(10) unsigned NOT NULL DEFAULT '0',
  `language` char(7) NOT NULL,
  PRIMARY KEY (`id`),
  KEY `cat_idx` (`extension`,`published`,`access`),
  KEY `idx_access` (`access`),
  KEY `idx_checkout` (`checked_out`),
  KEY `idx_path` (`path`),
  KEY `idx_left_right` (`lft`,`rgt`),
  KEY `idx_alias` (`alias`),
  KEY `idx_language` (`language`)
) ENGINE=MyISAM  DEFAULT CHARSET=utf8 AUTO_INCREMENT=90 ;

--
-- Dumping data for table `apmn_categories`
--

INSERT INTO `apmn_categories` (`id`, `asset_id`, `parent_id`, `lft`, `rgt`, `level`, `path`, `extension`, `title`, `alias`, `note`, `description`, `published`, `checked_out`, `checked_out_time`, `access`, `params`, `metadesc`, `metakey`, `metadata`, `created_user_id`, `created_time`, `modified_user_id`, `modified_time`, `hits`, `language`) VALUES
(1, 0, 0, 0, 13, 0, '', 'system', 'ROOT', 'root', '', '', 1, 0, '0000-00-00 00:00:00', 1, '{}', '', '', '', 0, '2009-10-18 16:07:09', 0, '0000-00-00 00:00:00', 0, '*'),
(69, 0, 0, 0, 0, 0, '', '', '', '', '', '', 0, 0, '0000-00-00 00:00:00', 0, '', '', '', '', 0, '0000-00-00 00:00:00', 0, '0000-00-00 00:00:00', 0, ''),
(68, 0, 0, 0, 0, 0, '', '', '', '', '', '', 0, 0, '0000-00-00 00:00:00', 0, '', '', '', '', 0, '0000-00-00 00:00:00', 0, '0000-00-00 00:00:00', 0, ''),
(79, 0, 0, 0, 0, 0, '', '', '', '', '', '', 0, 0, '0000-00-00 00:00:00', 0, '', '', '', '', 0, '0000-00-00 00:00:00', 0, '0000-00-00 00:00:00', 0, ''),
(71, 0, 0, 0, 0, 0, '', '', '', '', '', '', 0, 0, '0000-00-00 00:00:00', 0, '', '', '', '', 0, '0000-00-00 00:00:00', 0, '0000-00-00 00:00:00', 0, ''),
(67, 0, 0, 0, 0, 0, '', '', '', '', '', '', 0, 0, '0000-00-00 00:00:00', 0, '', '', '', '', 0, '0000-00-00 00:00:00', 0, '0000-00-00 00:00:00', 0, ''),
(62, 0, 0, 0, 0, 0, '', '', '', '', '', '', 0, 0, '0000-00-00 00:00:00', 0, '', '', '', '', 0, '0000-00-00 00:00:00', 0, '0000-00-00 00:00:00', 0, ''),
(60, 0, 0, 0, 0, 0, '', '', '', '', '', '', 0, 0, '0000-00-00 00:00:00', 0, '', '', '', '', 0, '0000-00-00 00:00:00', 0, '0000-00-00 00:00:00', 0, ''),
(59, 0, 0, 0, 0, 0, '', '', '', '', '', '', 0, 0, '0000-00-00 00:00:00', 0, '', '', '', '', 0, '0000-00-00 00:00:00', 0, '0000-00-00 00:00:00', 0, ''),
(58, 0, 0, 0, 0, 0, '', '', '', '', '', '', 0, 0, '0000-00-00 00:00:00', 0, '', '', '', '', 0, '0000-00-00 00:00:00', 0, '0000-00-00 00:00:00', 0, ''),
(56, 0, 0, 0, 0, 0, '', '', '', '', '', '', 0, 0, '0000-00-00 00:00:00', 0, '', '', '', '', 0, '0000-00-00 00:00:00', 0, '0000-00-00 00:00:00', 0, ''),
(54, 0, 0, 0, 0, 0, '', '', '', '', '', '', 0, 0, '0000-00-00 00:00:00', 0, '', '', '', '', 0, '0000-00-00 00:00:00', 0, '0000-00-00 00:00:00', 0, ''),
(53, 0, 0, 0, 0, 0, '', '', '', '', '', '', 0, 0, '0000-00-00 00:00:00', 0, '', '', '', '', 0, '0000-00-00 00:00:00', 0, '0000-00-00 00:00:00', 0, ''),
(75, 0, 0, 0, 0, 0, '', '', '', '', '', '', 0, 0, '0000-00-00 00:00:00', 0, '', '', '', '', 0, '0000-00-00 00:00:00', 0, '0000-00-00 00:00:00', 0, ''),
(52, 0, 0, 0, 0, 0, '', '', '', '', '', '', 0, 0, '0000-00-00 00:00:00', 0, '', '', '', '', 0, '0000-00-00 00:00:00', 0, '0000-00-00 00:00:00', 0, ''),
(50, 0, 0, 0, 0, 0, '', '', '', '', '', '', 0, 0, '0000-00-00 00:00:00', 0, '', '', '', '', 0, '0000-00-00 00:00:00', 0, '0000-00-00 00:00:00', 0, ''),
(48, 0, 0, 0, 0, 0, '', '', '', '', '', '', 0, 0, '0000-00-00 00:00:00', 0, '', '', '', '', 0, '0000-00-00 00:00:00', 0, '0000-00-00 00:00:00', 0, ''),
(77, 0, 0, 0, 0, 0, '', '', '', '', '', '', 0, 0, '0000-00-00 00:00:00', 0, '', '', '', '', 0, '0000-00-00 00:00:00', 0, '0000-00-00 00:00:00', 0, ''),
(45, 0, 0, 0, 0, 0, '', '', '', '', '', '', 0, 0, '0000-00-00 00:00:00', 0, '', '', '', '', 0, '0000-00-00 00:00:00', 0, '0000-00-00 00:00:00', 0, ''),
(57, 0, 0, 0, 0, 0, '', '', '', '', '', '', 0, 0, '0000-00-00 00:00:00', 0, '', '', '', '', 0, '0000-00-00 00:00:00', 0, '0000-00-00 00:00:00', 0, ''),
(43, 0, 0, 0, 0, 0, '', '', '', '', '', '', 0, 0, '0000-00-00 00:00:00', 0, '', '', '', '', 0, '0000-00-00 00:00:00', 0, '0000-00-00 00:00:00', 0, ''),
(42, 0, 0, 0, 0, 0, '', '', '', '', '', '', 0, 0, '0000-00-00 00:00:00', 0, '', '', '', '', 0, '0000-00-00 00:00:00', 0, '0000-00-00 00:00:00', 0, ''),
(41, 0, 0, 0, 0, 0, '', '', '', '', '', '', 0, 0, '0000-00-00 00:00:00', 0, '', '', '', '', 0, '0000-00-00 00:00:00', 0, '0000-00-00 00:00:00', 0, ''),
(40, 0, 0, 0, 0, 0, '', '', '', '', '', '', 0, 0, '0000-00-00 00:00:00', 0, '', '', '', '', 0, '0000-00-00 00:00:00', 0, '0000-00-00 00:00:00', 0, ''),
(34, 0, 0, 0, 0, 0, '', '', '', '', '', '', 0, 0, '0000-00-00 00:00:00', 0, '', '', '', '', 0, '0000-00-00 00:00:00', 0, '0000-00-00 00:00:00', 0, ''),
(61, 0, 0, 0, 0, 0, '', '', '', '', '', '', 0, 0, '0000-00-00 00:00:00', 0, '', '', '', '', 0, '0000-00-00 00:00:00', 0, '0000-00-00 00:00:00', 0, ''),
(30, 0, 0, 0, 0, 0, '', '', '', '', '', '', 0, 0, '0000-00-00 00:00:00', 0, '', '', '', '', 0, '0000-00-00 00:00:00', 0, '0000-00-00 00:00:00', 0, ''),
(29, 0, 0, 0, 0, 0, '', '', '', '', '', '', 0, 0, '0000-00-00 00:00:00', 0, '', '', '', '', 0, '0000-00-00 00:00:00', 0, '0000-00-00 00:00:00', 0, ''),
(25, 0, 0, 0, 0, 0, '', '', '', '', '', '', 0, 0, '0000-00-00 00:00:00', 0, '', '', '', '', 0, '0000-00-00 00:00:00', 0, '0000-00-00 00:00:00', 0, ''),
(32, 0, 0, 0, 0, 0, '', '', '', '', '', '', 0, 0, '0000-00-00 00:00:00', 0, '', '', '', '', 0, '0000-00-00 00:00:00', 0, '0000-00-00 00:00:00', 0, ''),
(27, 0, 0, 0, 0, 0, '', '', '', '', '', '', 0, 0, '0000-00-00 00:00:00', 0, '', '', '', '', 0, '0000-00-00 00:00:00', 0, '0000-00-00 00:00:00', 0, ''),
(28, 0, 0, 0, 0, 0, '', '', '', '', '', '', 0, 0, '0000-00-00 00:00:00', 0, '', '', '', '', 0, '0000-00-00 00:00:00', 0, '0000-00-00 00:00:00', 0, ''),
(31, 0, 0, 0, 0, 0, '', '', '', '', '', '', 0, 0, '0000-00-00 00:00:00', 0, '', '', '', '', 0, '0000-00-00 00:00:00', 0, '0000-00-00 00:00:00', 0, ''),
(3, 0, 0, 0, 0, 0, '', '', '', '', '', '', 0, 0, '0000-00-00 00:00:00', 0, '', '', '', '', 0, '0000-00-00 00:00:00', 0, '0000-00-00 00:00:00', 0, ''),
(89, 0, 0, 0, 0, 0, '', '', '', '', '', '', 0, 0, '0000-00-00 00:00:00', 0, '', '', '', '', 0, '0000-00-00 00:00:00', 0, '0000-00-00 00:00:00', 0, '');

-- --------------------------------------------------------

--
-- Table structure for table `apmn_contact_details`
--

CREATE TABLE IF NOT EXISTS `apmn_contact_details` (
  `id` int(11) NOT NULL AUTO_INCREMENT,
  `name` varchar(255) NOT NULL DEFAULT '',
  `alias` varchar(255) CHARACTER SET utf8 COLLATE utf8_bin NOT NULL DEFAULT '',
  `con_position` varchar(255) DEFAULT NULL,
  `address` text,
  `suburb` varchar(100) DEFAULT NULL,
  `state` varchar(100) DEFAULT NULL,
  `country` varchar(100) DEFAULT NULL,
  `postcode` varchar(100) DEFAULT NULL,
  `telephone` varchar(255) DEFAULT NULL,
  `fax` varchar(255) DEFAULT NULL,
  `misc` mediumtext,
  `image` varchar(255) DEFAULT NULL,
  `imagepos` varchar(20) DEFAULT NULL,
  `email_to` varchar(255) DEFAULT NULL,
  `default_con` tinyint(1) unsigned NOT NULL DEFAULT '0',
  `published` tinyint(1) NOT NULL DEFAULT '0',
  `checked_out` int(10) unsigned NOT NULL DEFAULT '0',
  `checked_out_time` datetime NOT NULL DEFAULT '0000-00-00 00:00:00',
  `ordering` int(11) NOT NULL DEFAULT '0',
  `params` text NOT NULL,
  `user_id` int(11) NOT NULL DEFAULT '0',
  `catid` int(11) NOT NULL DEFAULT '0',
  `access` int(10) unsigned NOT NULL DEFAULT '0',
  `mobile` varchar(255) NOT NULL DEFAULT '',
  `webpage` varchar(255) NOT NULL DEFAULT '',
  `sortname1` varchar(255) NOT NULL,
  `sortname2` varchar(255) NOT NULL,
  `sortname3` varchar(255) NOT NULL,
  `language` char(7) NOT NULL,
  `created` datetime NOT NULL DEFAULT '0000-00-00 00:00:00',
  `created_by` int(10) unsigned NOT NULL DEFAULT '0',
  `created_by_alias` varchar(255) NOT NULL DEFAULT '',
  `modified` datetime NOT NULL DEFAULT '0000-00-00 00:00:00',
  `modified_by` int(10) unsigned NOT NULL DEFAULT '0',
  `metakey` text NOT NULL,
  `metadesc` text NOT NULL,
  `metadata` text NOT NULL,
  `featured` tinyint(3) unsigned NOT NULL DEFAULT '0' COMMENT 'Set if article is featured.',
  `xreference` varchar(50) NOT NULL COMMENT 'A reference to enable linkages to external data sets.',
  `publish_up` datetime NOT NULL DEFAULT '0000-00-00 00:00:00',
  `publish_down` datetime NOT NULL DEFAULT '0000-00-00 00:00:00',
  PRIMARY KEY (`id`),
  KEY `idx_access` (`access`),
  KEY `idx_checkout` (`checked_out`),
  KEY `idx_state` (`published`),
  KEY `idx_catid` (`catid`),
  KEY `idx_createdby` (`created_by`),
  KEY `idx_featured_catid` (`featured`,`catid`),
  KEY `idx_language` (`language`),
  KEY `idx_xreference` (`xreference`)
) ENGINE=MyISAM DEFAULT CHARSET=utf8 AUTO_INCREMENT=1 ;

-- --------------------------------------------------------

--
-- Table structure for table `apmn_content`
--

CREATE TABLE IF NOT EXISTS `apmn_content` (
  `id` int(10) unsigned NOT NULL AUTO_INCREMENT,
  `asset_id` int(10) unsigned NOT NULL DEFAULT '0' COMMENT 'FK to the #__assets table.',
  `title` varchar(255) NOT NULL DEFAULT '',
  `alias` varchar(255) CHARACTER SET utf8 COLLATE utf8_bin NOT NULL DEFAULT '',
  `title_alias` varchar(255) CHARACTER SET utf8 COLLATE utf8_bin NOT NULL DEFAULT '' COMMENT 'Deprecated in Joomla! 3.0',
  `introtext` mediumtext NOT NULL,
  `fulltext` mediumtext NOT NULL,
  `state` tinyint(3) NOT NULL DEFAULT '0',
  `sectionid` int(10) unsigned NOT NULL DEFAULT '0',
  `mask` int(10) unsigned NOT NULL DEFAULT '0',
  `catid` int(10) unsigned NOT NULL DEFAULT '0',
  `created` datetime NOT NULL DEFAULT '0000-00-00 00:00:00',
  `created_by` int(10) unsigned NOT NULL DEFAULT '0',
  `created_by_alias` varchar(255) NOT NULL DEFAULT '',
  `modified` datetime NOT NULL DEFAULT '0000-00-00 00:00:00',
  `modified_by` int(10) unsigned NOT NULL DEFAULT '0',
  `checked_out` int(10) unsigned NOT NULL DEFAULT '0',
  `checked_out_time` datetime NOT NULL DEFAULT '0000-00-00 00:00:00',
  `publish_up` datetime NOT NULL DEFAULT '0000-00-00 00:00:00',
  `publish_down` datetime NOT NULL DEFAULT '0000-00-00 00:00:00',
  `images` text NOT NULL,
  `urls` text NOT NULL,
  `attribs` varchar(5120) NOT NULL,
  `version` int(10) unsigned NOT NULL DEFAULT '1',
  `parentid` int(10) unsigned NOT NULL DEFAULT '0',
  `ordering` int(11) NOT NULL DEFAULT '0',
  `metakey` text NOT NULL,
  `metadesc` text NOT NULL,
  `access` int(10) unsigned NOT NULL DEFAULT '0',
  `hits` int(10) unsigned NOT NULL DEFAULT '0',
  `metadata` text NOT NULL,
  `featured` tinyint(3) unsigned NOT NULL DEFAULT '0' COMMENT 'Set if article is featured.',
  `language` char(7) NOT NULL COMMENT 'The language code for the article.',
  `xreference` varchar(50) NOT NULL COMMENT 'A reference to enable linkages to external data sets.',
  PRIMARY KEY (`id`),
  KEY `idx_access` (`access`),
  KEY `idx_checkout` (`checked_out`),
  KEY `idx_state` (`state`),
  KEY `idx_catid` (`catid`),
  KEY `idx_createdby` (`created_by`),
  KEY `idx_featured_catid` (`featured`,`catid`),
  KEY `idx_language` (`language`),
  KEY `idx_xreference` (`xreference`)
) ENGINE=MyISAM DEFAULT CHARSET=utf8 AUTO_INCREMENT=1 ;

-- --------------------------------------------------------

--
-- Table structure for table `apmn_content_frontpage`
--

CREATE TABLE IF NOT EXISTS `apmn_content_frontpage` (
  `content_id` int(11) NOT NULL DEFAULT '0',
  `ordering` int(11) NOT NULL DEFAULT '0',
  PRIMARY KEY (`content_id`)
) ENGINE=MyISAM DEFAULT CHARSET=utf8;

-- --------------------------------------------------------

--
-- Table structure for table `apmn_content_rating`
--

CREATE TABLE IF NOT EXISTS `apmn_content_rating` (
  `content_id` int(11) NOT NULL DEFAULT '0',
  `rating_sum` int(10) unsigned NOT NULL DEFAULT '0',
  `rating_count` int(10) unsigned NOT NULL DEFAULT '0',
  `lastip` varchar(50) NOT NULL DEFAULT '',
  PRIMARY KEY (`content_id`)
) ENGINE=MyISAM DEFAULT CHARSET=utf8;

-- --------------------------------------------------------

--
-- Table structure for table `apmn_core_log_searches`
--

CREATE TABLE IF NOT EXISTS `apmn_core_log_searches` (
  `search_term` varchar(128) NOT NULL DEFAULT '',
  `hits` int(10) unsigned NOT NULL DEFAULT '0'
) ENGINE=MyISAM DEFAULT CHARSET=utf8;

-- --------------------------------------------------------

--
-- Table structure for table `apmn_extensions`
--

CREATE TABLE IF NOT EXISTS `apmn_extensions` (
  `extension_id` int(11) NOT NULL AUTO_INCREMENT,
  `name` varchar(100) NOT NULL,
  `type` varchar(20) NOT NULL,
  `element` varchar(100) NOT NULL,
  `folder` varchar(100) NOT NULL,
  `client_id` tinyint(3) NOT NULL,
  `enabled` tinyint(3) NOT NULL DEFAULT '1',
  `access` int(10) unsigned NOT NULL DEFAULT '1',
  `protected` tinyint(3) NOT NULL DEFAULT '0',
  `manifest_cache` text NOT NULL,
  `params` text NOT NULL,
  `custom_data` text NOT NULL,
  `system_data` text NOT NULL,
  `checked_out` int(10) unsigned NOT NULL DEFAULT '0',
  `checked_out_time` datetime NOT NULL DEFAULT '0000-00-00 00:00:00',
  `ordering` int(11) DEFAULT '0',
  `state` int(11) DEFAULT '0',
  PRIMARY KEY (`extension_id`),
  KEY `element_clientid` (`element`,`client_id`),
  KEY `element_folder_clientid` (`element`,`folder`,`client_id`),
  KEY `extension` (`type`,`element`,`folder`,`client_id`)
) ENGINE=MyISAM  DEFAULT CHARSET=utf8 AUTO_INCREMENT=10000 ;

--
-- Dumping data for table `apmn_extensions`
--

INSERT INTO `apmn_extensions` (`extension_id`, `name`, `type`, `element`, `folder`, `client_id`, `enabled`, `access`, `protected`, `manifest_cache`, `params`, `custom_data`, `system_data`, `checked_out`, `checked_out_time`, `ordering`, `state`) VALUES
(1, 'com_mailto', 'component', 'com_mailto', '', 0, 1, 1, 1, '', '', '', '', 0, '0000-00-00 00:00:00', 0, 0),
(2, 'com_wrapper', 'component', 'com_wrapper', '', 0, 1, 1, 1, '', '', '', '', 0, '0000-00-00 00:00:00', 0, 0),
(3, 'com_admin', 'component', 'com_admin', '', 1, 1, 1, 1, '', '', '', '', 0, '0000-00-00 00:00:00', 0, 0),
(4, 'com_banners', 'component', 'com_banners', '', 1, 1, 1, 0, '', '{"purchase_type":"3","track_impressions":"0","track_clicks":"0","metakey_prefix":""}', '', '', 0, '0000-00-00 00:00:00', 0, 0),
(5, 'com_cache', 'component', 'com_cache', '', 1, 1, 1, 1, '', '', '', '', 0, '0000-00-00 00:00:00', 0, 0),
(6, 'com_categories', 'component', 'com_categories', '', 1, 1, 1, 1, '', '', '', '', 0, '0000-00-00 00:00:00', 0, 0),
(7, 'com_checkin', 'component', 'com_checkin', '', 1, 1, 1, 1, '', '', '', '', 0, '0000-00-00 00:00:00', 0, 0),
(8, 'com_contact', 'component', 'com_contact', '', 1, 1, 1, 0, '', '{"show_contact_category":"hide","show_contact_list":"0","presentation_style":"sliders","show_name":"1","show_position":"1","show_email":"0","show_street_address":"1","show_suburb":"1","show_state":"1","show_postcode":"1","show_country":"1","show_telephone":"1","show_mobile":"1","show_fax":"1","show_webpage":"1","show_misc":"1","show_image":"1","image":"","allow_vcard":"0","show_articles":"0","show_profile":"0","show_links":"0","linka_name":"","linkb_name":"","linkc_name":"","linkd_name":"","linke_name":"","contact_icons":"0","icon_address":"","icon_email":"","icon_telephone":"","icon_mobile":"","icon_fax":"","icon_misc":"","show_headings":"1","show_position_headings":"1","show_email_headings":"0","show_telephone_headings":"1","show_mobile_headings":"0","show_fax_headings":"0","allow_vcard_headings":"0","show_suburb_headings":"1","show_state_headings":"1","show_country_headings":"1","show_email_form":"1","show_email_copy":"1","banned_email":"","banned_subject":"","banned_text":"","validate_session":"1","custom_reply":"0","redirect":"","show_category_crumb":"0","metakey":"","metadesc":"","robots":"","author":"","rights":"","xreference":""}', '', '', 0, '0000-00-00 00:00:00', 0, 0),
(9, 'com_cpanel', 'component', 'com_cpanel', '', 1, 1, 1, 1, '', '', '', '', 0, '0000-00-00 00:00:00', 0, 0),
(10, 'com_installer', 'component', 'com_installer', '', 1, 1, 1, 1, '', '{}', '', '', 0, '0000-00-00 00:00:00', 0, 0),
(11, 'com_languages', 'component', 'com_languages', '', 1, 1, 1, 1, '', '{"administrator":"en-GB","site":"en-GB"}', '', '', 0, '0000-00-00 00:00:00', 0, 0),
(12, 'com_login', 'component', 'com_login', '', 1, 1, 1, 1, '', '', '', '', 0, '0000-00-00 00:00:00', 0, 0),
(13, 'com_media', 'component', 'com_media', '', 1, 1, 0, 1, '', '{"upload_extensions":"bmp,csv,doc,gif,ico,jpg,jpeg,odg,odp,ods,odt,pdf,png,ppt,swf,txt,xcf,xls,BMP,CSV,DOC,GIF,ICO,JPG,JPEG,ODG,ODP,ODS,ODT,PDF,PNG,PPT,SWF,TXT,XCF,XLS","upload_maxsize":"10","file_path":"images","image_path":"images","restrict_uploads":"1","allowed_media_usergroup":"3","check_mime":"1","image_extensions":"bmp,gif,jpg,png","ignore_extensions":"","upload_mime":"image\\/jpeg,image\\/gif,image\\/png,image\\/bmp,application\\/x-shockwave-flash,application\\/msword,application\\/excel,application\\/pdf,application\\/powerpoint,text\\/plain,application\\/x-zip","upload_mime_illegal":"text\\/html","enable_flash":"0"}', '', '', 0, '0000-00-00 00:00:00', 0, 0),
(14, 'com_menus', 'component', 'com_menus', '', 1, 1, 1, 1, '', '{}', '', '', 0, '0000-00-00 00:00:00', 0, 0),
(15, 'com_messages', 'component', 'com_messages', '', 1, 1, 1, 1, '', '', '', '', 0, '0000-00-00 00:00:00', 0, 0),
(16, 'com_modules', 'component', 'com_modules', '', 1, 1, 1, 1, '', '{}', '', '', 0, '0000-00-00 00:00:00', 0, 0),
(17, 'com_newsfeeds', 'component', 'com_newsfeeds', '', 1, 1, 1, 0, '', '{"show_feed_image":"1","show_feed_description":"1","show_item_description":"1","feed_word_count":"0","show_headings":"1","show_name":"1","show_articles":"0","show_link":"1","show_description":"1","show_description_image":"1","display_num":"","show_pagination_limit":"1","show_pagination":"1","show_pagination_results":"1","show_cat_items":"1"}', '', '', 0, '0000-00-00 00:00:00', 0, 0),
(18, 'com_plugins', 'component', 'com_plugins', '', 1, 1, 1, 1, '', '{}', '', '', 0, '0000-00-00 00:00:00', 0, 0),
(19, 'com_search', 'component', 'com_search', '', 1, 1, 1, 1, '', '{"enabled":"0","show_date":"1"}', '', '', 0, '0000-00-00 00:00:00', 0, 0),
(20, 'com_templates', 'component', 'com_templates', '', 1, 1, 1, 1, '', '{}', '', '', 0, '0000-00-00 00:00:00', 0, 0),
(21, 'com_weblinks', 'component', 'com_weblinks', '', 1, 1, 1, 0, '', '{"show_comp_description":"1","comp_description":"","show_link_hits":"1","show_link_description":"1","show_other_cats":"0","show_headings":"0","show_numbers":"0","show_report":"1","count_clicks":"1","target":"0","link_icons":""}', '', '', 0, '0000-00-00 00:00:00', 0, 0),
(22, 'com_content', 'component', 'com_content', '', 1, 1, 0, 1, '{"legacy":false,"name":"com_content","type":"component","creationDate":"April 2006","author":"Joomla! Project","copyright":"(C) 2005 - 2012 Open Source Matters. All rights reserved.\\t","authorEmail":"admin@joomla.org","authorUrl":"www.joomla.org","version":"1.7.0","description":"COM_CONTENT_XML_DESCRIPTION","group":""}', '{"article_layout":"_:default","show_title":"1","link_titles":"1","show_intro":"1","show_category":"1","link_category":"1","show_parent_category":"0","link_parent_category":"0","show_author":"1","link_author":"0","show_create_date":"0","show_modify_date":"0","show_publish_date":"1","show_item_navigation":"1","show_vote":"0","show_readmore":"1","show_readmore_title":"1","readmore_limit":"100","show_icons":"1","show_print_icon":"1","show_email_icon":"1","show_hits":"1","show_noauth":"0","show_publishing_options":"1","show_article_options":"1","show_urls_images_frontend":"0","show_urls_images_backend":"1","targeta":0,"targetb":0,"targetc":0,"float_intro":"left","float_fulltext":"left","category_layout":"_:blog","show_category_title":"0","show_description":"0","show_description_image":"0","maxLevel":"1","show_empty_categories":"0","show_no_articles":"1","show_subcat_desc":"1","show_cat_num_articles":"0","show_base_description":"1","maxLevelcat":"-1","show_empty_categories_cat":"0","show_subcat_desc_cat":"1","show_cat_num_articles_cat":"1","num_leading_articles":"1","num_intro_articles":"4","num_columns":"2","num_links":"4","multi_column_order":"0","show_subcategory_content":"0","show_pagination_limit":"1","filter_field":"hide","show_headings":"1","list_show_date":"0","date_format":"","list_show_hits":"1","list_show_author":"1","orderby_pri":"order","orderby_sec":"rdate","order_date":"published","show_pagination":"2","show_pagination_results":"1","show_feed_link":"1","feed_summary":"0"}', '', '', 0, '0000-00-00 00:00:00', 0, 0),
(23, 'com_config', 'component', 'com_config', '', 1, 1, 0, 1, '{"legacy":false,"name":"com_config","type":"component","creationDate":"April 2006","author":"Joomla! Project","copyright":"(C) 2005 - 2012 Open Source Matters. All rights reserved.\\t","authorEmail":"admin@joomla.org","authorUrl":"www.joomla.org","version":"1.7.0","description":"COM_CONFIG_XML_DESCRIPTION","group":""}', '{"filters":{"1":{"filter_type":"NH","filter_tags":"","filter_attributes":""},"6":{"filter_type":"BL","filter_tags":"","filter_attributes":""},"7":{"filter_type":"NONE","filter_tags":"","filter_attributes":""},"2":{"filter_type":"NH","filter_tags":"","filter_attributes":""},"3":{"filter_type":"BL","filter_tags":"","filter_attributes":""},"4":{"filter_type":"BL","filter_tags":"","filter_attributes":""},"5":{"filter_type":"BL","filter_tags":"","filter_attributes":""},"10":{"filter_type":"BL","filter_tags":"","filter_attributes":""},"12":{"filter_type":"BL","filter_tags":"","filter_attributes":""},"8":{"filter_type":"NONE","filter_tags":"","filter_attributes":""}}}', '', '', 0, '0000-00-00 00:00:00', 0, 0),
(24, 'com_redirect', 'component', 'com_redirect', '', 1, 1, 0, 1, '', '{}', '', '', 0, '0000-00-00 00:00:00', 0, 0),
(25, 'com_users', 'component', 'com_users', '', 1, 1, 0, 1, '', '{"allowUserRegistration":"1","new_usertype":"2","useractivation":"1","frontend_userparams":"1","mailSubjectPrefix":"","mailBodySuffix":""}', '', '', 0, '0000-00-00 00:00:00', 0, 0),
(27, 'com_finder', 'component', 'com_finder', '', 1, 1, 0, 0, '', '{"show_description":"1","description_length":255,"allow_empty_query":"0","show_url":"1","show_advanced":"1","expand_advanced":"0","show_date_filters":"0","highlight_terms":"1","opensearch_name":"","opensearch_description":"","batch_size":"50","memory_table_limit":30000,"title_multiplier":"1.7","text_multiplier":"0.7","meta_multiplier":"1.2","path_multiplier":"2.0","misc_multiplier":"0.3","stemmer":"snowball"}', '', '', 0, '0000-00-00 00:00:00', 0, 0),
(28, 'com_joomlaupdate', 'component', 'com_joomlaupdate', '', 1, 1, 0, 1, '{"legacy":false,"name":"com_joomlaupdate","type":"component","creationDate":"February 2012","author":"Joomla! Project","copyright":"(C) 2005 - 2012 Open Source Matters. All rights reserved.","authorEmail":"admin@joomla.org","authorUrl":"www.joomla.org","version":"2.5.0","description":"COM_JOOMLAUPDATE_XML_DESCRIPTION","group":""}', '{}', '', '', 0, '0000-00-00 00:00:00', 0, 0),
(100, 'PHPMailer', 'library', 'phpmailer', '', 0, 1, 1, 1, '', '', '', '', 0, '0000-00-00 00:00:00', 0, 0),
(101, 'SimplePie', 'library', 'simplepie', '', 0, 1, 1, 1, '', '', '', '', 0, '0000-00-00 00:00:00', 0, 0),
(102, 'phputf8', 'library', 'phputf8', '', 0, 1, 1, 1, '', '', '', '', 0, '0000-00-00 00:00:00', 0, 0),
(103, 'Joomla! Platform', 'library', 'joomla', '', 0, 1, 1, 1, '{"legacy":false,"name":"Joomla! Platform","type":"library","creationDate":"2008","author":"Joomla! Project","copyright":"Copyright (C) 2005 - 2012 Open Source Matters. All rights reserved.","authorEmail":"admin@joomla.org","authorUrl":"http:\\/\\/www.joomla.org","version":"11.4","description":"LIB_JOOMLA_XML_DESCRIPTION","group":""}', '{}', '', '', 0, '0000-00-00 00:00:00', 0, 0),
(200, 'mod_articles_archive', 'module', 'mod_articles_archive', '', 0, 1, 1, 1, '', '', '', '', 0, '0000-00-00 00:00:00', 0, 0),
(201, 'mod_articles_latest', 'module', 'mod_articles_latest', '', 0, 1, 1, 1, '', '', '', '', 0, '0000-00-00 00:00:00', 0, 0),
(202, 'mod_articles_popular', 'module', 'mod_articles_popular', '', 0, 1, 1, 0, '', '', '', '', 0, '0000-00-00 00:00:00', 0, 0),
(203, 'mod_banners', 'module', 'mod_banners', '', 0, 1, 1, 1, '', '', '', '', 0, '0000-00-00 00:00:00', 0, 0),
(204, 'mod_breadcrumbs', 'module', 'mod_breadcrumbs', '', 0, 1, 1, 1, '', '', '', '', 0, '0000-00-00 00:00:00', 0, 0),
(205, 'mod_custom', 'module', 'mod_custom', '', 0, 1, 1, 1, '', '', '', '', 0, '0000-00-00 00:00:00', 0, 0),
(206, 'mod_feed', 'module', 'mod_feed', '', 0, 1, 1, 1, '', '', '', '', 0, '0000-00-00 00:00:00', 0, 0),
(207, 'mod_footer', 'module', 'mod_footer', '', 0, 1, 1, 1, '', '', '', '', 0, '0000-00-00 00:00:00', 0, 0),
(208, 'mod_login', 'module', 'mod_login', '', 0, 1, 1, 1, '', '', '', '', 0, '0000-00-00 00:00:00', 0, 0),
(209, 'mod_menu', 'module', 'mod_menu', '', 0, 1, 1, 1, '', '', '', '', 0, '0000-00-00 00:00:00', 0, 0),
(210, 'mod_articles_news', 'module', 'mod_articles_news', '', 0, 1, 1, 0, '', '', '', '', 0, '0000-00-00 00:00:00', 0, 0),
(211, 'mod_random_image', 'module', 'mod_random_image', '', 0, 1, 1, 0, '', '', '', '', 0, '0000-00-00 00:00:00', 0, 0),
(212, 'mod_related_items', 'module', 'mod_related_items', '', 0, 1, 1, 0, '', '', '', '', 0, '0000-00-00 00:00:00', 0, 0),
(213, 'mod_search', 'module', 'mod_search', '', 0, 1, 1, 0, '', '', '', '', 0, '0000-00-00 00:00:00', 0, 0),
(214, 'mod_stats', 'module', 'mod_stats', '', 0, 1, 1, 0, '', '', '', '', 0, '0000-00-00 00:00:00', 0, 0),
(215, 'mod_syndicate', 'module', 'mod_syndicate', '', 0, 1, 1, 1, '', '', '', '', 0, '0000-00-00 00:00:00', 0, 0),
(216, 'mod_users_latest', 'module', 'mod_users_latest', '', 0, 1, 1, 1, '', '', '', '', 0, '0000-00-00 00:00:00', 0, 0),
(217, 'mod_weblinks', 'module', 'mod_weblinks', '', 0, 1, 1, 0, '', '', '', '', 0, '0000-00-00 00:00:00', 0, 0),
(218, 'mod_whosonline', 'module', 'mod_whosonline', '', 0, 1, 1, 0, '', '', '', '', 0, '0000-00-00 00:00:00', 0, 0),
(219, 'mod_wrapper', 'module', 'mod_wrapper', '', 0, 1, 1, 0, '', '', '', '', 0, '0000-00-00 00:00:00', 0, 0),
(220, 'mod_articles_category', 'module', 'mod_articles_category', '', 0, 1, 1, 1, '', '', '', '', 0, '0000-00-00 00:00:00', 0, 0),
(221, 'mod_articles_categories', 'module', 'mod_articles_categories', '', 0, 1, 1, 1, '', '', '', '', 0, '0000-00-00 00:00:00', 0, 0),
(222, 'mod_languages', 'module', 'mod_languages', '', 0, 1, 1, 1, '', '', '', '', 0, '0000-00-00 00:00:00', 0, 0),
(223, 'mod_finder', 'module', 'mod_finder', '', 0, 1, 0, 0, '', '', '', '', 0, '0000-00-00 00:00:00', 0, 0),
(300, 'mod_custom', 'module', 'mod_custom', '', 1, 1, 1, 1, '', '', '', '', 0, '0000-00-00 00:00:00', 0, 0),
(301, 'mod_feed', 'module', 'mod_feed', '', 1, 1, 1, 0, '', '', '', '', 0, '0000-00-00 00:00:00', 0, 0),
(302, 'mod_latest', 'module', 'mod_latest', '', 1, 1, 1, 0, '', '', '', '', 0, '0000-00-00 00:00:00', 0, 0),
(303, 'mod_logged', 'module', 'mod_logged', '', 1, 1, 1, 0, '', '', '', '', 0, '0000-00-00 00:00:00', 0, 0),
(304, 'mod_login', 'module', 'mod_login', '', 1, 1, 1, 1, '', '', '', '', 0, '0000-00-00 00:00:00', 0, 0),
(305, 'mod_menu', 'module', 'mod_menu', '', 1, 1, 1, 0, '', '', '', '', 0, '0000-00-00 00:00:00', 0, 0),
(307, 'mod_popular', 'module', 'mod_popular', '', 1, 1, 1, 0, '', '', '', '', 0, '0000-00-00 00:00:00', 0, 0),
(308, 'mod_quickicon', 'module', 'mod_quickicon', '', 1, 1, 1, 1, '', '', '', '', 0, '0000-00-00 00:00:00', 0, 0),
(309, 'mod_status', 'module', 'mod_status', '', 1, 1, 1, 0, '', '', '', '', 0, '0000-00-00 00:00:00', 0, 0),
(310, 'mod_submenu', 'module', 'mod_submenu', '', 1, 1, 1, 0, '', '', '', '', 0, '0000-00-00 00:00:00', 0, 0),
(311, 'mod_title', 'module', 'mod_title', '', 1, 1, 1, 0, '', '', '', '', 0, '0000-00-00 00:00:00', 0, 0),
(312, 'mod_toolbar', 'module', 'mod_toolbar', '', 1, 1, 1, 1, '', '', '', '', 0, '0000-00-00 00:00:00', 0, 0),
(313, 'mod_multilangstatus', 'module', 'mod_multilangstatus', '', 1, 1, 1, 0, '{"legacy":false,"name":"mod_multilangstatus","type":"module","creationDate":"September 2011","author":"Joomla! Project","copyright":"Copyright (C) 2005 - 2012 Open Source Matters. All rights reserved.","authorEmail":"admin@joomla.org","authorUrl":"www.joomla.org","version":"1.7.1","description":"MOD_MULTILANGSTATUS_XML_DESCRIPTION","group":""}', '{"cache":"0"}', '', '', 0, '0000-00-00 00:00:00', 0, 0),
(314, 'mod_version', 'module', 'mod_version', '', 1, 1, 1, 0, '{"legacy":false,"name":"mod_version","type":"module","creationDate":"January 2012","author":"Joomla! Project","copyright":"Copyright (C) 2005 - 2012 Open Source Matters. All rights reserved.","authorEmail":"admin@joomla.org","authorUrl":"www.joomla.org","version":"2.5.0","description":"MOD_VERSION_XML_DESCRIPTION","group":""}', '{"format":"short","product":"1","cache":"0"}', '', '', 0, '0000-00-00 00:00:00', 0, 0),
(400, 'plg_authentication_gmail', 'plugin', 'gmail', 'authentication', 0, 0, 1, 0, '', '{"applysuffix":"0","suffix":"","verifypeer":"1","user_blacklist":""}', '', '', 0, '0000-00-00 00:00:00', 1, 0),
(401, 'plg_authentication_joomla', 'plugin', 'joomla', 'authentication', 0, 1, 1, 1, '', '{}', '', '', 0, '0000-00-00 00:00:00', 0, 0),
(402, 'plg_authentication_ldap', 'plugin', 'ldap', 'authentication', 0, 0, 1, 0, '', '{"host":"","port":"389","use_ldapV3":"0","negotiate_tls":"0","no_referrals":"0","auth_method":"bind","base_dn":"","search_string":"","users_dn":"","username":"admin","password":"bobby7","ldap_fullname":"fullName","ldap_email":"mail","ldap_uid":"uid"}', '', '', 0, '0000-00-00 00:00:00', 3, 0),
(404, 'plg_content_emailcloak', 'plugin', 'emailcloak', 'content', 0, 1, 1, 0, '', '{"mode":"1"}', '', '', 0, '0000-00-00 00:00:00', 1, 0),
(405, 'plg_content_geshi', 'plugin', 'geshi', 'content', 0, 0, 1, 0, '', '{}', '', '', 0, '0000-00-00 00:00:00', 2, 0),
(406, 'plg_content_loadmodule', 'plugin', 'loadmodule', 'content', 0, 1, 1, 0, '{"legacy":false,"name":"plg_content_loadmodule","type":"plugin","creationDate":"November 2005","author":"Joomla! Project","copyright":"Copyright (C) 2005 - 2012 Open Source Matters. All rights reserved.","authorEmail":"admin@joomla.org","authorUrl":"www.joomla.org","version":"1.7.0","description":"PLG_LOADMODULE_XML_DESCRIPTION","group":""}', '{"style":"xhtml"}', '', '', 0, '2011-09-18 15:22:50', 0, 0),
(407, 'plg_content_pagebreak', 'plugin', 'pagebreak', 'content', 0, 1, 1, 1, '', '{"title":"1","multipage_toc":"1","showall":"1"}', '', '', 0, '0000-00-00 00:00:00', 4, 0),
(408, 'plg_content_pagenavigation', 'plugin', 'pagenavigation', 'content', 0, 1, 1, 1, '', '{"position":"1"}', '', '', 0, '0000-00-00 00:00:00', 5, 0),
(409, 'plg_content_vote', 'plugin', 'vote', 'content', 0, 1, 1, 1, '', '{}', '', '', 0, '0000-00-00 00:00:00', 6, 0),
(410, 'plg_editors_codemirror', 'plugin', 'codemirror', 'editors', 0, 1, 1, 1, '', '{"linenumbers":"0","tabmode":"indent"}', '', '', 0, '0000-00-00 00:00:00', 1, 0),
(411, 'plg_editors_none', 'plugin', 'none', 'editors', 0, 1, 1, 1, '', '{}', '', '', 0, '0000-00-00 00:00:00', 2, 0),
(412, 'plg_editors_tinymce', 'plugin', 'tinymce', 'editors', 0, 1, 1, 1, '{"legacy":false,"name":"plg_editors_tinymce","type":"plugin","creationDate":"2005-2011","author":"Moxiecode Systems AB","copyright":"Moxiecode Systems AB","authorEmail":"N\\/A","authorUrl":"tinymce.moxiecode.com\\/","version":"3.4.7","description":"PLG_TINY_XML_DESCRIPTION","group":""}', '{"mode":"1","skin":"0","entity_encoding":"raw","lang_mode":"0","lang_code":"en","text_direction":"ltr","content_css":"1","content_css_custom":"","relative_urls":"1","newlines":"0","invalid_elements":"script,applet,iframe","extended_elements":"","toolbar":"top","toolbar_align":"left","html_height":"550","html_width":"750","resizing":"true","resize_horizontal":"false","element_path":"1","fonts":"1","paste":"1","searchreplace":"1","insertdate":"1","format_date":"%Y-%m-%d","inserttime":"1","format_time":"%H:%M:%S","colors":"1","table":"1","smilies":"1","media":"1","hr":"1","directionality":"1","fullscreen":"1","style":"1","layer":"1","xhtmlxtras":"1","visualchars":"1","nonbreaking":"1","template":"1","blockquote":"1","wordcount":"1","advimage":"1","advlink":"1","advlist":"1","autosave":"1","contextmenu":"1","inlinepopups":"1","custom_plugin":"","custom_button":""}', '', '', 0, '0000-00-00 00:00:00', 3, 0),
(413, 'plg_editors-xtd_article', 'plugin', 'article', 'editors-xtd', 0, 1, 1, 1, '', '{}', '', '', 0, '0000-00-00 00:00:00', 1, 0),
(414, 'plg_editors-xtd_image', 'plugin', 'image', 'editors-xtd', 0, 1, 1, 0, '', '{}', '', '', 0, '0000-00-00 00:00:00', 2, 0),
(415, 'plg_editors-xtd_pagebreak', 'plugin', 'pagebreak', 'editors-xtd', 0, 1, 1, 0, '', '{}', '', '', 0, '0000-00-00 00:00:00', 3, 0),
(416, 'plg_editors-xtd_readmore', 'plugin', 'readmore', 'editors-xtd', 0, 1, 1, 0, '', '{}', '', '', 0, '0000-00-00 00:00:00', 4, 0),
(417, 'plg_search_categories', 'plugin', 'categories', 'search', 0, 1, 1, 0, '', '{"search_limit":"50","search_content":"1","search_archived":"1"}', '', '', 0, '0000-00-00 00:00:00', 0, 0),
(418, 'plg_search_contacts', 'plugin', 'contacts', 'search', 0, 1, 1, 0, '', '{"search_limit":"50","search_content":"1","search_archived":"1"}', '', '', 0, '0000-00-00 00:00:00', 0, 0),
(419, 'plg_search_content', 'plugin', 'content', 'search', 0, 1, 1, 0, '', '{"search_limit":"50","search_content":"1","search_archived":"1"}', '', '', 0, '0000-00-00 00:00:00', 0, 0),
(420, 'plg_search_newsfeeds', 'plugin', 'newsfeeds', 'search', 0, 1, 1, 0, '', '{"search_limit":"50","search_content":"1","search_archived":"1"}', '', '', 0, '0000-00-00 00:00:00', 0, 0),
(421, 'plg_search_weblinks', 'plugin', 'weblinks', 'search', 0, 1, 1, 0, '', '{"search_limit":"50","search_content":"1","search_archived":"1"}', '', '', 0, '0000-00-00 00:00:00', 0, 0),
(422, 'plg_system_languagefilter', 'plugin', 'languagefilter', 'system', 0, 0, 1, 1, '', '{}', '', '', 0, '0000-00-00 00:00:00', 1, 0),
(423, 'plg_system_p3p', 'plugin', 'p3p', 'system', 0, 1, 1, 1, '', '{"headers":"NOI ADM DEV PSAi COM NAV OUR OTRo STP IND DEM"}', '', '', 0, '0000-00-00 00:00:00', 2, 0),
(424, 'plg_system_cache', 'plugin', 'cache', 'system', 0, 0, 1, 1, '', '{"browsercache":"0","cachetime":"15"}', '', '', 0, '0000-00-00 00:00:00', 9, 0),
(425, 'plg_system_debug', 'plugin', 'debug', 'system', 0, 1, 1, 0, '', '{"profile":"1","queries":"1","memory":"1","language_files":"1","language_strings":"1","strip-first":"1","strip-prefix":"","strip-suffix":""}', '', '', 0, '0000-00-00 00:00:00', 4, 0),
(426, 'plg_system_log', 'plugin', 'log', 'system', 0, 1, 1, 1, '', '{}', '', '', 0, '0000-00-00 00:00:00', 5, 0),
(427, 'plg_system_redirect', 'plugin', 'redirect', 'system', 0, 1, 1, 1, '', '{}', '', '', 0, '0000-00-00 00:00:00', 6, 0),
(428, 'plg_system_remember', 'plugin', 'remember', 'system', 0, 1, 1, 1, '', '{}', '', '', 0, '0000-00-00 00:00:00', 7, 0),
(429, 'plg_system_sef', 'plugin', 'sef', 'system', 0, 1, 1, 0, '', '{}', '', '', 0, '0000-00-00 00:00:00', 8, 0),
(430, 'plg_system_logout', 'plugin', 'logout', 'system', 0, 1, 1, 1, '', '{}', '', '', 0, '0000-00-00 00:00:00', 3, 0),
(431, 'plg_user_contactcreator', 'plugin', 'contactcreator', 'user', 0, 0, 1, 1, '', '{"autowebpage":"","category":"34","autopublish":"0"}', '', '', 0, '0000-00-00 00:00:00', 1, 0),
(432, 'plg_user_joomla', 'plugin', 'joomla', 'user', 0, 1, 1, 0, '', '{"autoregister":"1"}', '', '', 0, '0000-00-00 00:00:00', 2, 0),
(433, 'plg_user_profile', 'plugin', 'profile', 'user', 0, 0, 1, 1, '', '{"register-require_address1":"1","register-require_address2":"1","register-require_city":"1","register-require_region":"1","register-require_country":"1","register-require_postal_code":"1","register-require_phone":"1","register-require_website":"1","register-require_favoritebook":"1","register-require_aboutme":"1","register-require_tos":"1","register-require_dob":"1","profile-require_address1":"1","profile-require_address2":"1","profile-require_city":"1","profile-require_region":"1","profile-require_country":"1","profile-require_postal_code":"1","profile-require_phone":"1","profile-require_website":"1","profile-require_favoritebook":"1","profile-require_aboutme":"1","profile-require_tos":"1","profile-require_dob":"1"}', '', '', 0, '0000-00-00 00:00:00', 0, 0),
(434, 'plg_extension_joomla', 'plugin', 'joomla', 'extension', 0, 1, 1, 1, '', '{}', '', '', 0, '0000-00-00 00:00:00', 1, 0),
(435, 'plg_content_joomla', 'plugin', 'joomla', 'content', 0, 1, 1, 0, '', '{}', '', '', 0, '0000-00-00 00:00:00', 0, 0),
(436, 'plg_system_languagecode', 'plugin', 'languagecode', 'system', 0, 0, 1, 0, '', '{}', '', '', 0, '0000-00-00 00:00:00', 10, 0),
(437, 'plg_quickicon_joomlaupdate', 'plugin', 'joomlaupdate', 'quickicon', 0, 1, 1, 1, '', '{}', '', '', 0, '0000-00-00 00:00:00', 0, 0),
(438, 'plg_quickicon_extensionupdate', 'plugin', 'extensionupdate', 'quickicon', 0, 1, 1, 1, '', '{}', '', '', 0, '0000-00-00 00:00:00', 0, 0),
(439, 'plg_captcha_recaptcha', 'plugin', 'recaptcha', 'captcha', 0, 1, 1, 0, '{}', '{"public_key":"","private_key":"","theme":"clean"}', '', '', 0, '0000-00-00 00:00:00', 0, 0),
(440, 'plg_system_highlight', 'plugin', 'highlight', 'system', 0, 1, 1, 0, '', '{}', '', '', 0, '0000-00-00 00:00:00', 7, 0),
(441, 'plg_content_finder', 'plugin', 'finder', 'content', 0, 0, 1, 0, '{"legacy":false,"name":"plg_content_finder","type":"plugin","creationDate":"December 2011","author":"Joomla! Project","copyright":"Copyright (C) 2005 - 2012 Open Source Matters. All rights reserved.","authorEmail":"admin@joomla.org","authorUrl":"www.joomla.org","version":"1.7.0","description":"PLG_CONTENT_FINDER_XML_DESCRIPTION","group":""}', '{}', '', '', 0, '0000-00-00 00:00:00', 0, 0),
(442, 'plg_finder_categories', 'plugin', 'categories', 'finder', 0, 1, 1, 0, '', '{}', '', '', 0, '0000-00-00 00:00:00', 1, 0),
(443, 'plg_finder_contacts', 'plugin', 'contacts', 'finder', 0, 1, 1, 0, '', '{}', '', '', 0, '0000-00-00 00:00:00', 2, 0),
(444, 'plg_finder_content', 'plugin', 'content', 'finder', 0, 1, 1, 0, '', '{}', '', '', 0, '0000-00-00 00:00:00', 3, 0),
(445, 'plg_finder_newsfeeds', 'plugin', 'newsfeeds', 'finder', 0, 1, 1, 0, '', '{}', '', '', 0, '0000-00-00 00:00:00', 4, 0),
(446, 'plg_finder_weblinks', 'plugin', 'weblinks', 'finder', 0, 1, 1, 0, '', '{}', '', '', 0, '0000-00-00 00:00:00', 5, 0),
(500, 'atomic', 'template', 'atomic', '', 0, 1, 1, 0, '{"legacy":false,"name":"atomic","type":"template","creationDate":"10\\/10\\/09","author":"Ron Severdia","copyright":"Copyright (C) 2005 - 2012 Open Source Matters, Inc. All rights reserved.","authorEmail":"contact@kontentdesign.com","authorUrl":"http:\\/\\/www.kontentdesign.com","version":"1.6.0","description":"TPL_ATOMIC_XML_DESCRIPTION","group":""}', '{}', '', '', 0, '0000-00-00 00:00:00', 0, 0),
(502, 'bluestork', 'template', 'bluestork', '', 1, 1, 1, 0, '{"legacy":false,"name":"bluestork","type":"template","creationDate":"07\\/02\\/09","author":"Joomla! Project","copyright":"Copyright (C) 2005 - 2012 Open Source Matters, Inc. All rights reserved.","authorEmail":"admin@joomla.org","authorUrl":"http:\\/\\/www.joomla.org","version":"1.6.0","description":"TPL_BLUESTORK_XML_DESCRIPTION","group":""}', '{"useRoundedCorners":"1","showSiteName":"0","textBig":"0","highContrast":"0"}', '', '', 0, '0000-00-00 00:00:00', 0, 0),
(503, 'beez_20', 'template', 'beez_20', '', 0, 1, 1, 0, '{"legacy":false,"name":"beez_20","type":"template","creationDate":"25 November 2009","author":"Angie Radtke","copyright":"Copyright (C) 2005 - 2012 Open Source Matters, Inc. All rights reserved.","authorEmail":"a.radtke@derauftritt.de","authorUrl":"http:\\/\\/www.der-auftritt.de","version":"1.6.0","description":"TPL_BEEZ2_XML_DESCRIPTION","group":""}', '{"wrapperSmall":"53","wrapperLarge":"72","sitetitle":"","sitedescription":"","navposition":"center","templatecolor":"nature"}', '', '', 0, '0000-00-00 00:00:00', 0, 0),
(504, 'hathor', 'template', 'hathor', '', 1, 1, 1, 0, '{"legacy":false,"name":"hathor","type":"template","creationDate":"May 2010","author":"Andrea Tarr","copyright":"Copyright (C) 2005 - 2012 Open Source Matters, Inc. All rights reserved.","authorEmail":"hathor@tarrconsulting.com","authorUrl":"http:\\/\\/www.tarrconsulting.com","version":"1.6.0","description":"TPL_HATHOR_XML_DESCRIPTION","group":""}', '{"showSiteName":"0","colourChoice":"0","boldText":"0"}', '', '', 0, '0000-00-00 00:00:00', 0, 0),
(505, 'beez5', 'template', 'beez5', '', 0, 1, 1, 0, '{"legacy":false,"name":"beez5","type":"template","creationDate":"21 May 2010","author":"Angie Radtke","copyright":"Copyright (C) 2005 - 2012 Open Source Matters, Inc. All rights reserved.","authorEmail":"a.radtke@derauftritt.de","authorUrl":"http:\\/\\/www.der-auftritt.de","version":"1.6.0","description":"TPL_BEEZ5_XML_DESCRIPTION","group":""}', '{"wrapperSmall":"53","wrapperLarge":"72","sitetitle":"","sitedescription":"","navposition":"center","html5":"0"}', '', '', 0, '0000-00-00 00:00:00', 0, 0),
(600, 'English (United Kingdom)', 'language', 'en-GB', '', 0, 1, 1, 1, '', '', '', '', 0, '0000-00-00 00:00:00', 0, 0),
(601, 'English (United Kingdom)', 'language', 'en-GB', '', 1, 1, 1, 1, '', '', '', '', 0, '0000-00-00 00:00:00', 0, 0),
(700, 'Joomla! CMS', 'file', 'joomla', '', 0, 1, 1, 1, '{"legacy":false,"name":"files_joomla","type":"file","creationDate":"June 2012","author":"Joomla!","copyright":"(C) 2005 - 2012 Open Source Matters. All rights reserved","authorEmail":"admin@joomla.org","authorUrl":"www.joomla.org","version":"2.5.6","description":"FILES_JOOMLA_XML_DESCRIPTION","group":""}', '', '', '', 0, '0000-00-00 00:00:00', 0, 0),
(800, 'joomla', 'package', 'pkg_joomla', '', 0, 1, 1, 1, '', '', '', '', 0, '0000-00-00 00:00:00', 0, 0);

-- --------------------------------------------------------

--
-- Table structure for table `apmn_finder_filters`
--

CREATE TABLE IF NOT EXISTS `apmn_finder_filters` (
  `filter_id` int(10) unsigned NOT NULL AUTO_INCREMENT,
  `title` varchar(255) NOT NULL,
  `alias` varchar(255) NOT NULL,
  `state` tinyint(1) NOT NULL DEFAULT '1',
  `created` datetime NOT NULL DEFAULT '0000-00-00 00:00:00',
  `created_by` int(10) unsigned NOT NULL,
  `created_by_alias` varchar(255) NOT NULL,
  `modified` datetime NOT NULL DEFAULT '0000-00-00 00:00:00',
  `modified_by` int(10) unsigned NOT NULL DEFAULT '0',
  `checked_out` int(10) unsigned NOT NULL DEFAULT '0',
  `checked_out_time` datetime NOT NULL DEFAULT '0000-00-00 00:00:00',
  `map_count` int(10) unsigned NOT NULL DEFAULT '0',
  `data` text NOT NULL,
  `params` mediumtext,
  PRIMARY KEY (`filter_id`)
) ENGINE=MyISAM DEFAULT CHARSET=utf8 AUTO_INCREMENT=1 ;

-- --------------------------------------------------------

--
-- Table structure for table `apmn_finder_links`
--

CREATE TABLE IF NOT EXISTS `apmn_finder_links` (
  `link_id` int(10) unsigned NOT NULL AUTO_INCREMENT,
  `url` varchar(255) NOT NULL,
  `route` varchar(255) NOT NULL,
  `title` varchar(255) DEFAULT NULL,
  `description` varchar(255) DEFAULT NULL,
  `indexdate` datetime NOT NULL DEFAULT '0000-00-00 00:00:00',
  `md5sum` varchar(32) DEFAULT NULL,
  `published` tinyint(1) NOT NULL DEFAULT '1',
  `state` int(5) DEFAULT '1',
  `access` int(5) DEFAULT '0',
  `language` varchar(8) NOT NULL,
  `publish_start_date` datetime NOT NULL DEFAULT '0000-00-00 00:00:00',
  `publish_end_date` datetime NOT NULL DEFAULT '0000-00-00 00:00:00',
  `start_date` datetime NOT NULL DEFAULT '0000-00-00 00:00:00',
  `end_date` datetime NOT NULL DEFAULT '0000-00-00 00:00:00',
  `list_price` double unsigned NOT NULL DEFAULT '0',
  `sale_price` double unsigned NOT NULL DEFAULT '0',
  `type_id` int(11) NOT NULL,
  `object` mediumblob NOT NULL,
  PRIMARY KEY (`link_id`),
  KEY `idx_type` (`type_id`),
  KEY `idx_title` (`title`),
  KEY `idx_md5` (`md5sum`),
  KEY `idx_url` (`url`(75)),
  KEY `idx_published_list` (`published`,`state`,`access`,`publish_start_date`,`publish_end_date`,`list_price`),
  KEY `idx_published_sale` (`published`,`state`,`access`,`publish_start_date`,`publish_end_date`,`sale_price`)
) ENGINE=MyISAM DEFAULT CHARSET=utf8 AUTO_INCREMENT=1 ;

-- --------------------------------------------------------

--
-- Table structure for table `apmn_finder_links_terms0`
--

CREATE TABLE IF NOT EXISTS `apmn_finder_links_terms0` (
  `link_id` int(10) unsigned NOT NULL,
  `term_id` int(10) unsigned NOT NULL,
  `weight` float unsigned NOT NULL,
  PRIMARY KEY (`link_id`,`term_id`),
  KEY `idx_term_weight` (`term_id`,`weight`),
  KEY `idx_link_term_weight` (`link_id`,`term_id`,`weight`)
) ENGINE=MyISAM DEFAULT CHARSET=utf8;

-- --------------------------------------------------------

--
-- Table structure for table `apmn_finder_links_terms1`
--

CREATE TABLE IF NOT EXISTS `apmn_finder_links_terms1` (
  `link_id` int(10) unsigned NOT NULL,
  `term_id` int(10) unsigned NOT NULL,
  `weight` float unsigned NOT NULL,
  PRIMARY KEY (`link_id`,`term_id`),
  KEY `idx_term_weight` (`term_id`,`weight`),
  KEY `idx_link_term_weight` (`link_id`,`term_id`,`weight`)
) ENGINE=MyISAM DEFAULT CHARSET=utf8;

-- --------------------------------------------------------

--
-- Table structure for table `apmn_finder_links_terms2`
--

CREATE TABLE IF NOT EXISTS `apmn_finder_links_terms2` (
  `link_id` int(10) unsigned NOT NULL,
  `term_id` int(10) unsigned NOT NULL,
  `weight` float unsigned NOT NULL,
  PRIMARY KEY (`link_id`,`term_id`),
  KEY `idx_term_weight` (`term_id`,`weight`),
  KEY `idx_link_term_weight` (`link_id`,`term_id`,`weight`)
) ENGINE=MyISAM DEFAULT CHARSET=utf8;

-- --------------------------------------------------------

--
-- Table structure for table `apmn_finder_links_terms3`
--

CREATE TABLE IF NOT EXISTS `apmn_finder_links_terms3` (
  `link_id` int(10) unsigned NOT NULL,
  `term_id` int(10) unsigned NOT NULL,
  `weight` float unsigned NOT NULL,
  PRIMARY KEY (`link_id`,`term_id`),
  KEY `idx_term_weight` (`term_id`,`weight`),
  KEY `idx_link_term_weight` (`link_id`,`term_id`,`weight`)
) ENGINE=MyISAM DEFAULT CHARSET=utf8;

-- --------------------------------------------------------

--
-- Table structure for table `apmn_finder_links_terms4`
--

CREATE TABLE IF NOT EXISTS `apmn_finder_links_terms4` (
  `link_id` int(10) unsigned NOT NULL,
  `term_id` int(10) unsigned NOT NULL,
  `weight` float unsigned NOT NULL,
  PRIMARY KEY (`link_id`,`term_id`),
  KEY `idx_term_weight` (`term_id`,`weight`),
  KEY `idx_link_term_weight` (`link_id`,`term_id`,`weight`)
) ENGINE=MyISAM DEFAULT CHARSET=utf8;

-- --------------------------------------------------------

--
-- Table structure for table `apmn_finder_links_terms5`
--

CREATE TABLE IF NOT EXISTS `apmn_finder_links_terms5` (
  `link_id` int(10) unsigned NOT NULL,
  `term_id` int(10) unsigned NOT NULL,
  `weight` float unsigned NOT NULL,
  PRIMARY KEY (`link_id`,`term_id`),
  KEY `idx_term_weight` (`term_id`,`weight`),
  KEY `idx_link_term_weight` (`link_id`,`term_id`,`weight`)
) ENGINE=MyISAM DEFAULT CHARSET=utf8;

-- --------------------------------------------------------

--
-- Table structure for table `apmn_finder_links_terms6`
--

CREATE TABLE IF NOT EXISTS `apmn_finder_links_terms6` (
  `link_id` int(10) unsigned NOT NULL,
  `term_id` int(10) unsigned NOT NULL,
  `weight` float unsigned NOT NULL,
  PRIMARY KEY (`link_id`,`term_id`),
  KEY `idx_term_weight` (`term_id`,`weight`),
  KEY `idx_link_term_weight` (`link_id`,`term_id`,`weight`)
) ENGINE=MyISAM DEFAULT CHARSET=utf8;

-- --------------------------------------------------------

--
-- Table structure for table `apmn_finder_links_terms7`
--

CREATE TABLE IF NOT EXISTS `apmn_finder_links_terms7` (
  `link_id` int(10) unsigned NOT NULL,
  `term_id` int(10) unsigned NOT NULL,
  `weight` float unsigned NOT NULL,
  PRIMARY KEY (`link_id`,`term_id`),
  KEY `idx_term_weight` (`term_id`,`weight`),
  KEY `idx_link_term_weight` (`link_id`,`term_id`,`weight`)
) ENGINE=MyISAM DEFAULT CHARSET=utf8;

-- --------------------------------------------------------

--
-- Table structure for table `apmn_finder_links_terms8`
--

CREATE TABLE IF NOT EXISTS `apmn_finder_links_terms8` (
  `link_id` int(10) unsigned NOT NULL,
  `term_id` int(10) unsigned NOT NULL,
  `weight` float unsigned NOT NULL,
  PRIMARY KEY (`link_id`,`term_id`),
  KEY `idx_term_weight` (`term_id`,`weight`),
  KEY `idx_link_term_weight` (`link_id`,`term_id`,`weight`)
) ENGINE=MyISAM DEFAULT CHARSET=utf8;

-- --------------------------------------------------------

--
-- Table structure for table `apmn_finder_links_terms9`
--

CREATE TABLE IF NOT EXISTS `apmn_finder_links_terms9` (
  `link_id` int(10) unsigned NOT NULL,
  `term_id` int(10) unsigned NOT NULL,
  `weight` float unsigned NOT NULL,
  PRIMARY KEY (`link_id`,`term_id`),
  KEY `idx_term_weight` (`term_id`,`weight`),
  KEY `idx_link_term_weight` (`link_id`,`term_id`,`weight`)
) ENGINE=MyISAM DEFAULT CHARSET=utf8;

-- --------------------------------------------------------

--
-- Table structure for table `apmn_finder_links_termsa`
--

CREATE TABLE IF NOT EXISTS `apmn_finder_links_termsa` (
  `link_id` int(10) unsigned NOT NULL,
  `term_id` int(10) unsigned NOT NULL,
  `weight` float unsigned NOT NULL,
  PRIMARY KEY (`link_id`,`term_id`),
  KEY `idx_term_weight` (`term_id`,`weight`),
  KEY `idx_link_term_weight` (`link_id`,`term_id`,`weight`)
) ENGINE=MyISAM DEFAULT CHARSET=utf8;

-- --------------------------------------------------------

--
-- Table structure for table `apmn_finder_links_termsb`
--

CREATE TABLE IF NOT EXISTS `apmn_finder_links_termsb` (
  `link_id` int(10) unsigned NOT NULL,
  `term_id` int(10) unsigned NOT NULL,
  `weight` float unsigned NOT NULL,
  PRIMARY KEY (`link_id`,`term_id`),
  KEY `idx_term_weight` (`term_id`,`weight`),
  KEY `idx_link_term_weight` (`link_id`,`term_id`,`weight`)
) ENGINE=MyISAM DEFAULT CHARSET=utf8;

-- --------------------------------------------------------

--
-- Table structure for table `apmn_finder_links_termsc`
--

CREATE TABLE IF NOT EXISTS `apmn_finder_links_termsc` (
  `link_id` int(10) unsigned NOT NULL,
  `term_id` int(10) unsigned NOT NULL,
  `weight` float unsigned NOT NULL,
  PRIMARY KEY (`link_id`,`term_id`),
  KEY `idx_term_weight` (`term_id`,`weight`),
  KEY `idx_link_term_weight` (`link_id`,`term_id`,`weight`)
) ENGINE=MyISAM DEFAULT CHARSET=utf8;

-- --------------------------------------------------------

--
-- Table structure for table `apmn_finder_links_termsd`
--

CREATE TABLE IF NOT EXISTS `apmn_finder_links_termsd` (
  `link_id` int(10) unsigned NOT NULL,
  `term_id` int(10) unsigned NOT NULL,
  `weight` float unsigned NOT NULL,
  PRIMARY KEY (`link_id`,`term_id`),
  KEY `idx_term_weight` (`term_id`,`weight`),
  KEY `idx_link_term_weight` (`link_id`,`term_id`,`weight`)
) ENGINE=MyISAM DEFAULT CHARSET=utf8;

-- --------------------------------------------------------

--
-- Table structure for table `apmn_finder_links_termse`
--

CREATE TABLE IF NOT EXISTS `apmn_finder_links_termse` (
  `link_id` int(10) unsigned NOT NULL,
  `term_id` int(10) unsigned NOT NULL,
  `weight` float unsigned NOT NULL,
  PRIMARY KEY (`link_id`,`term_id`),
  KEY `idx_term_weight` (`term_id`,`weight`),
  KEY `idx_link_term_weight` (`link_id`,`term_id`,`weight`)
) ENGINE=MyISAM DEFAULT CHARSET=utf8;

-- --------------------------------------------------------

--
-- Table structure for table `apmn_finder_links_termsf`
--

CREATE TABLE IF NOT EXISTS `apmn_finder_links_termsf` (
  `link_id` int(10) unsigned NOT NULL,
  `term_id` int(10) unsigned NOT NULL,
  `weight` float unsigned NOT NULL,
  PRIMARY KEY (`link_id`,`term_id`),
  KEY `idx_term_weight` (`term_id`,`weight`),
  KEY `idx_link_term_weight` (`link_id`,`term_id`,`weight`)
) ENGINE=MyISAM DEFAULT CHARSET=utf8;

-- --------------------------------------------------------

--
-- Table structure for table `apmn_finder_taxonomy`
--

CREATE TABLE IF NOT EXISTS `apmn_finder_taxonomy` (
  `id` int(10) unsigned NOT NULL AUTO_INCREMENT,
  `parent_id` int(10) unsigned NOT NULL DEFAULT '0',
  `title` varchar(255) NOT NULL,
  `state` tinyint(1) unsigned NOT NULL DEFAULT '1',
  `access` tinyint(1) unsigned NOT NULL DEFAULT '0',
  `ordering` tinyint(1) unsigned NOT NULL DEFAULT '0',
  PRIMARY KEY (`id`),
  KEY `parent_id` (`parent_id`),
  KEY `state` (`state`),
  KEY `ordering` (`ordering`),
  KEY `access` (`access`),
  KEY `idx_parent_published` (`parent_id`,`state`,`access`)
) ENGINE=MyISAM  DEFAULT CHARSET=utf8 AUTO_INCREMENT=2 ;

--
-- Dumping data for table `apmn_finder_taxonomy`
--

INSERT INTO `apmn_finder_taxonomy` (`id`, `parent_id`, `title`, `state`, `access`, `ordering`) VALUES
(1, 0, 'ROOT', 0, 0, 0);

-- --------------------------------------------------------

--
-- Table structure for table `apmn_finder_taxonomy_map`
--

CREATE TABLE IF NOT EXISTS `apmn_finder_taxonomy_map` (
  `link_id` int(10) unsigned NOT NULL,
  `node_id` int(10) unsigned NOT NULL,
  PRIMARY KEY (`link_id`,`node_id`),
  KEY `link_id` (`link_id`),
  KEY `node_id` (`node_id`)
) ENGINE=MyISAM DEFAULT CHARSET=utf8;

-- --------------------------------------------------------

--
-- Table structure for table `apmn_finder_terms`
--

CREATE TABLE IF NOT EXISTS `apmn_finder_terms` (
  `term_id` int(10) unsigned NOT NULL AUTO_INCREMENT,
  `term` varchar(75) NOT NULL,
  `stem` varchar(75) NOT NULL,
  `common` tinyint(1) unsigned NOT NULL DEFAULT '0',
  `phrase` tinyint(1) unsigned NOT NULL DEFAULT '0',
  `weight` float unsigned NOT NULL DEFAULT '0',
  `soundex` varchar(75) NOT NULL,
  `links` int(10) NOT NULL DEFAULT '0',
  PRIMARY KEY (`term_id`),
  UNIQUE KEY `idx_term` (`term`),
  KEY `idx_term_phrase` (`term`,`phrase`),
  KEY `idx_stem_phrase` (`stem`,`phrase`),
  KEY `idx_soundex_phrase` (`soundex`,`phrase`)
) ENGINE=MyISAM DEFAULT CHARSET=utf8 AUTO_INCREMENT=1 ;

-- --------------------------------------------------------

--
-- Table structure for table `apmn_finder_terms_common`
--

CREATE TABLE IF NOT EXISTS `apmn_finder_terms_common` (
  `term` varchar(75) NOT NULL,
  `language` varchar(3) NOT NULL,
  KEY `idx_word_lang` (`term`,`language`),
  KEY `idx_lang` (`language`)
) ENGINE=MyISAM DEFAULT CHARSET=utf8;

--
-- Dumping data for table `apmn_finder_terms_common`
--

INSERT INTO `apmn_finder_terms_common` (`term`, `language`) VALUES
('a', 'en'),
('about', 'en'),
('after', 'en'),
('ago', 'en'),
('all', 'en'),
('am', 'en'),
('an', 'en'),
('and', 'en'),
('ani', 'en'),
('any', 'en'),
('are', 'en'),
('aren''t', 'en'),
('as', 'en'),
('at', 'en'),
('be', 'en'),
('but', 'en'),
('by', 'en'),
('for', 'en'),
('from', 'en'),
('get', 'en'),
('go', 'en'),
('how', 'en'),
('if', 'en'),
('in', 'en'),
('into', 'en'),
('is', 'en'),
('isn''t', 'en'),
('it', 'en'),
('its', 'en'),
('me', 'en'),
('more', 'en'),
('most', 'en'),
('must', 'en'),
('my', 'en'),
('new', 'en'),
('no', 'en'),
('none', 'en'),
('not', 'en'),
('noth', 'en'),
('nothing', 'en'),
('of', 'en'),
('off', 'en'),
('often', 'en'),
('old', 'en'),
('on', 'en'),
('onc', 'en'),
('once', 'en'),
('onli', 'en'),
('only', 'en'),
('or', 'en'),
('other', 'en'),
('our', 'en'),
('ours', 'en'),
('out', 'en'),
('over', 'en'),
('page', 'en'),
('she', 'en'),
('should', 'en'),
('small', 'en'),
('so', 'en'),
('some', 'en'),
('than', 'en'),
('thank', 'en'),
('that', 'en'),
('the', 'en'),
('their', 'en'),
('theirs', 'en'),
('them', 'en'),
('then', 'en'),
('there', 'en'),
('these', 'en'),
('they', 'en'),
('this', 'en'),
('those', 'en'),
('thus', 'en'),
('time', 'en'),
('times', 'en'),
('to', 'en'),
('too', 'en'),
('true', 'en'),
('under', 'en'),
('until', 'en'),
('up', 'en'),
('upon', 'en'),
('use', 'en'),
('user', 'en'),
('users', 'en'),
('veri', 'en'),
('version', 'en'),
('very', 'en'),
('via', 'en'),
('want', 'en'),
('was', 'en'),
('way', 'en'),
('were', 'en'),
('what', 'en'),
('when', 'en'),
('where', 'en'),
('whi', 'en'),
('which', 'en'),
('who', 'en'),
('whom', 'en'),
('whose', 'en'),
('why', 'en'),
('wide', 'en'),
('will', 'en'),
('with', 'en'),
('within', 'en'),
('without', 'en'),
('would', 'en'),
('yes', 'en'),
('yet', 'en'),
('you', 'en'),
('your', 'en'),
('yours', 'en');

-- --------------------------------------------------------

--
-- Table structure for table `apmn_finder_tokens`
--

CREATE TABLE IF NOT EXISTS `apmn_finder_tokens` (
  `term` varchar(75) NOT NULL,
  `stem` varchar(75) NOT NULL,
  `common` tinyint(1) unsigned NOT NULL DEFAULT '0',
  `phrase` tinyint(1) unsigned NOT NULL DEFAULT '0',
  `weight` float unsigned NOT NULL DEFAULT '1',
  `context` tinyint(1) unsigned NOT NULL DEFAULT '2',
  KEY `idx_word` (`term`),
  KEY `idx_context` (`context`)
) ENGINE=MEMORY DEFAULT CHARSET=utf8;

-- --------------------------------------------------------

--
-- Table structure for table `apmn_finder_tokens_aggregate`
--

CREATE TABLE IF NOT EXISTS `apmn_finder_tokens_aggregate` (
  `term_id` int(10) unsigned NOT NULL,
  `map_suffix` char(1) NOT NULL,
  `term` varchar(75) NOT NULL,
  `stem` varchar(75) NOT NULL,
  `common` tinyint(1) unsigned NOT NULL DEFAULT '0',
  `phrase` tinyint(1) unsigned NOT NULL DEFAULT '0',
  `term_weight` float unsigned NOT NULL,
  `context` tinyint(1) unsigned NOT NULL DEFAULT '2',
  `context_weight` float unsigned NOT NULL,
  `total_weight` float unsigned NOT NULL,
  KEY `token` (`term`),
  KEY `keyword_id` (`term_id`)
) ENGINE=MEMORY DEFAULT CHARSET=utf8;

-- --------------------------------------------------------

--
-- Table structure for table `apmn_finder_types`
--

CREATE TABLE IF NOT EXISTS `apmn_finder_types` (
  `id` int(10) unsigned NOT NULL AUTO_INCREMENT,
  `title` varchar(100) NOT NULL,
  `mime` varchar(100) NOT NULL,
  PRIMARY KEY (`id`),
  UNIQUE KEY `title` (`title`)
) ENGINE=MyISAM DEFAULT CHARSET=utf8 AUTO_INCREMENT=1 ;

-- --------------------------------------------------------

--
-- Table structure for table `apmn_languages`
--

CREATE TABLE IF NOT EXISTS `apmn_languages` (
  `lang_id` int(11) unsigned NOT NULL AUTO_INCREMENT,
  `lang_code` char(7) NOT NULL,
  `title` varchar(50) NOT NULL,
  `title_native` varchar(50) NOT NULL,
  `sef` varchar(50) NOT NULL,
  `image` varchar(50) NOT NULL,
  `description` varchar(512) NOT NULL,
  `metakey` text NOT NULL,
  `metadesc` text NOT NULL,
  `sitename` varchar(1024) NOT NULL DEFAULT '',
  `published` int(11) NOT NULL DEFAULT '0',
  `access` int(10) unsigned NOT NULL DEFAULT '0',
  `ordering` int(11) NOT NULL DEFAULT '0',
  PRIMARY KEY (`lang_id`),
  UNIQUE KEY `idx_sef` (`sef`),
  UNIQUE KEY `idx_image` (`image`),
  UNIQUE KEY `idx_langcode` (`lang_code`),
  KEY `idx_access` (`access`),
  KEY `idx_ordering` (`ordering`)
) ENGINE=MyISAM  DEFAULT CHARSET=utf8 AUTO_INCREMENT=2 ;

--
-- Dumping data for table `apmn_languages`
--

INSERT INTO `apmn_languages` (`lang_id`, `lang_code`, `title`, `title_native`, `sef`, `image`, `description`, `metakey`, `metadesc`, `sitename`, `published`, `access`, `ordering`) VALUES
(1, 'en-GB', 'English (UK)', 'English (UK)', 'en', 'en', '', '', '', '', 1, 0, 1);

-- --------------------------------------------------------

--
-- Table structure for table `apmn_menu`
--

CREATE TABLE IF NOT EXISTS `apmn_menu` (
  `id` int(11) NOT NULL AUTO_INCREMENT,
  `menutype` varchar(24) NOT NULL COMMENT 'The type of menu this item belongs to. FK to #__menu_types.menutype',
  `title` varchar(255) NOT NULL COMMENT 'The display title of the menu item.',
  `alias` varchar(255) CHARACTER SET utf8 COLLATE utf8_bin NOT NULL COMMENT 'The SEF alias of the menu item.',
  `note` varchar(255) NOT NULL DEFAULT '',
  `path` varchar(1024) NOT NULL COMMENT 'The computed path of the menu item based on the alias field.',
  `link` varchar(1024) NOT NULL COMMENT 'The actually link the menu item refers to.',
  `type` varchar(16) NOT NULL COMMENT 'The type of link: Component, URL, Alias, Separator',
  `published` tinyint(4) NOT NULL DEFAULT '0' COMMENT 'The published state of the menu link.',
  `parent_id` int(10) unsigned NOT NULL DEFAULT '1' COMMENT 'The parent menu item in the menu tree.',
  `level` int(10) unsigned NOT NULL DEFAULT '0' COMMENT 'The relative level in the tree.',
  `component_id` int(10) unsigned NOT NULL DEFAULT '0' COMMENT 'FK to #__extensions.id',
  `ordering` int(11) NOT NULL DEFAULT '0' COMMENT 'The relative ordering of the menu item in the tree.',
  `checked_out` int(10) unsigned NOT NULL DEFAULT '0' COMMENT 'FK to #__users.id',
  `checked_out_time` timestamp NOT NULL DEFAULT '0000-00-00 00:00:00' COMMENT 'The time the menu item was checked out.',
  `browserNav` tinyint(4) NOT NULL DEFAULT '0' COMMENT 'The click behaviour of the link.',
  `access` int(10) unsigned NOT NULL DEFAULT '0' COMMENT 'The access level required to view the menu item.',
  `img` varchar(255) NOT NULL COMMENT 'The image of the menu item.',
  `template_style_id` int(10) unsigned NOT NULL DEFAULT '0',
  `params` text NOT NULL COMMENT 'JSON encoded data for the menu item.',
  `lft` int(11) NOT NULL DEFAULT '0' COMMENT 'Nested set lft.',
  `rgt` int(11) NOT NULL DEFAULT '0' COMMENT 'Nested set rgt.',
  `home` tinyint(3) unsigned NOT NULL DEFAULT '0' COMMENT 'Indicates if this menu item is the home or default page.',
  `language` char(7) NOT NULL DEFAULT '',
  `client_id` tinyint(4) NOT NULL DEFAULT '0',
  PRIMARY KEY (`id`),
  UNIQUE KEY `idx_client_id_parent_id_alias_language` (`client_id`,`parent_id`,`alias`,`language`),
  KEY `idx_componentid` (`component_id`,`menutype`,`published`,`access`),
  KEY `idx_menutype` (`menutype`),
  KEY `idx_left_right` (`lft`,`rgt`),
  KEY `idx_alias` (`alias`),
  KEY `idx_path` (`path`(333)),
  KEY `idx_language` (`language`)
) ENGINE=MyISAM  DEFAULT CHARSET=utf8 AUTO_INCREMENT=102 ;

--
-- Dumping data for table `apmn_menu`
--

INSERT INTO `apmn_menu` (`id`, `menutype`, `title`, `alias`, `note`, `path`, `link`, `type`, `published`, `parent_id`, `level`, `component_id`, `ordering`, `checked_out`, `checked_out_time`, `browserNav`, `access`, `img`, `template_style_id`, `params`, `lft`, `rgt`, `home`, `language`, `client_id`) VALUES
(1, '', 'Menu_Item_Root', 'root', '', '', '', '', 1, 0, 0, 0, 0, 0, '0000-00-00 00:00:00', 0, 0, '', 0, '', 0, 43, 0, '*', 0),
(2, 'menu', 'com_banners', 'Banners', '', 'Banners', 'index.php?option=com_banners', 'component', 0, 1, 1, 4, 0, 0, '0000-00-00 00:00:00', 0, 0, 'class:banners', 0, '', 1, 10, 0, '*', 1),
(3, 'menu', 'com_banners', 'Banners', '', 'Banners/Banners', 'index.php?option=com_banners', 'component', 0, 2, 2, 4, 0, 0, '0000-00-00 00:00:00', 0, 0, 'class:banners', 0, '', 2, 3, 0, '*', 1),
(4, 'menu', 'com_banners_categories', 'Categories', '', 'Banners/Categories', 'index.php?option=com_categories&extension=com_banners', 'component', 0, 2, 2, 6, 0, 0, '0000-00-00 00:00:00', 0, 0, 'class:banners-cat', 0, '', 4, 5, 0, '*', 1),
(5, 'menu', 'com_banners_clients', 'Clients', '', 'Banners/Clients', 'index.php?option=com_banners&view=clients', 'component', 0, 2, 2, 4, 0, 0, '0000-00-00 00:00:00', 0, 0, 'class:banners-clients', 0, '', 6, 7, 0, '*', 1),
(6, 'menu', 'com_banners_tracks', 'Tracks', '', 'Banners/Tracks', 'index.php?option=com_banners&view=tracks', 'component', 0, 2, 2, 4, 0, 0, '0000-00-00 00:00:00', 0, 0, 'class:banners-tracks', 0, '', 8, 9, 0, '*', 1),
(7, 'menu', 'com_contact', 'Contacts', '', 'Contacts', 'index.php?option=com_contact', 'component', 0, 1, 1, 8, 0, 0, '0000-00-00 00:00:00', 0, 0, 'class:contact', 0, '', 11, 16, 0, '*', 1),
(8, 'menu', 'com_contact', 'Contacts', '', 'Contacts/Contacts', 'index.php?option=com_contact', 'component', 0, 7, 2, 8, 0, 0, '0000-00-00 00:00:00', 0, 0, 'class:contact', 0, '', 12, 13, 0, '*', 1),
(9, 'menu', 'com_contact_categories', 'Categories', '', 'Contacts/Categories', 'index.php?option=com_categories&extension=com_contact', 'component', 0, 7, 2, 6, 0, 0, '0000-00-00 00:00:00', 0, 0, 'class:contact-cat', 0, '', 14, 15, 0, '*', 1),
(10, 'menu', 'com_messages', 'Messaging', '', 'Messaging', 'index.php?option=com_messages', 'component', 0, 1, 1, 15, 0, 0, '0000-00-00 00:00:00', 0, 0, 'class:messages', 0, '', 17, 22, 0, '*', 1),
(11, 'menu', 'com_messages_add', 'New Private Message', '', 'Messaging/New Private Message', 'index.php?option=com_messages&task=message.add', 'component', 0, 10, 2, 15, 0, 0, '0000-00-00 00:00:00', 0, 0, 'class:messages-add', 0, '', 18, 19, 0, '*', 1),
(12, 'menu', 'com_messages_read', 'Read Private Message', '', 'Messaging/Read Private Message', 'index.php?option=com_messages', 'component', 0, 10, 2, 15, 0, 0, '0000-00-00 00:00:00', 0, 0, 'class:messages-read', 0, '', 20, 21, 0, '*', 1),
(13, 'menu', 'com_newsfeeds', 'News Feeds', '', 'News Feeds', 'index.php?option=com_newsfeeds', 'component', 0, 1, 1, 17, 0, 0, '0000-00-00 00:00:00', 0, 0, 'class:newsfeeds', 0, '', 23, 28, 0, '*', 1),
(14, 'menu', 'com_newsfeeds_feeds', 'Feeds', '', 'News Feeds/Feeds', 'index.php?option=com_newsfeeds', 'component', 0, 13, 2, 17, 0, 0, '0000-00-00 00:00:00', 0, 0, 'class:newsfeeds', 0, '', 24, 25, 0, '*', 1),
(15, 'menu', 'com_newsfeeds_categories', 'Categories', '', 'News Feeds/Categories', 'index.php?option=com_categories&extension=com_newsfeeds', 'component', 0, 13, 2, 6, 0, 0, '0000-00-00 00:00:00', 0, 0, 'class:newsfeeds-cat', 0, '', 26, 27, 0, '*', 1),
(16, 'menu', 'com_redirect', 'Redirect', '', 'Redirect', 'index.php?option=com_redirect', 'component', 0, 1, 1, 24, 0, 0, '0000-00-00 00:00:00', 0, 0, 'class:redirect', 0, '', 41, 42, 0, '*', 1),
(17, 'menu', 'com_search', 'Basic Search', '', 'Basic Search', 'index.php?option=com_search', 'component', 0, 1, 1, 19, 0, 0, '0000-00-00 00:00:00', 0, 0, 'class:search', 0, '', 33, 34, 0, '*', 1),
(18, 'menu', 'com_weblinks', 'Weblinks', '', 'Weblinks', 'index.php?option=com_weblinks', 'component', 0, 1, 1, 21, 0, 0, '0000-00-00 00:00:00', 0, 0, 'class:weblinks', 0, '', 35, 40, 0, '*', 1),
(19, 'menu', 'com_weblinks_links', 'Links', '', 'Weblinks/Links', 'index.php?option=com_weblinks', 'component', 0, 18, 2, 21, 0, 0, '0000-00-00 00:00:00', 0, 0, 'class:weblinks', 0, '', 36, 37, 0, '*', 1),
(20, 'menu', 'com_weblinks_categories', 'Categories', '', 'Weblinks/Categories', 'index.php?option=com_categories&extension=com_weblinks', 'component', 0, 18, 2, 6, 0, 0, '0000-00-00 00:00:00', 0, 0, 'class:weblinks-cat', 0, '', 38, 39, 0, '*', 1),
(21, 'menu', 'com_finder', 'Smart Search', '', 'Smart Search', 'index.php?option=com_finder', 'component', 0, 1, 1, 27, 0, 0, '0000-00-00 00:00:00', 0, 0, 'class:finder', 0, '', 31, 32, 0, '*', 1),
(22, 'menu', 'com_joomlaupdate', 'Joomla! Update', '', 'Joomla! Update', 'index.php?option=com_joomlaupdate', 'component', 0, 1, 1, 28, 0, 0, '0000-00-00 00:00:00', 0, 0, 'class:joomlaupdate', 0, '', 41, 42, 0, '*', 1),
(101, 'mainmenu', 'Home', 'home', '', 'home', 'index.php?option=com_content&view=featured', 'component', 1, 1, 1, 22, 0, 0, '0000-00-00 00:00:00', 0, 1, '', 0, '{"featured_categories":[""],"num_leading_articles":"1","num_intro_articles":"3","num_columns":"3","num_links":"0","orderby_pri":"","orderby_sec":"front","order_date":"","multi_column_order":"1","show_pagination":"2","show_pagination_results":"1","show_noauth":"","article-allow_ratings":"","article-allow_comments":"","show_feed_link":"1","feed_summary":"","show_title":"","link_titles":"","show_intro":"","show_category":"","link_category":"","show_parent_category":"","link_parent_category":"","show_author":"","show_create_date":"","show_modify_date":"","show_publish_date":"","show_item_navigation":"","show_readmore":"","show_icons":"","show_print_icon":"","show_email_icon":"","show_hits":"","menu-anchor_title":"","menu-anchor_css":"","menu_image":"","show_page_heading":1,"page_title":"","page_heading":"","pageclass_sfx":"","menu-meta_description":"","menu-meta_keywords":"","robots":"","secure":0}', 29, 30, 1, '*', 0);

-- --------------------------------------------------------

--
-- Table structure for table `apmn_menu_types`
--

CREATE TABLE IF NOT EXISTS `apmn_menu_types` (
  `id` int(10) unsigned NOT NULL AUTO_INCREMENT,
  `menutype` varchar(24) NOT NULL,
  `title` varchar(48) NOT NULL,
  `description` varchar(255) NOT NULL DEFAULT '',
  PRIMARY KEY (`id`),
  UNIQUE KEY `idx_menutype` (`menutype`)
) ENGINE=MyISAM  DEFAULT CHARSET=utf8 AUTO_INCREMENT=2 ;

--
-- Dumping data for table `apmn_menu_types`
--

INSERT INTO `apmn_menu_types` (`id`, `menutype`, `title`, `description`) VALUES
(1, 'mainmenu', 'Main Menu', 'The main menu for the site');

-- --------------------------------------------------------

--
-- Table structure for table `apmn_messages`
--

CREATE TABLE IF NOT EXISTS `apmn_messages` (
  `message_id` int(10) unsigned NOT NULL AUTO_INCREMENT,
  `user_id_from` int(10) unsigned NOT NULL DEFAULT '0',
  `user_id_to` int(10) unsigned NOT NULL DEFAULT '0',
  `folder_id` tinyint(3) unsigned NOT NULL DEFAULT '0',
  `date_time` datetime NOT NULL DEFAULT '0000-00-00 00:00:00',
  `state` tinyint(1) NOT NULL DEFAULT '0',
  `priority` tinyint(1) unsigned NOT NULL DEFAULT '0',
  `subject` varchar(255) NOT NULL DEFAULT '',
  `message` text NOT NULL,
  PRIMARY KEY (`message_id`),
  KEY `useridto_state` (`user_id_to`,`state`)
) ENGINE=MyISAM DEFAULT CHARSET=utf8 AUTO_INCREMENT=1 ;

-- --------------------------------------------------------

--
-- Table structure for table `apmn_messages_cfg`
--

CREATE TABLE IF NOT EXISTS `apmn_messages_cfg` (
  `user_id` int(10) unsigned NOT NULL DEFAULT '0',
  `cfg_name` varchar(100) NOT NULL DEFAULT '',
  `cfg_value` varchar(255) NOT NULL DEFAULT '',
  UNIQUE KEY `idx_user_var_name` (`user_id`,`cfg_name`)
) ENGINE=MyISAM DEFAULT CHARSET=utf8;

-- --------------------------------------------------------

--
-- Table structure for table `apmn_modules`
--

CREATE TABLE IF NOT EXISTS `apmn_modules` (
  `id` int(11) NOT NULL AUTO_INCREMENT,
  `title` varchar(100) NOT NULL DEFAULT '',
  `note` varchar(255) NOT NULL DEFAULT '',
  `content` text NOT NULL,
  `ordering` int(11) NOT NULL DEFAULT '0',
  `position` varchar(50) NOT NULL DEFAULT '',
  `checked_out` int(10) unsigned NOT NULL DEFAULT '0',
  `checked_out_time` datetime NOT NULL DEFAULT '0000-00-00 00:00:00',
  `publish_up` datetime NOT NULL DEFAULT '0000-00-00 00:00:00',
  `publish_down` datetime NOT NULL DEFAULT '0000-00-00 00:00:00',
  `published` tinyint(1) NOT NULL DEFAULT '0',
  `module` varchar(50) DEFAULT NULL,
  `access` int(10) unsigned NOT NULL DEFAULT '0',
  `showtitle` tinyint(3) unsigned NOT NULL DEFAULT '1',
  `params` text NOT NULL,
  `client_id` tinyint(4) NOT NULL DEFAULT '0',
  `language` char(7) NOT NULL,
  PRIMARY KEY (`id`),
  KEY `published` (`published`,`access`),
  KEY `newsfeeds` (`module`,`published`),
  KEY `idx_language` (`language`)
) ENGINE=MyISAM  DEFAULT CHARSET=utf8 AUTO_INCREMENT=87 ;

--
-- Dumping data for table `apmn_modules`
--

INSERT INTO `apmn_modules` (`id`, `title`, `note`, `content`, `ordering`, `position`, `checked_out`, `checked_out_time`, `publish_up`, `publish_down`, `published`, `module`, `access`, `showtitle`, `params`, `client_id`, `language`) VALUES
(1, 'Main Menu', '', '', 1, 'position-7', 0, '0000-00-00 00:00:00', '0000-00-00 00:00:00', '0000-00-00 00:00:00', 0, 'mod_menu', 1, 1, '{"menutype":"mainmenu","startLevel":"0","endLevel":"0","showAllChildren":"0","tag_id":"","class_sfx":"","window_open":"","layout":"","moduleclass_sfx":"_menu","cache":"1","cache_time":"900","cachemode":"itemid"}', 0, '*'),
(2, 'Login', '', '', 1, 'login', 0, '0000-00-00 00:00:00', '0000-00-00 00:00:00', '0000-00-00 00:00:00', 1, 'mod_login', 1, 1, '', 1, '*'),
(3, 'Popular Articles', '', '', 3, 'cpanel', 0, '0000-00-00 00:00:00', '0000-00-00 00:00:00', '0000-00-00 00:00:00', 1, 'mod_popular', 3, 1, '{"count":"5","catid":"","user_id":"0","layout":"_:default","moduleclass_sfx":"","cache":"0","automatic_title":"1"}', 1, '*'),
(4, 'Recently Added Articles', '', '', 4, 'cpanel', 0, '0000-00-00 00:00:00', '0000-00-00 00:00:00', '0000-00-00 00:00:00', 1, 'mod_latest', 3, 1, '{"count":"5","ordering":"c_dsc","catid":"","user_id":"0","layout":"_:default","moduleclass_sfx":"","cache":"0","automatic_title":"1"}', 1, '*'),
(8, 'Toolbar', '', '', 1, 'toolbar', 0, '0000-00-00 00:00:00', '0000-00-00 00:00:00', '0000-00-00 00:00:00', 1, 'mod_toolbar', 3, 1, '', 1, '*'),
(9, 'Quick Icons', '', '', 1, 'icon', 0, '0000-00-00 00:00:00', '0000-00-00 00:00:00', '0000-00-00 00:00:00', 1, 'mod_quickicon', 3, 1, '', 1, '*'),
(10, 'Logged-in Users', '', '', 2, 'cpanel', 0, '0000-00-00 00:00:00', '0000-00-00 00:00:00', '0000-00-00 00:00:00', 1, 'mod_logged', 3, 1, '{"count":"5","name":"1","layout":"_:default","moduleclass_sfx":"","cache":"0","automatic_title":"1"}', 1, '*'),
(12, 'Admin Menu', '', '', 1, 'menu', 0, '0000-00-00 00:00:00', '0000-00-00 00:00:00', '0000-00-00 00:00:00', 1, 'mod_menu', 3, 1, '{"layout":"","moduleclass_sfx":"","shownew":"1","showhelp":"1","cache":"0"}', 1, '*'),
(13, 'Admin Submenu', '', '', 1, 'submenu', 0, '0000-00-00 00:00:00', '0000-00-00 00:00:00', '0000-00-00 00:00:00', 1, 'mod_submenu', 3, 1, '', 1, '*'),
(14, 'User Status', '', '', 2, 'status', 0, '0000-00-00 00:00:00', '0000-00-00 00:00:00', '0000-00-00 00:00:00', 1, 'mod_status', 3, 1, '', 1, '*'),
(15, 'Title', '', '', 1, 'title', 0, '0000-00-00 00:00:00', '0000-00-00 00:00:00', '0000-00-00 00:00:00', 1, 'mod_title', 3, 1, '', 1, '*'),
(16, 'Login Form', '', '', 7, 'position-7', 0, '0000-00-00 00:00:00', '0000-00-00 00:00:00', '0000-00-00 00:00:00', 0, 'mod_login', 1, 1, '{"greeting":"1","name":"0"}', 0, '*'),
(17, 'Breadcrumbs', '', '', 1, 'position-2', 0, '0000-00-00 00:00:00', '0000-00-00 00:00:00', '0000-00-00 00:00:00', 0, 'mod_breadcrumbs', 1, 1, '{"moduleclass_sfx":"","showHome":"1","homeText":"Home","showComponent":"1","separator":"","cache":"1","cache_time":"900","cachemode":"itemid"}', 0, '*'),
(79, 'Multilanguage status', '', '', 1, 'status', 0, '0000-00-00 00:00:00', '0000-00-00 00:00:00', '0000-00-00 00:00:00', 0, 'mod_multilangstatus', 3, 1, '{"layout":"_:default","moduleclass_sfx":"","cache":"0"}', 1, '*'),
(86, 'Joomla Version', '', '', 1, 'footer', 0, '0000-00-00 00:00:00', '0000-00-00 00:00:00', '0000-00-00 00:00:00', 1, 'mod_version', 3, 1, '{"format":"short","product":"1","layout":"_:default","moduleclass_sfx":"","cache":"0"}', 1, '*');

-- --------------------------------------------------------

--
-- Table structure for table `apmn_modules_menu`
--

CREATE TABLE IF NOT EXISTS `apmn_modules_menu` (
  `moduleid` int(11) NOT NULL DEFAULT '0',
  `menuid` int(11) NOT NULL DEFAULT '0',
  PRIMARY KEY (`moduleid`,`menuid`)
) ENGINE=MyISAM DEFAULT CHARSET=utf8;

--
-- Dumping data for table `apmn_modules_menu`
--

INSERT INTO `apmn_modules_menu` (`moduleid`, `menuid`) VALUES
(1, 0),
(2, 0),
(3, 0),
(4, 0),
(6, 0),
(7, 0),
(8, 0),
(9, 0),
(10, 0),
(12, 0),
(13, 0),
(14, 0),
(15, 0),
(16, 0),
(17, 0),
(79, 0),
(86, 0);

-- --------------------------------------------------------

--
-- Table structure for table `apmn_newsfeeds`
--

CREATE TABLE IF NOT EXISTS `apmn_newsfeeds` (
  `catid` int(11) NOT NULL DEFAULT '0',
  `id` int(10) unsigned NOT NULL AUTO_INCREMENT,
  `name` varchar(100) NOT NULL DEFAULT '',
  `alias` varchar(255) CHARACTER SET utf8 COLLATE utf8_bin NOT NULL DEFAULT '',
  `link` varchar(200) NOT NULL DEFAULT '',
  `filename` varchar(200) DEFAULT NULL,
  `published` tinyint(1) NOT NULL DEFAULT '0',
  `numarticles` int(10) unsigned NOT NULL DEFAULT '1',
  `cache_time` int(10) unsigned NOT NULL DEFAULT '3600',
  `checked_out` int(10) unsigned NOT NULL DEFAULT '0',
  `checked_out_time` datetime NOT NULL DEFAULT '0000-00-00 00:00:00',
  `ordering` int(11) NOT NULL DEFAULT '0',
  `rtl` tinyint(4) NOT NULL DEFAULT '0',
  `access` int(10) unsigned NOT NULL DEFAULT '0',
  `language` char(7) NOT NULL DEFAULT '',
  `params` text NOT NULL,
  `created` datetime NOT NULL DEFAULT '0000-00-00 00:00:00',
  `created_by` int(10) unsigned NOT NULL DEFAULT '0',
  `created_by_alias` varchar(255) NOT NULL DEFAULT '',
  `modified` datetime NOT NULL DEFAULT '0000-00-00 00:00:00',
  `modified_by` int(10) unsigned NOT NULL DEFAULT '0',
  `metakey` text NOT NULL,
  `metadesc` text NOT NULL,
  `metadata` text NOT NULL,
  `xreference` varchar(50) NOT NULL COMMENT 'A reference to enable linkages to external data sets.',
  `publish_up` datetime NOT NULL DEFAULT '0000-00-00 00:00:00',
  `publish_down` datetime NOT NULL DEFAULT '0000-00-00 00:00:00',
  PRIMARY KEY (`id`),
  KEY `idx_access` (`access`),
  KEY `idx_checkout` (`checked_out`),
  KEY `idx_state` (`published`),
  KEY `idx_catid` (`catid`),
  KEY `idx_createdby` (`created_by`),
  KEY `idx_language` (`language`),
  KEY `idx_xreference` (`xreference`)
) ENGINE=MyISAM DEFAULT CHARSET=utf8 AUTO_INCREMENT=1 ;

-- --------------------------------------------------------

--
-- Table structure for table `apmn_overrider`
--

CREATE TABLE IF NOT EXISTS `apmn_overrider` (
  `id` int(10) NOT NULL AUTO_INCREMENT COMMENT 'Primary Key',
  `constant` varchar(255) NOT NULL,
  `string` text NOT NULL,
  `file` varchar(255) NOT NULL,
  PRIMARY KEY (`id`)
) ENGINE=MyISAM DEFAULT CHARSET=utf8 AUTO_INCREMENT=1 ;

-- --------------------------------------------------------

--
-- Table structure for table `apmn_redirect_links`
--

CREATE TABLE IF NOT EXISTS `apmn_redirect_links` (
  `id` int(10) unsigned NOT NULL AUTO_INCREMENT,
  `old_url` varchar(255) NOT NULL,
  `new_url` varchar(255) NOT NULL,
  `referer` varchar(150) NOT NULL,
  `comment` varchar(255) NOT NULL,
  `hits` int(10) unsigned NOT NULL DEFAULT '0',
  `published` tinyint(4) NOT NULL,
  `created_date` datetime NOT NULL DEFAULT '0000-00-00 00:00:00',
  `modified_date` datetime NOT NULL DEFAULT '0000-00-00 00:00:00',
  PRIMARY KEY (`id`),
  UNIQUE KEY `idx_link_old` (`old_url`),
  KEY `idx_link_modifed` (`modified_date`)
) ENGINE=MyISAM DEFAULT CHARSET=utf8 AUTO_INCREMENT=1 ;

-- --------------------------------------------------------

--
-- Table structure for table `apmn_schemas`
--

CREATE TABLE IF NOT EXISTS `apmn_schemas` (
  `extension_id` int(11) NOT NULL,
  `version_id` varchar(20) NOT NULL,
  PRIMARY KEY (`extension_id`,`version_id`)
) ENGINE=MyISAM DEFAULT CHARSET=utf8;

--
-- Dumping data for table `apmn_schemas`
--

INSERT INTO `apmn_schemas` (`extension_id`, `version_id`) VALUES
(700, '2.5.6');

-- --------------------------------------------------------

--
-- Table structure for table `apmn_session`
--

CREATE TABLE IF NOT EXISTS `apmn_session` (
  `session_id` varchar(200) NOT NULL DEFAULT '',
  `client_id` tinyint(3) unsigned NOT NULL DEFAULT '0',
  `guest` tinyint(4) unsigned DEFAULT '1',
  `time` varchar(14) DEFAULT '',
  `data` mediumtext,
  `userid` int(11) DEFAULT '0',
  `username` varchar(150) DEFAULT '',
  `usertype` varchar(50) DEFAULT '',
  PRIMARY KEY (`session_id`),
  KEY `whosonline` (`guest`,`usertype`),
  KEY `userid` (`userid`),
  KEY `time` (`time`)
) ENGINE=MyISAM DEFAULT CHARSET=utf8;

--
-- Dumping data for table `apmn_session`
--

INSERT INTO `apmn_session` (`session_id`, `client_id`, `guest`, `time`, `data`, `userid`, `username`, `usertype`) VALUES
('62e4b2f788f7723984480caa51faa352', 0, 1, '1364488404', '__default|a:5:{s:15:"session.counter";i:81;s:19:"session.timer.start";i:1364488284;s:18:"session.timer.last";i:1364488403;s:17:"session.timer.now";i:1364488404;s:22:"session.client.browser";s:133:"Mozilla/5.0 (Windows NT 6.1; WOW64; rv:19.0; WUID=11e9054c16499442d38b52c52613b42f; WTB=77) Gecko/20100101 Firefox/19.0 FirePHP/0.7.1";}', 0, '', '');

-- --------------------------------------------------------

--
-- Table structure for table `apmn_template_styles`
--

CREATE TABLE IF NOT EXISTS `apmn_template_styles` (
  `id` int(10) unsigned NOT NULL AUTO_INCREMENT,
  `template` varchar(50) NOT NULL DEFAULT '',
  `client_id` tinyint(1) unsigned NOT NULL DEFAULT '0',
  `home` char(7) NOT NULL DEFAULT '0',
  `title` varchar(255) NOT NULL DEFAULT '',
  `params` text NOT NULL,
  PRIMARY KEY (`id`),
  KEY `idx_template` (`template`),
  KEY `idx_home` (`home`)
) ENGINE=MyISAM  DEFAULT CHARSET=utf8 AUTO_INCREMENT=7 ;

--
-- Dumping data for table `apmn_template_styles`
--

INSERT INTO `apmn_template_styles` (`id`, `template`, `client_id`, `home`, `title`, `params`) VALUES
(2, 'bluestork', 1, '1', 'Bluestork - Default', '{"useRoundedCorners":"1","showSiteName":"0"}'),
(3, 'atomic', 0, '0', 'Atomic - Default', '{}'),
(4, 'beez_20', 0, '1', 'Beez2 - Default', '{"wrapperSmall":"53","wrapperLarge":"72","logo":"images\\/joomla_black.gif","sitetitle":"Joomla!","sitedescription":"Open Source Content Management","navposition":"left","templatecolor":"personal","html5":"0"}'),
(5, 'hathor', 1, '0', 'Hathor - Default', '{"showSiteName":"0","colourChoice":"","boldText":"0"}'),
(6, 'beez5', 0, '0', 'Beez5 - Default', '{"wrapperSmall":"53","wrapperLarge":"72","logo":"images\\/sampledata\\/fruitshop\\/fruits.gif","sitetitle":"Joomla!","sitedescription":"Open Source Content Management","navposition":"left","html5":"0"}');

-- --------------------------------------------------------

--
-- Table structure for table `apmn_updates`
--

CREATE TABLE IF NOT EXISTS `apmn_updates` (
  `update_id` int(11) NOT NULL AUTO_INCREMENT,
  `update_site_id` int(11) DEFAULT '0',
  `extension_id` int(11) DEFAULT '0',
  `categoryid` int(11) DEFAULT '0',
  `name` varchar(100) DEFAULT '',
  `description` text NOT NULL,
  `element` varchar(100) DEFAULT '',
  `type` varchar(20) DEFAULT '',
  `folder` varchar(20) DEFAULT '',
  `client_id` tinyint(3) DEFAULT '0',
  `version` varchar(10) DEFAULT '',
  `data` text NOT NULL,
  `detailsurl` text NOT NULL,
  `infourl` text NOT NULL,
  PRIMARY KEY (`update_id`)
) ENGINE=MyISAM DEFAULT CHARSET=utf8 COMMENT='Available Updates' AUTO_INCREMENT=1 ;

-- --------------------------------------------------------

--
-- Table structure for table `apmn_update_categories`
--

CREATE TABLE IF NOT EXISTS `apmn_update_categories` (
  `categoryid` int(11) NOT NULL AUTO_INCREMENT,
  `name` varchar(20) DEFAULT '',
  `description` text NOT NULL,
  `parent` int(11) DEFAULT '0',
  `updatesite` int(11) DEFAULT '0',
  PRIMARY KEY (`categoryid`)
) ENGINE=MyISAM DEFAULT CHARSET=utf8 COMMENT='Update Categories' AUTO_INCREMENT=1 ;

-- --------------------------------------------------------

--
-- Table structure for table `apmn_update_sites`
--

CREATE TABLE IF NOT EXISTS `apmn_update_sites` (
  `update_site_id` int(11) NOT NULL AUTO_INCREMENT,
  `name` varchar(100) DEFAULT '',
  `type` varchar(20) DEFAULT '',
  `location` text NOT NULL,
  `enabled` int(11) DEFAULT '0',
  `last_check_timestamp` bigint(20) DEFAULT '0',
  PRIMARY KEY (`update_site_id`)
) ENGINE=MyISAM  DEFAULT CHARSET=utf8 COMMENT='Update Sites' AUTO_INCREMENT=3 ;

--
-- Dumping data for table `apmn_update_sites`
--

INSERT INTO `apmn_update_sites` (`update_site_id`, `name`, `type`, `location`, `enabled`, `last_check_timestamp`) VALUES
(1, 'Joomla Core', 'collection', 'http://update.joomla.org/core/list.xml', 1, 0),
(2, 'Joomla Extension Directory', 'collection', 'http://update.joomla.org/jed/list.xml', 1, 0);

-- --------------------------------------------------------

--
-- Table structure for table `apmn_update_sites_extensions`
--

CREATE TABLE IF NOT EXISTS `apmn_update_sites_extensions` (
  `update_site_id` int(11) NOT NULL DEFAULT '0',
  `extension_id` int(11) NOT NULL DEFAULT '0',
  PRIMARY KEY (`update_site_id`,`extension_id`)
) ENGINE=MyISAM DEFAULT CHARSET=utf8 COMMENT='Links extensions to update sites';

--
-- Dumping data for table `apmn_update_sites_extensions`
--

INSERT INTO `apmn_update_sites_extensions` (`update_site_id`, `extension_id`) VALUES
(1, 700),
(2, 700);

-- --------------------------------------------------------

--
-- Table structure for table `apmn_usergroups`
--

CREATE TABLE IF NOT EXISTS `apmn_usergroups` (
  `id` int(10) unsigned NOT NULL AUTO_INCREMENT COMMENT 'Primary Key',
  `parent_id` int(10) unsigned NOT NULL DEFAULT '0' COMMENT 'Adjacency List Reference Id',
  `lft` int(11) NOT NULL DEFAULT '0' COMMENT 'Nested set lft.',
  `rgt` int(11) NOT NULL DEFAULT '0' COMMENT 'Nested set rgt.',
  `title` varchar(100) NOT NULL DEFAULT '',
  PRIMARY KEY (`id`),
  UNIQUE KEY `idx_usergroup_parent_title_lookup` (`parent_id`,`title`),
  KEY `idx_usergroup_title_lookup` (`title`),
  KEY `idx_usergroup_adjacency_lookup` (`parent_id`),
  KEY `idx_usergroup_nested_set_lookup` (`lft`,`rgt`) USING BTREE
) ENGINE=MyISAM  DEFAULT CHARSET=utf8 AUTO_INCREMENT=9 ;

--
-- Dumping data for table `apmn_usergroups`
--

INSERT INTO `apmn_usergroups` (`id`, `parent_id`, `lft`, `rgt`, `title`) VALUES
(1, 0, 1, 20, 'Public'),
(2, 1, 6, 17, 'Registered'),
(3, 2, 7, 14, 'Author'),
(4, 3, 8, 11, 'Editor'),
(5, 4, 9, 10, 'Publisher'),
(6, 1, 2, 5, 'Manager'),
(7, 6, 3, 4, 'Administrator'),
(8, 1, 18, 19, 'Super Users');

-- --------------------------------------------------------

--
-- Table structure for table `apmn_users`
--

CREATE TABLE IF NOT EXISTS `apmn_users` (
  `id` int(11) NOT NULL AUTO_INCREMENT,
  `name` varchar(255) NOT NULL DEFAULT '',
  `username` varchar(150) NOT NULL DEFAULT '',
  `email` varchar(100) NOT NULL DEFAULT '',
  `password` varchar(100) NOT NULL DEFAULT '',
  `usertype` varchar(25) NOT NULL DEFAULT '',
  `block` tinyint(4) NOT NULL DEFAULT '0',
  `sendEmail` tinyint(4) DEFAULT '0',
  `registerDate` datetime NOT NULL DEFAULT '0000-00-00 00:00:00',
  `lastvisitDate` datetime NOT NULL DEFAULT '0000-00-00 00:00:00',
  `activation` varchar(100) NOT NULL DEFAULT '',
  `params` text NOT NULL,
  `lastResetTime` datetime NOT NULL DEFAULT '0000-00-00 00:00:00' COMMENT 'Date of last password reset',
  `resetCount` int(11) NOT NULL DEFAULT '0' COMMENT 'Count of password resets since lastResetTime',
  PRIMARY KEY (`id`),
  KEY `usertype` (`usertype`),
  KEY `idx_name` (`name`),
  KEY `idx_block` (`block`),
  KEY `username` (`username`),
  KEY `email` (`email`)
) ENGINE=MyISAM DEFAULT CHARSET=utf8 AUTO_INCREMENT=1 ;

-- --------------------------------------------------------

--
-- Table structure for table `apmn_user_notes`
--

CREATE TABLE IF NOT EXISTS `apmn_user_notes` (
  `id` int(10) unsigned NOT NULL AUTO_INCREMENT,
  `user_id` int(10) unsigned NOT NULL DEFAULT '0',
  `catid` int(10) unsigned NOT NULL DEFAULT '0',
  `subject` varchar(100) NOT NULL DEFAULT '',
  `body` text NOT NULL,
  `state` tinyint(3) NOT NULL DEFAULT '0',
  `checked_out` int(10) unsigned NOT NULL DEFAULT '0',
  `checked_out_time` datetime NOT NULL DEFAULT '0000-00-00 00:00:00',
  `created_user_id` int(10) unsigned NOT NULL DEFAULT '0',
  `created_time` datetime NOT NULL DEFAULT '0000-00-00 00:00:00',
  `modified_user_id` int(10) unsigned NOT NULL,
  `modified_time` datetime NOT NULL DEFAULT '0000-00-00 00:00:00',
  `review_time` datetime NOT NULL DEFAULT '0000-00-00 00:00:00',
  `publish_up` datetime NOT NULL DEFAULT '0000-00-00 00:00:00',
  `publish_down` datetime NOT NULL DEFAULT '0000-00-00 00:00:00',
  PRIMARY KEY (`id`),
  KEY `idx_user_id` (`user_id`),
  KEY `idx_category_id` (`catid`)
) ENGINE=MyISAM DEFAULT CHARSET=utf8 AUTO_INCREMENT=1 ;

-- --------------------------------------------------------

--
-- Table structure for table `apmn_user_profiles`
--

CREATE TABLE IF NOT EXISTS `apmn_user_profiles` (
  `user_id` int(11) NOT NULL,
  `profile_key` varchar(100) NOT NULL,
  `profile_value` varchar(255) NOT NULL,
  `ordering` int(11) NOT NULL DEFAULT '0',
  UNIQUE KEY `idx_user_id_profile_key` (`user_id`,`profile_key`)
) ENGINE=MyISAM DEFAULT CHARSET=utf8 COMMENT='Simple user profile storage table';

-- --------------------------------------------------------

--
-- Table structure for table `apmn_user_usergroup_map`
--

CREATE TABLE IF NOT EXISTS `apmn_user_usergroup_map` (
  `user_id` int(10) unsigned NOT NULL DEFAULT '0' COMMENT 'Foreign Key to #__users.id',
  `group_id` int(10) unsigned NOT NULL DEFAULT '0' COMMENT 'Foreign Key to #__usergroups.id',
  PRIMARY KEY (`user_id`,`group_id`)
) ENGINE=MyISAM DEFAULT CHARSET=utf8;

-- --------------------------------------------------------

--
-- Table structure for table `apmn_viewlevels`
--

CREATE TABLE IF NOT EXISTS `apmn_viewlevels` (
  `id` int(10) unsigned NOT NULL AUTO_INCREMENT COMMENT 'Primary Key',
  `title` varchar(100) NOT NULL DEFAULT '',
  `ordering` int(11) NOT NULL DEFAULT '0',
  `rules` varchar(5120) NOT NULL COMMENT 'JSON encoded access control.',
  PRIMARY KEY (`id`),
  UNIQUE KEY `idx_assetgroup_title_lookup` (`title`)
) ENGINE=MyISAM  DEFAULT CHARSET=utf8 AUTO_INCREMENT=4 ;

--
-- Dumping data for table `apmn_viewlevels`
--

INSERT INTO `apmn_viewlevels` (`id`, `title`, `ordering`, `rules`) VALUES
(1, 'Public', 0, '[1]'),
(2, 'Registered', 1, '[6,2,8]'),
(3, 'Special', 2, '[6,3,8]');

-- --------------------------------------------------------

--
-- Table structure for table `apmn_weblinks`
--

CREATE TABLE IF NOT EXISTS `apmn_weblinks` (
  `id` int(10) unsigned NOT NULL AUTO_INCREMENT,
  `catid` int(11) NOT NULL DEFAULT '0',
  `sid` int(11) NOT NULL DEFAULT '0',
  `title` varchar(250) NOT NULL DEFAULT '',
  `alias` varchar(255) CHARACTER SET utf8 COLLATE utf8_bin NOT NULL DEFAULT '',
  `url` varchar(250) NOT NULL DEFAULT '',
  `description` text NOT NULL,
  `date` datetime NOT NULL DEFAULT '0000-00-00 00:00:00',
  `hits` int(11) NOT NULL DEFAULT '0',
  `state` tinyint(1) NOT NULL DEFAULT '0',
  `checked_out` int(11) NOT NULL DEFAULT '0',
  `checked_out_time` datetime NOT NULL DEFAULT '0000-00-00 00:00:00',
  `ordering` int(11) NOT NULL DEFAULT '0',
  `archived` tinyint(1) NOT NULL DEFAULT '0',
  `approved` tinyint(1) NOT NULL DEFAULT '1',
  `access` int(11) NOT NULL DEFAULT '1',
  `params` text NOT NULL,
  `language` char(7) NOT NULL DEFAULT '',
  `created` datetime NOT NULL DEFAULT '0000-00-00 00:00:00',
  `created_by` int(10) unsigned NOT NULL DEFAULT '0',
  `created_by_alias` varchar(255) NOT NULL DEFAULT '',
  `modified` datetime NOT NULL DEFAULT '0000-00-00 00:00:00',
  `modified_by` int(10) unsigned NOT NULL DEFAULT '0',
  `metakey` text NOT NULL,
  `metadesc` text NOT NULL,
  `metadata` text NOT NULL,
  `featured` tinyint(3) unsigned NOT NULL DEFAULT '0' COMMENT 'Set if link is featured.',
  `xreference` varchar(50) NOT NULL COMMENT 'A reference to enable linkages to external data sets.',
  `publish_up` datetime NOT NULL DEFAULT '0000-00-00 00:00:00',
  `publish_down` datetime NOT NULL DEFAULT '0000-00-00 00:00:00',
  PRIMARY KEY (`id`),
  KEY `idx_access` (`access`),
  KEY `idx_checkout` (`checked_out`),
  KEY `idx_state` (`state`),
  KEY `idx_catid` (`catid`),
  KEY `idx_createdby` (`created_by`),
  KEY `idx_featured_catid` (`featured`,`catid`),
  KEY `idx_language` (`language`),
  KEY `idx_xreference` (`xreference`)
) ENGINE=MyISAM DEFAULT CHARSET=utf8 AUTO_INCREMENT=1 ;

-- --------------------------------------------------------

--
-- Table structure for table `apm_acajoom_lists`
--

CREATE TABLE IF NOT EXISTS `apm_acajoom_lists` (
  `id` int(10) NOT NULL AUTO_INCREMENT,
  `list_name` varchar(101) NOT NULL DEFAULT '',
  `list_desc` text NOT NULL,
  `list_type` tinyint(2) NOT NULL DEFAULT '0',
  `sendername` varchar(64) NOT NULL DEFAULT '',
  `senderemail` varchar(64) NOT NULL DEFAULT '',
  `bounceadres` varchar(64) NOT NULL DEFAULT '',
  `layout` text NOT NULL,
  `template` int(9) NOT NULL DEFAULT '0',
  `subscribemessage` text NOT NULL,
  `unsubscribemessage` text NOT NULL,
  `unsubscribesend` tinyint(1) NOT NULL DEFAULT '1',
  `auto_add` tinyint(1) NOT NULL DEFAULT '0',
  `user_choose` tinyint(1) NOT NULL DEFAULT '0',
  `cat_id` varchar(250) NOT NULL DEFAULT '',
  `delay_min` int(2) NOT NULL DEFAULT '0',
  `delay_max` int(2) NOT NULL DEFAULT '7',
  `follow_up` int(10) NOT NULL DEFAULT '0',
  `html` tinyint(1) NOT NULL DEFAULT '1',
  `hidden` tinyint(1) NOT NULL DEFAULT '0',
  `published` tinyint(1) NOT NULL DEFAULT '0',
  `createdate` datetime NOT NULL DEFAULT '0000-00-00 00:00:00',
  `acc_level` int(2) NOT NULL DEFAULT '0',
  `acc_id` int(11) NOT NULL DEFAULT '29',
  `notification` tinyint(1) NOT NULL DEFAULT '0',
  `owner` int(11) NOT NULL DEFAULT '0',
  `footer` tinyint(1) NOT NULL DEFAULT '1',
  `notify_id` int(10) NOT NULL DEFAULT '0',
  `next_date` int(11) NOT NULL DEFAULT '0',
  `start_date` date NOT NULL,
  `params` text,
  PRIMARY KEY (`id`),
  UNIQUE KEY `list_name` (`list_name`)
) ENGINE=MyISAM  DEFAULT CHARSET=latin1 AUTO_INCREMENT=2 ;

--
-- Dumping data for table `apm_acajoom_lists`
--

INSERT INTO `apm_acajoom_lists` (`id`, `list_name`, `list_desc`, `list_type`, `sendername`, `senderemail`, `bounceadres`, `layout`, `template`, `subscribemessage`, `unsubscribemessage`, `unsubscribesend`, `auto_add`, `user_choose`, `cat_id`, `delay_min`, `delay_max`, `follow_up`, `html`, `hidden`, `published`, `createdate`, `acc_level`, `acc_id`, `notification`, `owner`, `footer`, `notify_id`, `next_date`, `start_date`, `params`) VALUES
(1, 'Parents', '<table style="width: 719px; height: 350px;" bgcolor="#f1f1f1" cellpadding="0" cellspacing="0">\r\n<tbody>\r\n<tr>\r\n<td colspan="3" class="hbnr" bgcolor="#ffffff"><img src="images/stories/ban4.png" alt="ban4" height="122" width="705" /><br /></td>\r\n</tr>\r\n<tr>\r\n<td colspan="3" bgcolor="#ffffff"><img alt="." src="components/com_acajoom/templates/default/tpl0_underban.jpg" height="22" width="530" border="0" /></td>\r\n</tr>\r\n<tr>\r\n<!-- /// gutter  -->\r\n<td valign="top" width="15" bgcolor="#ffffff"><img alt="1" src="components/com_acajoom/templates/default/tpl0_spacer.gif" height="1" width="15" border="0" /></td>\r\n<!--  gutter /// --> <!-- /// content cell  -->\r\n<td valign="top" width="500" bgcolor="#ffffff">\r\n<p> </p>\r\n</td>\r\n<td valign="top" width="15" bgcolor="#ffffff"><img alt="1" src="components/com_acajoom/templates/default/tpl0_spacer.gif" height="1" width="15" border="0" /></td>\r\n<!--  gutter /// -->\r\n</tr>\r\n<!-- /// footer area with contact info and opt-out link  --> \r\n<tr>\r\n<td colspan="3" bgcolor="#ffffff"><img alt="." src="components/com_acajoom/templates/default/tpl0_abovefooter.jpg" height="22" width="530" border="0" /></td>\r\n</tr>\r\n<tr>\r\n<td colspan="3" style="border-top: 1px solid #aeaeae;" height="60" valign="middle" align="center" bgcolor="#cacaca">\r\n<p class="footerText"> </p>\r\n</td>\r\n</tr>\r\n</tbody>\r\n</table>', 1, 'APEAM Website', 'hbenqlilou@onee.ma', 'hbenqlilou@onee.ma', '<table style="width: 719px; height: 350px;" bgcolor="#f1f1f1" cellpadding="0" cellspacing="0">\r\n<tbody>\r\n<tr>\r\n<td colspan="3" class="hbnr" bgcolor="#ffffff"><img src="images/stories/ban4.png" alt="ban4" height="122" width="705" /><br /></td>\r\n</tr>\r\n<tr>\r\n<td colspan="3" bgcolor="#ffffff"><img alt="." src="components/com_acajoom/templates/default/tpl0_underban.jpg" height="22" width="530" border="0" /></td>\r\n</tr>\r\n<tr>\r\n<!-- /// gutter  -->\r\n<td valign="top" width="15" bgcolor="#ffffff"><img alt="1" src="components/com_acajoom/templates/default/tpl0_spacer.gif" height="1" width="15" border="0" /></td>\r\n<!--  gutter /// --> <!-- /// content cell  -->\r\n<td valign="top" width="500" bgcolor="#ffffff">\r\n<p> </p>\r\n</td>\r\n<td valign="top" width="15" bgcolor="#ffffff"><img alt="1" src="components/com_acajoom/templates/default/tpl0_spacer.gif" height="1" width="15" border="0" /></td>\r\n<!--  gutter /// -->\r\n</tr>\r\n<!-- /// footer area with contact info and opt-out link  --> \r\n<tr>\r\n<td colspan="3" bgcolor="#ffffff"><img alt="." src="components/com_acajoom/templates/default/tpl0_abovefooter.jpg" height="22" width="530" border="0" /></td>\r\n</tr>\r\n<tr>\r\n<td colspan="3" style="border-top: 1px solid #aeaeae;" height="60" valign="middle" align="center" bgcolor="#cacaca">\r\n<p class="footerText"> </p>\r\n</td>\r\n</tr>\r\n</tbody>\r\n</table><p>[SUBSCRIPTIONS]</p>', 0, '', 'Ceci un courriel de confirmation de désabonnement à notre liste. Nous sommes désolés que vous ayez décidé de vous désabonner. Si vous décidez de vous réinscrire, vous pouvez le faire sur notre site. Pour toutes questions veuillez contacter le webmaster.', 1, 0, 0, '', 0, 0, 0, 1, 1, 1, '2013-03-28 17:32:24', 25, 29, 0, 62, 1, 0, 0, '0000-00-00', NULL);

-- --------------------------------------------------------

--
-- Table structure for table `apm_acajoom_mailings`
--

CREATE TABLE IF NOT EXISTS `apm_acajoom_mailings` (
  `id` int(11) NOT NULL AUTO_INCREMENT,
  `list_id` int(10) NOT NULL DEFAULT '0',
  `list_type` tinyint(2) NOT NULL DEFAULT '0',
  `issue_nb` int(10) NOT NULL DEFAULT '0',
  `subject` varchar(120) NOT NULL DEFAULT '',
  `fromname` varchar(64) NOT NULL DEFAULT '',
  `fromemail` varchar(64) NOT NULL DEFAULT '',
  `frombounce` varchar(64) NOT NULL DEFAULT '',
  `htmlcontent` longtext NOT NULL,
  `textonly` longtext NOT NULL,
  `attachments` text NOT NULL,
  `images` text NOT NULL,
  `send_date` datetime NOT NULL DEFAULT '0000-00-00 00:00:00',
  `delay` int(10) NOT NULL DEFAULT '0',
  `visible` tinyint(1) NOT NULL DEFAULT '1',
  `html` tinyint(1) NOT NULL DEFAULT '1',
  `published` tinyint(1) NOT NULL DEFAULT '0',
  `createdate` datetime NOT NULL DEFAULT '0000-00-00 00:00:00',
  `acc_level` int(2) NOT NULL DEFAULT '0',
  `author_id` int(11) NOT NULL DEFAULT '0',
  `params` text,
  PRIMARY KEY (`id`)
) ENGINE=MyISAM  DEFAULT CHARSET=latin1 AUTO_INCREMENT=3 ;

--
-- Dumping data for table `apm_acajoom_mailings`
--

INSERT INTO `apm_acajoom_mailings` (`id`, `list_id`, `list_type`, `issue_nb`, `subject`, `fromname`, `fromemail`, `frombounce`, `htmlcontent`, `textonly`, `attachments`, `images`, `send_date`, `delay`, `visible`, `html`, `published`, `createdate`, `acc_level`, `author_id`, `params`) VALUES
(1, 1, 1, 1, 'Projet de transport scolaire pour les élèves du GSAM', 'APEAM Website', 'hbenqlilou@onee.ma', 'hbenqlilou@onee.ma', '<table style="width: 100%;" bgcolor="#f1f1f1" cellpadding="0" cellspacing="0">\r\n<tbody>\r\n<tr>\r\n<td align="center" valign="top">\r\n<table style="width: 530px;" bgcolor="#f1f1f1" cellpadding="0" cellspacing="0">\r\n<tbody>\r\n<tr>\r\n<td class="hbnr" colspan="3" bgcolor="#ffffff"><img alt="ban4" src="images/stories/ban4.png" height="122" width="705" /><br /></td>\r\n</tr>\r\n<tr>\r\n<td colspan="3" bgcolor="#ffffff"><img src="components/com_acajoom/templates/default/tpl0_underban.jpg" alt="." border="0" height="22" width="530" /></td>\r\n</tr>\r\n<tr>\r\n<!-- /// gutter  -->\r\n<td valign="top" bgcolor="#ffffff" width="15"><img src="components/com_acajoom/templates/default/tpl0_spacer.gif" alt="1" border="0" height="1" width="15" /></td>\r\n<!--  gutter /// --> <!-- /// content cell  -->\r\n<td valign="top" bgcolor="#ffffff" width="500">\r\n<p>Chers parents,<br />L''APEAM a pris connaissance du lancement du service de transport scolaire aux établissements Albert Camus, depuis le début du 2e trimestre, et André Chénier, depuis le début de l''année scolaire. Après s''être renseignée sur la qualité du service fourni et du niveau de son adéquation avec les besoins des parents, l''APEAM a pris contact avec le prestataire (la société Animaxion) qui assure ledit transport pour les deux établissements précités, en vue de mettre en place le même service au profit des élèves du GSAM. Le transport est assuré par un sous-prestataire agréé pour cette activité et moyennant des minibus respectant des normes de sécurité adéquates au transport scolaire (ceinture de sécurité, rembourrage renforcé des sièges et présence d''accompagnatrice)<br />Ce service permet un transport scolaire de l''établissement à la maison le matin et l''après midi. Sur le quartier de l''Agdal, étant donné l''étroitesse des rues, des points de ramassage seront convenus (jonction des rues avec les grandes artères). Pour le prix de la prestation, celui appliqué actuellement pour les élèves des établissements Chénier et Camus est de 2400 Dhs / trimestre (à raison de 800 Dhs/mois).<br />Il est précisé que l''APEAM intervient, dans la mise en place de ce service, en tant que partenaire qui veille sur les intérêts des parents et non pas comme partie juridique au contrat de transport. Ainsi, l''APEAM ne perçoit aucune commission sur le prix de la prestation, comme elle n''offre aucune garantie, ni au parent, ni au prestataire, sur la bonne exécution des termes du contrat. Néanmoins, elle compte faire des diligences lui permettant d''avoir une assurance raisonnable quant à l''existence légale du prestataire et sa situation professionnelle. Par ailleurs, l''APEAM compte négocier avec le prestataire les termes des « conditions générales » devant régir la relation entre prestataire et parent, de manière à ce que ce dernier puisse agir en toute connaissance de cause.<br />Dans ce cadre, l''APEAM et Animaxion ont convenu de lancer un sondage auprès des parents des élèves du GSAM en vue de mesurer leur intérêt pour ce projet. A cet effet, une fiche de renseignement vous est proposée, en pièce jointe ou sur le site Internet de l''APEAM (www.apeam.ma), en vue de disposer d''informations anonymes permettant au prestataire de faire son étude de faisabilité et de proposer une offre adaptée. Une fois remplie, la fiche doit être retournée, de préférence au plus tard le 26 mars 2013, à l''adresse électronique suivante : animaxion.maroc@gmail.com ou déposée auprès de Monsieur Nourdine au Bureau de l''APEAM au site des Zaërs, Monsieur Ahmed aux Orangers et Madame Khadija FATI aux Jardins (Annexe).<br />S''il est relevé que ce service est fortement demandé par les parents, l''APEAM et le prestataire envisageraient la possibilité de sa mise en place dès le 3ème trimestre.<br />Cordialement,</p>\r\n<p>Lien pour la fiche : <a class="doclink" href="index.php?option=com_docman&amp;task=doc_download&amp;gid=233&amp;Itemid="> Fiche renseignement Transport Malraux (460.39 kB)</a></p>\r\n<p> </p>\r\n<p> </p>\r\n<p> </p>\r\n</td>\r\n<!--  content cell /// --> <!-- /// gutter  -->\r\n<td valign="top" bgcolor="#ffffff" width="15"><img src="components/com_acajoom/templates/default/tpl0_spacer.gif" alt="1" border="0" height="1" width="15" /></td>\r\n<!--  gutter /// -->\r\n</tr>\r\n<!-- /// footer area with contact info and opt-out link  --> \r\n<tr>\r\n<td colspan="3" bgcolor="#ffffff"><img src="components/com_acajoom/templates/default/tpl0_abovefooter.jpg" alt="." border="0" height="22" width="530" /></td>\r\n</tr>\r\n<tr>\r\n<td style="border-top: 1px solid #aeaeae;" colspan="3" align="center" valign="middle" bgcolor="#cacaca" height="60">\r\n<p class="footerText"> </p>\r\n</td>\r\n</tr>\r\n</tbody>\r\n</table>\r\n<!--  footer area with contact info and opt-out link /// --></td>\r\n</tr>\r\n</tbody>\r\n</table>\r\n<!--  Newsletter Powered by Acajoom!  /// --> <br /><br/> [SUBSCRIPTIONS] <br/>', '', '', '', '2013-03-28 17:57:06', 1440, 1, 1, 1, '2013-03-28 17:37:47', 29, 62, NULL),
(2, 1, 1, 2, 'BULLETIN TRIMESTRIEL SUR LES ACTIVITÉS DE L’APEAM', 'APEAM Website', 'hbenqlilou@onee.ma', 'hbenqlilou@onee.ma', '<table style="width: 719px; height: 350px;" bgcolor="#f1f1f1" cellpadding="0" cellspacing="0">\r\n<tbody>\r\n<tr>\r\n<td colspan="3" class="hbnr" bgcolor="#ffffff"><img src="images/stories/ban4.png" alt="ban4" height="122" width="705" /><br /></td>\r\n</tr>\r\n<tr>\r\n<td colspan="3" bgcolor="#ffffff"><img alt="." src="components/com_acajoom/templates/default/tpl0_underban.jpg" height="22" width="530" border="0" /></td>\r\n</tr>\r\n<tr>\r\n<!-- /// gutter  -->\r\n<td valign="top" width="15" bgcolor="#ffffff"><img alt="1" src="components/com_acajoom/templates/default/tpl0_spacer.gif" height="1" width="15" border="0" /></td>\r\n<!--  gutter /// --> <!-- /// content cell  -->\r\n<td valign="top" width="500" bgcolor="#ffffff">\r\n<p>L''APEAM vous invite à consulter le site web www.apeam.ma, pour s''informer sur les activités réalisées par l''APEAM durant le 2ème trimestre de l''année scolaire 2012-2013</p>\r\n</td>\r\n<td valign="top" width="15" bgcolor="#ffffff"><img alt="1" src="components/com_acajoom/templates/default/tpl0_spacer.gif" height="1" width="15" border="0" /></td>\r\n<!--  gutter /// -->\r\n</tr>\r\n<!-- /// footer area with contact info and opt-out link  --> \r\n<tr>\r\n<td colspan="3" bgcolor="#ffffff"><img alt="." src="components/com_acajoom/templates/default/tpl0_abovefooter.jpg" height="22" width="530" border="0" /></td>\r\n</tr>\r\n<tr>\r\n<td colspan="3" style="border-top: 1px solid #aeaeae;" height="60" valign="middle" align="center" bgcolor="#cacaca">\r\n<p class="footerText"> </p>\r\n</td>\r\n</tr>\r\n</tbody>\r\n</table>\r\n<p> </p><br/> [SUBSCRIPTIONS] <br/>', '', '', '', '2013-04-18 10:56:25', 1440, 1, 1, 1, '2013-04-18 10:55:03', 29, 62, NULL);

-- --------------------------------------------------------

--
-- Table structure for table `apm_acajoom_queue`
--

CREATE TABLE IF NOT EXISTS `apm_acajoom_queue` (
  `qid` int(11) NOT NULL AUTO_INCREMENT,
  `type` tinyint(2) NOT NULL DEFAULT '0',
  `subscriber_id` int(11) NOT NULL DEFAULT '0',
  `list_id` int(10) NOT NULL DEFAULT '0',
  `mailing_id` int(11) NOT NULL DEFAULT '0',
  `issue_nb` int(10) NOT NULL DEFAULT '0',
  `send_date` datetime NOT NULL DEFAULT '0000-00-00 00:00:00',
  `suspend` tinyint(1) NOT NULL DEFAULT '0',
  `delay` int(10) NOT NULL DEFAULT '0',
  `acc_level` int(2) NOT NULL DEFAULT '0',
  `published` tinyint(1) NOT NULL DEFAULT '0',
  `params` text,
  PRIMARY KEY (`qid`),
  UNIQUE KEY `subscriber_id` (`subscriber_id`,`list_id`,`mailing_id`)
) ENGINE=MyISAM  DEFAULT CHARSET=latin1 AUTO_INCREMENT=28 ;

--
-- Dumping data for table `apm_acajoom_queue`
--

INSERT INTO `apm_acajoom_queue` (`qid`, `type`, `subscriber_id`, `list_id`, `mailing_id`, `issue_nb`, `send_date`, `suspend`, `delay`, `acc_level`, `published`, `params`) VALUES
(1, 1, 10, 1, 0, 0, '0000-00-00 00:00:00', 0, 0, 29, 0, ''),
(2, 1, 11, 1, 0, 0, '0000-00-00 00:00:00', 0, 0, 29, 0, ''),
(3, 1, 12, 1, 0, 0, '0000-00-00 00:00:00', 0, 0, 29, 0, ''),
(4, 1, 13, 1, 0, 0, '0000-00-00 00:00:00', 0, 0, 29, 0, ''),
(5, 1, 14, 1, 0, 0, '0000-00-00 00:00:00', 0, 0, 29, 0, ''),
(6, 1, 15, 1, 0, 0, '0000-00-00 00:00:00', 0, 0, 29, 0, ''),
(7, 1, 16, 1, 0, 0, '0000-00-00 00:00:00', 0, 0, 29, 0, ''),
(8, 1, 17, 1, 0, 0, '0000-00-00 00:00:00', 0, 0, 29, 0, ''),
(9, 1, 18, 1, 0, 0, '0000-00-00 00:00:00', 0, 0, 29, 0, ''),
(10, 1, 19, 1, 0, 0, '0000-00-00 00:00:00', 0, 0, 29, 0, ''),
(11, 1, 20, 1, 0, 0, '0000-00-00 00:00:00', 0, 0, 29, 0, ''),
(12, 1, 21, 1, 0, 0, '0000-00-00 00:00:00', 0, 0, 29, 0, ''),
(13, 1, 22, 1, 0, 0, '0000-00-00 00:00:00', 0, 0, 29, 0, ''),
(14, 1, 23, 1, 0, 0, '0000-00-00 00:00:00', 0, 0, 29, 0, ''),
(15, 1, 24, 1, 0, 0, '0000-00-00 00:00:00', 0, 0, 29, 0, ''),
(16, 1, 25, 1, 0, 0, '0000-00-00 00:00:00', 0, 0, 29, 0, ''),
(17, 1, 26, 1, 0, 0, '0000-00-00 00:00:00', 0, 0, 29, 0, ''),
(18, 1, 27, 1, 0, 0, '0000-00-00 00:00:00', 0, 0, 29, 0, ''),
(19, 1, 29, 1, 0, 0, '0000-00-00 00:00:00', 0, 0, 29, 0, ''),
(20, 1, 9, 1, 0, 0, '0000-00-00 00:00:00', 0, 0, 29, 0, ''),
(21, 1, 8, 1, 0, 0, '0000-00-00 00:00:00', 0, 0, 29, 0, ''),
(22, 1, 5, 1, 0, 0, '0000-00-00 00:00:00', 0, 0, 29, 0, ''),
(23, 1, 2, 1, 0, 0, '0000-00-00 00:00:00', 0, 0, 29, 0, ''),
(24, 1, 3, 1, 0, 0, '0000-00-00 00:00:00', 0, 0, 29, 0, ''),
(25, 1, 4, 1, 0, 0, '0000-00-00 00:00:00', 0, 0, 29, 0, ''),
(26, 1, 1, 1, 0, 0, '0000-00-00 00:00:00', 0, 0, 29, 0, ''),
(27, 1, 30, 1, 0, 0, '0000-00-00 00:00:00', 0, 0, 29, 0, '');

-- --------------------------------------------------------

--
-- Table structure for table `apm_acajoom_stats_details`
--

CREATE TABLE IF NOT EXISTS `apm_acajoom_stats_details` (
  `id` int(11) NOT NULL AUTO_INCREMENT,
  `mailing_id` int(11) NOT NULL DEFAULT '0',
  `subscriber_id` int(11) NOT NULL DEFAULT '0',
  `sentdate` datetime NOT NULL DEFAULT '0000-00-00 00:00:00',
  `html` tinyint(1) NOT NULL DEFAULT '0',
  `read` tinyint(1) NOT NULL DEFAULT '0',
  PRIMARY KEY (`id`),
  UNIQUE KEY `sub_mail` (`mailing_id`,`subscriber_id`)
) ENGINE=MyISAM  DEFAULT CHARSET=latin1 AUTO_INCREMENT=100 ;

--
-- Dumping data for table `apm_acajoom_stats_details`
--

INSERT INTO `apm_acajoom_stats_details` (`id`, `mailing_id`, `subscriber_id`, `sentdate`, `html`, `read`) VALUES
(33, 1, 1, '0000-00-00 00:00:00', 1, 1),
(4, 1, 3, '2013-03-28 17:57:04', 1, 0),
(5, 1, 14, '2013-03-28 17:57:04', 1, 0),
(37, 1, 2, '0000-00-00 00:00:00', 1, 1),
(7, 1, 10, '2013-03-28 17:57:04', 1, 0),
(41, 1, 11, '0000-00-00 00:00:00', 1, 1),
(9, 1, 20, '2013-03-28 17:57:04', 1, 0),
(10, 1, 16, '2013-03-28 17:57:04', 1, 0),
(11, 1, 25, '2013-03-28 17:57:04', 1, 0),
(12, 1, 23, '2013-03-28 17:57:04', 1, 0),
(13, 1, 5, '2013-03-28 17:57:05', 1, 0),
(14, 1, 12, '2013-03-28 17:57:05', 1, 0),
(39, 1, 13, '0000-00-00 00:00:00', 1, 1),
(43, 1, 24, '0000-00-00 00:00:00', 1, 1),
(17, 1, 4, '2013-03-28 17:57:05', 1, 0),
(18, 1, 19, '2013-03-28 17:57:05', 1, 0),
(19, 1, 21, '2013-03-28 17:57:05', 1, 0),
(20, 1, 15, '2013-03-28 17:57:05', 1, 0),
(44, 1, 22, '0000-00-00 00:00:00', 1, 1),
(46, 1, 26, '0000-00-00 00:00:00', 1, 1),
(24, 1, 9, '2013-03-28 17:57:06', 1, 0),
(25, 1, 27, '2013-03-28 17:57:06', 1, 0),
(42, 1, 17, '0000-00-00 00:00:00', 1, 1),
(30, 1, 18, '0000-00-00 00:00:00', 1, 1),
(45, 1, 29, '0000-00-00 00:00:00', 1, 1),
(68, 2, 1, '2013-04-18 10:56:24', 1, 0),
(48, 2, 3, '2013-04-18 10:56:22', 1, 0),
(49, 2, 14, '2013-04-18 10:56:22', 1, 0),
(78, 2, 2, '0000-00-00 00:00:00', 1, 1),
(87, 2, 10, '0000-00-00 00:00:00', 1, 1),
(77, 2, 11, '0000-00-00 00:00:00', 1, 1),
(53, 2, 20, '2013-04-18 10:56:23', 1, 0),
(54, 2, 16, '2013-04-18 10:56:23', 1, 0),
(93, 2, 25, '0000-00-00 00:00:00', 1, 1),
(56, 2, 23, '2013-04-18 10:56:23', 1, 0),
(57, 2, 5, '2013-04-18 10:56:23', 1, 0),
(98, 2, 12, '0000-00-00 00:00:00', 1, 1),
(94, 2, 13, '0000-00-00 00:00:00', 1, 1),
(97, 2, 24, '0000-00-00 00:00:00', 1, 1),
(61, 2, 4, '2013-04-18 10:56:24', 1, 0),
(62, 2, 19, '2013-04-18 10:56:24', 1, 0),
(63, 2, 30, '2013-04-18 10:56:24', 1, 0),
(64, 2, 21, '2013-04-18 10:56:24', 1, 0),
(65, 2, 15, '2013-04-18 10:56:24', 1, 0),
(96, 2, 22, '0000-00-00 00:00:00', 1, 1),
(67, 2, 26, '2013-04-18 10:56:24', 1, 0),
(69, 2, 9, '2013-04-18 10:56:24', 1, 0),
(70, 2, 27, '2013-04-18 10:56:24', 1, 0),
(89, 2, 17, '0000-00-00 00:00:00', 1, 1),
(99, 2, 18, '0000-00-00 00:00:00', 1, 1),
(81, 2, 29, '0000-00-00 00:00:00', 1, 1);

-- --------------------------------------------------------

--
-- Table structure for table `apm_acajoom_stats_global`
--

CREATE TABLE IF NOT EXISTS `apm_acajoom_stats_global` (
  `mailing_id` int(11) NOT NULL DEFAULT '0',
  `sentdate` datetime NOT NULL DEFAULT '0000-00-00 00:00:00',
  `html_sent` int(11) NOT NULL DEFAULT '0',
  `text_sent` int(11) NOT NULL DEFAULT '0',
  `html_read` int(11) NOT NULL DEFAULT '0',
  PRIMARY KEY (`mailing_id`)
) ENGINE=MyISAM DEFAULT CHARSET=latin1;

--
-- Dumping data for table `apm_acajoom_stats_global`
--

INSERT INTO `apm_acajoom_stats_global` (`mailing_id`, `sentdate`, `html_sent`, `text_sent`, `html_read`) VALUES
(1, '2013-04-01 12:12:22', 25, 0, 21),
(2, '2013-04-26 09:55:40', 26, 0, 27);

-- --------------------------------------------------------

--
-- Table structure for table `apm_acajoom_subscribers`
--

CREATE TABLE IF NOT EXISTS `apm_acajoom_subscribers` (
  `id` int(11) NOT NULL AUTO_INCREMENT,
  `user_id` int(11) NOT NULL DEFAULT '0',
  `name` varchar(64) NOT NULL DEFAULT '',
  `email` varchar(100) NOT NULL DEFAULT '',
  `receive_html` tinyint(1) NOT NULL DEFAULT '1',
  `confirmed` tinyint(1) NOT NULL DEFAULT '0',
  `blacklist` tinyint(1) NOT NULL DEFAULT '0',
  `timezone` time NOT NULL DEFAULT '00:00:00',
  `language_iso` varchar(10) NOT NULL DEFAULT 'eng',
  `subscribe_date` datetime NOT NULL DEFAULT '0000-00-00 00:00:00',
  `params` text,
  PRIMARY KEY (`id`),
  UNIQUE KEY `email` (`email`),
  KEY `date` (`subscribe_date`),
  KEY `joomlauserid` (`user_id`)
) ENGINE=MyISAM  DEFAULT CHARSET=latin1 AUTO_INCREMENT=32 ;

--
-- Dumping data for table `apm_acajoom_subscribers`
--

INSERT INTO `apm_acajoom_subscribers` (`id`, `user_id`, `name`, `email`, `receive_html`, `confirmed`, `blacklist`, `timezone`, `language_iso`, `subscribe_date`, `params`) VALUES
(1, 62, 'admin', 'oussama@mtds.com', 1, 1, 0, '00:00:00', 'eng', '2011-12-05 10:07:26', ''),
(2, 67, 'amar', 'amar_yamama@yahoo.fr', 1, 1, 0, '00:00:00', 'eng', '2012-08-04 10:47:16', ''),
(3, 66, 'elhammoumi', 'abahajar@gmail.com', 1, 1, 0, '00:00:00', 'eng', '2012-08-04 10:47:03', ''),
(4, 65, 'echchaoui hind myriam', 'hindechchaoui@gmail.com', 1, 1, 0, '00:00:00', 'eng', '2012-05-28 09:21:41', ''),
(5, 68, 'benqlilou', 'hbenqlilou@gmail.com', 1, 1, 0, '00:00:00', 'eng', '2012-08-04 10:47:35', ''),
(6, 69, 'lerarevidd', 'wwhandbags@aol.com', 1, 1, 0, '00:00:00', 'eng', '2012-11-04 14:58:28', NULL),
(7, 70, 'rerurvvlds', 'aacshoes@aol.com', 1, 1, 0, '00:00:00', 'eng', '2012-12-08 13:30:05', NULL),
(8, 71, 'hermicg', 'honestlife123@gmail.com', 1, 0, 1, '00:00:00', 'eng', '2013-01-10 14:55:12', ''),
(9, 72, 'Bugabooo', 'paulsterh@gmail.com', 1, 1, 0, '00:00:00', 'eng', '2013-02-21 17:19:50', ''),
(10, 0, 'BERDAI', 'asmaebenzekri@hotmail.com', 1, 1, 0, '00:00:00', 'eng', '2013-03-28 17:28:00', ''),
(11, 0, 'BEZZAI', 'awatefbezzai@hotmail.com', 1, 1, 0, '00:00:00', 'eng', '2013-03-28 17:28:00', ''),
(12, 0, 'BOUDRAA', 'hichamboudraa@yahoo.fr', 1, 1, 0, '00:00:00', 'eng', '2013-03-28 17:28:00', ''),
(13, 0, 'BOURICHI', 'hichambourichi@gmail.com', 1, 1, 0, '00:00:00', 'eng', '2013-03-28 17:28:00', ''),
(14, 0, 'CHAFAI', 'abdelmalekc@gmail.com', 1, 1, 0, '00:00:00', 'eng', '2013-03-28 17:28:00', ''),
(15, 0, 'CHEMAOU EL FIHRI', 'louezzani@gmail.com', 1, 1, 0, '00:00:00', 'eng', '2013-03-28 17:28:00', ''),
(16, 0, 'DIOURI', 'diouri120@gmail.com', 1, 1, 0, '00:00:00', 'eng', '2013-03-28 17:28:00', ''),
(17, 0, 'EL KHETTAR', 'yelkhettar@yahoo.com', 1, 1, 0, '00:00:00', 'eng', '2013-03-28 17:28:00', ''),
(18, 0, 'HEJIRA', 'z.k123@hotmail.fr', 1, 1, 0, '00:00:00', 'eng', '2013-03-28 17:28:00', ''),
(19, 0, 'IDIR', 'idir@eagle.ma', 1, 1, 0, '00:00:00', 'eng', '2013-03-28 17:28:00', ''),
(20, 0, 'JILLALI', 'azizjillali@yahoo.fr', 1, 1, 0, '00:00:00', 'eng', '2013-03-28 17:28:00', ''),
(21, 0, 'LAHBOUBI', 'lahboubi@cdg.ma', 1, 1, 0, '00:00:00', 'eng', '2013-03-28 17:28:00', ''),
(22, 0, 'LHASSANI', 'moulayabderrahmane@yahoo.fr', 1, 1, 0, '00:00:00', 'eng', '2013-03-28 17:28:00', ''),
(23, 0, 'MAHDI', 'f._n@hotmail.fr', 1, 1, 0, '00:00:00', 'eng', '2013-03-28 17:28:00', ''),
(24, 0, 'MANSOUR', 'hind.kamri@gmail.com', 1, 1, 0, '00:00:00', 'eng', '2013-03-28 17:28:00', ''),
(25, 0, 'MASKANI FILALI', 'docteurfilali@gmail.com', 1, 1, 0, '00:00:00', 'eng', '2013-03-28 17:28:00', ''),
(26, 0, 'SBITI', 'myriam_atajja@hotmail.com', 1, 1, 0, '00:00:00', 'eng', '2013-03-28 17:28:00', ''),
(27, 0, 'TAZI', 'tazireid@gmail.com', 1, 1, 0, '00:00:00', 'eng', '2013-03-28 17:28:00', ''),
(28, 0, 'TKITO', 'tkito.r@pg.com', 1, 1, 0, '00:00:00', 'eng', '2013-03-28 17:28:00', ''),
(29, 0, 'ZEYYANE', 'zeyyane@aol.com', 1, 1, 0, '00:00:00', 'eng', '2013-03-28 17:28:00', ''),
(30, 0, 'Khaddouj Benkhadra', 'khaddouj@mds.com', 1, 1, 0, '00:00:00', '', '2013-04-18 10:49:17', ''),
(31, 73, 'appageary', 'balescstj@hotmail.com', 1, 1, 0, '00:00:00', 'eng', '2013-04-29 21:04:35', '');

-- --------------------------------------------------------

--
-- Table structure for table `apm_acajoom_xonfig`
--

CREATE TABLE IF NOT EXISTS `apm_acajoom_xonfig` (
  `akey` varchar(32) NOT NULL DEFAULT '',
  `text` varchar(254) NOT NULL DEFAULT '',
  `value` int(11) NOT NULL DEFAULT '0',
  PRIMARY KEY (`akey`)
) ENGINE=MyISAM DEFAULT CHARSET=latin1;

--
-- Dumping data for table `apm_acajoom_xonfig`
--

INSERT INTO `apm_acajoom_xonfig` (`akey`, `text`, `value`) VALUES
('component', 'Acajoom', 0),
('type', 'News', 0),
('version', '5.1.0', 0),
('level', '1', 0),
('emailmethod', 'mail', 0),
('sendmail_from', 'oussama@mtds.com', 0),
('sendmail_name', 'APEAM', 0),
('sendmail_path', '/usr/sbin/sendmail', 0),
('smtp_host', 'localhost', 0),
('smtp_auth_required', '0', 0),
('smtp_username', '', 0),
('smtp_password', '', 0),
('embed_images', '0', 0),
('confirm_return', 'ilham@mtds.com', 0),
('upload_url', '/components/com_acajoom/upload', 0),
('enable_statistics', '1', 0),
('statistics_per_subscriber', '1', 0),
('send_data', '1', 0),
('allow_unregistered', '1', 0),
('require_confirmation', '0', 0),
('redirectconfirm', '', 0),
('show_login', '1', 0),
('show_logout', '1', 0),
('send_unsubcribe', '1', 0),
('confirm_fromname', 'APEAM', 0),
('confirm_fromemail', 'oussama@mtds.com', 0),
('confirm_html', '1', 0),
('time_zone', '0', 0),
('show_archive', '1', 0),
('pause_time', '20', 0),
('emails_between_pauses', '65', 0),
('wait_for_user', '0', 0),
('script_timeout', '0', 0),
('display_trace', '1', 0),
('send_log', '1', 0),
('send_auto_log', '0', 0),
('send_log_simple', '0', 0),
('send_log_closed', '1', 0),
('save_log', '0', 0),
('send_email', '1', 0),
('save_log_simple', '0', 0),
('save_log_file', '/administrator/components/com_acajoom/com_acajoom.log', 0),
('send_log_address', '@ijoobi.com', 0),
('option', 'com_sdonkey', 0),
('send_log_name', 'Acajoom Mailing Report', 0),
('homesite', 'http://www.ijoobi.com', 0),
('report_site', 'http://www.ijoobi.com', 0),
('integration', '0', 0),
('cb_plugin', '1', 0),
('cb_listIds', '0', 0),
('cb_intro', '', 0),
('cb_showname', '1', 0),
('cb_checkLists', '1', 0),
('cb_showHTML', '1', 0),
('cb_defaultHTML', '1', 0),
('cb_integration', '0', 0),
('cb_pluginInstalled', '0', 0),
('cron_max_freq', '10', 0),
('cron_max_emails', '60', 0),
('last_cron', '', 0),
('last_sub_update', '1364489883', 0),
('next_autonews', '', 0),
('show_footer', '1', 0),
('show_signature', '1', 0),
('update_url', 'http://www.ijoobi.com/update/', 0),
('date_update', '2013-03-28 16:58:03', 0),
('update_message', '', 0),
('show_guide', '0', 0),
('news1', '0', 0),
('news2', '0', 0),
('news3', '0', 0),
('cron_setup', '0', 0),
('queuedate', '', 0),
('update_avail', '0', 0),
('show_tips', '1', 0),
('update_notification', '1', 0),
('show_lists', '1', 0),
('use_sef', '0', 0),
('listHTMLeditor', '1', 0),
('mod_pub', '1', 0),
('firstmailing', '1', 0),
('nblist', '9', 0),
('license', '', 0),
('token', '', 0),
('maintenance', '', 0),
('admin_debug', '0', 0),
('send_error', '1', 0),
('report_error', '1', 0),
('fullcheck', '0', 0),
('frequency', '0', 0),
('nb_days', '7', 0),
('date_type', '1', 0),
('arv_cat', '', 0),
('arv_sec', '', 0),
('maintenance_clear', '24', 0),
('clean_stats', '90', 0),
('maintenance_date', '', 0),
('mail_format', '1', 0),
('mail_encoding', '0', 0),
('showtag', '0', 0),
('show_author', '0', 0),
('addEmailRedLink', '0', 0),
('itemidAca', '999', 0),
('show_jcalpro', '0', 0),
('show_jlinks', '0', 0),
('column1_name', 'Column 1', 0),
('show_column1', '0', 0),
('column2_name', 'Column 2', 0),
('show_column2', '0', 0),
('column3_name', 'Column 3', 0),
('show_column3', '0', 0),
('column4_name', 'Column 4', 0),
('show_column4', '0', 0),
('column5_name', 'Column 5', 0),
('show_column5', '0', 0),
('url_pass', 'Pas$w0rd', 0),
('subscription_notify', '0', 0),
('enable_captcha', '0', 0),
('disabletooltip', '0', 0),
('minisendmail', '0', 0),
('word_wrap', '0', 0),
('listname0', '', 0),
('listnames0', 'Tous les envois', 0),
('listype0', '1', 0),
('listshow0', '1', 0),
('classes0', '', 0),
('listlogo0', 'addedit.png', 0),
('totallist0', '', 1),
('act_totallist0', '', 1),
('totalmailing0', '', 2),
('totalmailingsent0', '', 51),
('act_totalmailing0', '', 2),
('totalsubcribers0', '', 22),
('act_totalsubcribers0', '', 22),
('listname1', '_ACA_NEWSLETTER', 0),
('listnames1', '_ACA_MENU_NEWSLETTERS', 0),
('listype1', '1', 0),
('listshow1', '1', 0),
('classes1', 'newsletter', 0),
('listlogo1', 'inbox.png', 0),
('totallist1', '', 1),
('act_totallist1', '', 1),
('totalmailing1', '', 2),
('totalmailingsent1', '', 51),
('act_totalmailing1', '', 2),
('totalsubcribers1', '', 0),
('act_totalsubcribers1', '', 0),
('listname2', '', 0),
('listnames2', '', 0),
('listype2', '', 0),
('listshow2', '', 0),
('classes2', 'autoresponder', 0),
('listlogo2', '', 0),
('totallist2', '', 0),
('act_totallist2', '', 0),
('totalmailing2', '', 0),
('totalmailingsent2', '', 0),
('act_totalmailing2', '', 0),
('totalsubcribers2', '', 0),
('act_totalsubcribers2', '', 0),
('listname3', '', 0),
('listnames3', '', 0),
('listype3', '', 0),
('listshow3', '', 0),
('classes3', '', 0),
('listlogo3', '', 0),
('totallist3', '', 0),
('act_totallist3', '', 0),
('totalmailing3', '', 0),
('totalmailingsent3', '', 0),
('act_totalmailing3', '', 0),
('totalsubcribers3', '', 0),
('act_totalsubcribers3', '', 0),
('listname4', '', 0),
('listnames4', '', 0),
('listype4', '', 0),
('listshow4', '', 0),
('classes4', '', 0),
('listlogo4', '', 0),
('totallist4', '', 0),
('act_totallist4', '', 0),
('totalmailing4', '', 0),
('totalmailingsent4', '', 0),
('act_totalmailing4', '', 0),
('totalsubcribers4', '', 0),
('act_totalsubcribers4', '', 0),
('listname5', '', 0),
('listnames5', '', 0),
('listype5', '', 0),
('listshow5', '', 0),
('classes5', '', 0),
('listlogo5', '', 0),
('totallist5', '', 0),
('act_totallist5', '', 0),
('totalmailing5', '', 0),
('totalmailingsent5', '', 0),
('act_totalmailing5', '', 0),
('totalsubcribers5', '', 0),
('act_totalsubcribers5', '', 0),
('listname6', '', 0),
('listnames6', '', 0),
('listype6', '', 0),
('listshow6', '', 0),
('classes6', '', 0),
('listlogo6', '', 0),
('totallist6', '', 0),
('act_totallist6', '', 0),
('totalmailing6', '', 0),
('totalmailingsent6', '', 0),
('act_totalmailing6', '', 0),
('totalsubcribers6', '', 0),
('act_totalsubcribers6', '', 0),
('listname7', '', 0),
('listnames7', '', 0),
('listype7', '', 0),
('listshow7', '', 0),
('classes7', 'autonews', 0),
('listlogo7', '', 0),
('totallist7', '', 0),
('act_totallist7', '', 0),
('totalmailing7', '', 0),
('totalmailingsent7', '', 0),
('act_totalmailing7', '', 0),
('totalsubcribers7', '', 0),
('act_totalsubcribers7', '', 0),
('listname8', '', 0),
('listnames8', '', 0),
('listype8', '', 0),
('listshow8', '', 0),
('classes8', '', 0),
('listlogo8', '', 0),
('totallist8', '', 0),
('act_totallist8', '', 0),
('totalmailing8', '', 0),
('totalmailingsent8', '', 0),
('act_totalmailing8', '', 0),
('totalsubcribers8', '', 0),
('act_totalsubcribers8', '', 0),
('activelist', '1', 0);

-- --------------------------------------------------------

--
-- Table structure for table `apm_admintools_acl`
--

CREATE TABLE IF NOT EXISTS `apm_admintools_acl` (
  `user_id` bigint(20) unsigned NOT NULL,
  `permissions` mediumtext,
  PRIMARY KEY (`user_id`)
) ENGINE=MyISAM DEFAULT CHARSET=utf8;

-- --------------------------------------------------------

--
-- Table structure for table `apm_admintools_adminiplist`
--

CREATE TABLE IF NOT EXISTS `apm_admintools_adminiplist` (
  `id` bigint(20) unsigned NOT NULL AUTO_INCREMENT,
  `ip` varchar(255) DEFAULT NULL,
  `description` varchar(255) DEFAULT NULL,
  UNIQUE KEY `id` (`id`)
) ENGINE=MyISAM DEFAULT CHARSET=utf8 AUTO_INCREMENT=1 ;

-- --------------------------------------------------------

--
-- Table structure for table `apm_admintools_badwords`
--

CREATE TABLE IF NOT EXISTS `apm_admintools_badwords` (
  `id` bigint(20) unsigned NOT NULL AUTO_INCREMENT,
  `word` varchar(255) DEFAULT NULL,
  UNIQUE KEY `id` (`id`)
) ENGINE=MyISAM DEFAULT CHARSET=utf8 AUTO_INCREMENT=1 ;

-- --------------------------------------------------------

--
-- Table structure for table `apm_admintools_customperms`
--

CREATE TABLE IF NOT EXISTS `apm_admintools_customperms` (
  `id` bigint(20) unsigned NOT NULL AUTO_INCREMENT,
  `path` varchar(255) NOT NULL,
  `perms` varchar(4) DEFAULT '0644',
  UNIQUE KEY `id` (`id`),
  KEY `path` (`path`)
) ENGINE=MyISAM DEFAULT CHARSET=utf8 AUTO_INCREMENT=1 ;

-- --------------------------------------------------------

--
-- Table structure for table `apm_admintools_filescache`
--

CREATE TABLE IF NOT EXISTS `apm_admintools_filescache` (
  `admintools_filescache_id` bigint(20) NOT NULL AUTO_INCREMENT,
  `path` varchar(2048) NOT NULL,
  `filedate` int(11) NOT NULL DEFAULT '0',
  `filesize` int(11) NOT NULL DEFAULT '0',
  `data` blob,
  `checksum` varchar(32) NOT NULL DEFAULT '',
  PRIMARY KEY (`admintools_filescache_id`)
) ENGINE=MyISAM DEFAULT CHARSET=utf8 AUTO_INCREMENT=1 ;

-- --------------------------------------------------------

--
-- Table structure for table `apm_admintools_ipautoban`
--

CREATE TABLE IF NOT EXISTS `apm_admintools_ipautoban` (
  `ip` varchar(255) NOT NULL,
  `reason` varchar(255) DEFAULT 'other',
  `until` datetime DEFAULT NULL,
  UNIQUE KEY `ip` (`ip`)
) ENGINE=MyISAM DEFAULT CHARSET=utf8;

-- --------------------------------------------------------

--
-- Table structure for table `apm_admintools_ipblock`
--

CREATE TABLE IF NOT EXISTS `apm_admintools_ipblock` (
  `id` bigint(20) unsigned NOT NULL AUTO_INCREMENT,
  `ip` varchar(255) DEFAULT NULL,
  `description` varchar(255) DEFAULT NULL,
  UNIQUE KEY `id` (`id`)
) ENGINE=MyISAM DEFAULT CHARSET=utf8 AUTO_INCREMENT=1 ;

-- --------------------------------------------------------

--
-- Table structure for table `apm_admintools_log`
--

CREATE TABLE IF NOT EXISTS `apm_admintools_log` (
  `id` bigint(20) unsigned NOT NULL AUTO_INCREMENT,
  `logdate` datetime NOT NULL,
  `ip` varchar(40) DEFAULT NULL,
  `url` varchar(255) DEFAULT NULL,
  `reason` varchar(255) DEFAULT 'other',
  `extradata` mediumtext,
  UNIQUE KEY `id` (`id`)
) ENGINE=MyISAM DEFAULT CHARSET=utf8 AUTO_INCREMENT=1 ;

-- --------------------------------------------------------

--
-- Table structure for table `apm_admintools_redirects`
--

CREATE TABLE IF NOT EXISTS `apm_admintools_redirects` (
  `id` bigint(20) unsigned NOT NULL AUTO_INCREMENT,
  `source` varchar(255) DEFAULT NULL,
  `dest` varchar(255) DEFAULT NULL,
  `ordering` bigint(20) NOT NULL DEFAULT '0',
  `published` tinyint(1) NOT NULL DEFAULT '1',
  UNIQUE KEY `id` (`id`)
) ENGINE=MyISAM DEFAULT CHARSET=utf8 AUTO_INCREMENT=1 ;

-- --------------------------------------------------------

--
-- Table structure for table `apm_admintools_scanalerts`
--

CREATE TABLE IF NOT EXISTS `apm_admintools_scanalerts` (
  `admintools_scanalert_id` bigint(20) NOT NULL AUTO_INCREMENT,
  `path` varchar(2048) NOT NULL,
  `scan_id` bigint(20) NOT NULL DEFAULT '0',
  `diff` mediumtext,
  `threat_score` int(11) NOT NULL DEFAULT '0',
  `acknowledged` tinyint(4) NOT NULL DEFAULT '0',
  PRIMARY KEY (`admintools_scanalert_id`)
) ENGINE=MyISAM DEFAULT CHARSET=utf8 AUTO_INCREMENT=1 ;

-- --------------------------------------------------------

--
-- Table structure for table `apm_admintools_scans`
--

CREATE TABLE IF NOT EXISTS `apm_admintools_scans` (
  `id` bigint(20) unsigned NOT NULL AUTO_INCREMENT,
  `description` varchar(255) NOT NULL,
  `comment` longtext,
  `backupstart` timestamp NOT NULL DEFAULT '0000-00-00 00:00:00',
  `backupend` timestamp NOT NULL DEFAULT '0000-00-00 00:00:00',
  `status` enum('run','fail','complete') NOT NULL DEFAULT 'run',
  `origin` varchar(30) NOT NULL DEFAULT 'backend',
  `type` varchar(30) NOT NULL DEFAULT 'full',
  `profile_id` bigint(20) NOT NULL DEFAULT '1',
  `archivename` longtext,
  `absolute_path` longtext,
  `multipart` int(11) NOT NULL DEFAULT '0',
  `tag` varchar(255) DEFAULT NULL,
  `filesexist` tinyint(3) NOT NULL DEFAULT '1',
  `remote_filename` varchar(1000) DEFAULT NULL,
  `total_size` bigint(20) NOT NULL DEFAULT '0',
  PRIMARY KEY (`id`),
  KEY `idx_fullstatus` (`filesexist`,`status`),
  KEY `idx_stale` (`status`,`origin`)
) ENGINE=MyISAM DEFAULT CHARSET=utf8 AUTO_INCREMENT=1 ;

-- --------------------------------------------------------

--
-- Table structure for table `apm_admintools_storage`
--

CREATE TABLE IF NOT EXISTS `apm_admintools_storage` (
  `key` varchar(255) NOT NULL,
  `value` longtext NOT NULL,
  PRIMARY KEY (`key`)
) ENGINE=MyISAM DEFAULT CHARSET=utf8;

--
-- Dumping data for table `apm_admintools_storage`
--

INSERT INTO `apm_admintools_storage` (`key`, `value`) VALUES
('cparams', '{"latestjversion":"{\\"installed\\":{\\"version\\":\\"1.5.26\\",\\"package\\":\\"http:\\\\\\/\\\\\\/joomlacode.org\\\\\\/gf\\\\\\/download\\\\\\/frsrelease\\\\\\/16890\\\\\\/73390\\\\\\/Joomla_1.5.26-Stable-Full_Package.zip\\"},\\"current\\":{\\"version\\":\\"1.5.26\\",\\"package\\":\\"http:\\\\\\/\\\\\\/joomlacode.org\\\\\\/gf\\\\\\/download\\\\\\/frsrelease\\\\\\/16890\\\\\\/73390\\\\\\/Joomla_1.5.26-Stable-Full_Package.zip\\"},\\"sts\\":{\\"version\\":\\"\\",\\"package\\":\\"\\"},\\"lts\\":{\\"version\\":\\"\\",\\"package\\":\\"\\"}}","lastjupdatecheck":1366303365}');

-- --------------------------------------------------------

--
-- Table structure for table `apm_admintools_wafexceptions`
--

CREATE TABLE IF NOT EXISTS `apm_admintools_wafexceptions` (
  `id` bigint(20) unsigned NOT NULL AUTO_INCREMENT,
  `option` varchar(255) DEFAULT NULL,
  `view` varchar(255) DEFAULT NULL,
  `query` varchar(255) DEFAULT NULL,
  PRIMARY KEY (`id`)
) ENGINE=MyISAM DEFAULT CHARSET=utf8 AUTO_INCREMENT=1 ;

-- --------------------------------------------------------

--
-- Table structure for table `apm_agora_adsense_config`
--

CREATE TABLE IF NOT EXISTS `apm_agora_adsense_config` (
  `conf_name` varchar(255) NOT NULL DEFAULT '',
  `conf_value` text,
  PRIMARY KEY (`conf_name`)
) ENGINE=MyISAM DEFAULT CHARSET=utf8;

-- --------------------------------------------------------

--
-- Table structure for table `apm_agora_bans`
--

CREATE TABLE IF NOT EXISTS `apm_agora_bans` (
  `id` int(10) unsigned NOT NULL AUTO_INCREMENT,
  `username` varchar(200) DEFAULT NULL,
  `ip` varchar(255) DEFAULT NULL,
  `email` varchar(50) DEFAULT NULL,
  `message` varchar(255) DEFAULT NULL,
  `expire` int(10) unsigned DEFAULT NULL,
  PRIMARY KEY (`id`)
) ENGINE=MyISAM DEFAULT CHARSET=utf8 AUTO_INCREMENT=1 ;

-- --------------------------------------------------------

--
-- Table structure for table `apm_agora_bans_auto`
--

CREATE TABLE IF NOT EXISTS `apm_agora_bans_auto` (
  `id` int(10) unsigned NOT NULL AUTO_INCREMENT,
  `points` int(10) NOT NULL,
  `message` varchar(255) DEFAULT NULL,
  `expire` int(10) NOT NULL DEFAULT '0',
  `image` varchar(255) DEFAULT NULL,
  `message_txt` text,
  PRIMARY KEY (`id`)
) ENGINE=MyISAM DEFAULT CHARSET=utf8 AUTO_INCREMENT=1 ;

-- --------------------------------------------------------

--
-- Table structure for table `apm_agora_categories`
--

CREATE TABLE IF NOT EXISTS `apm_agora_categories` (
  `id` int(10) unsigned NOT NULL AUTO_INCREMENT,
  `cat_name` varchar(80) NOT NULL,
  `disp_position` int(10) DEFAULT '0',
  `enable` tinyint(1) NOT NULL DEFAULT '1',
  `icon_style_id` int(10) unsigned DEFAULT '0',
  PRIMARY KEY (`id`)
) ENGINE=MyISAM  DEFAULT CHARSET=utf8 AUTO_INCREMENT=2 ;

--
-- Dumping data for table `apm_agora_categories`
--

INSERT INTO `apm_agora_categories` (`id`, `cat_name`, `disp_position`, `enable`, `icon_style_id`) VALUES
(1, 'Littérature', 1, 1, 0);

-- --------------------------------------------------------

--
-- Table structure for table `apm_agora_censoring`
--

CREATE TABLE IF NOT EXISTS `apm_agora_censoring` (
  `id` int(10) unsigned NOT NULL AUTO_INCREMENT,
  `search_for` varchar(60) DEFAULT NULL,
  `replace_with` varchar(60) DEFAULT NULL,
  PRIMARY KEY (`id`)
) ENGINE=MyISAM DEFAULT CHARSET=utf8 AUTO_INCREMENT=1 ;

-- --------------------------------------------------------

--
-- Table structure for table `apm_agora_config`
--

CREATE TABLE IF NOT EXISTS `apm_agora_config` (
  `conf_name` varchar(255) NOT NULL DEFAULT '',
  `conf_value` text,
  PRIMARY KEY (`conf_name`)
) ENGINE=MyISAM DEFAULT CHARSET=utf8;

--
-- Dumping data for table `apm_agora_config`
--

INSERT INTO `apm_agora_config` (`conf_name`, `conf_value`) VALUES
('o_cur_version', '3.0.155'),
('o_board_title', 'Agora Olympus Forum'),
('o_board_desc', 'The new Joomla! Forum'),
('o_time_format', 'H:i:s'),
('o_date_format', 'M-d-y'),
('o_timeout_visit', '10'),
('o_timeout_online', '300'),
('o_show_version', '0'),
('o_show_user_info', '0'),
('o_show_post_count', '1'),
('o_smilies', '1'),
('o_smilies_sig', '1'),
('o_make_links', '1'),
('o_default_lang', 'English'),
('o_default_style', 'Neo'),
('o_topic_review', '10'),
('o_disp_topics_default', '10'),
('o_disp_posts_default', '10'),
('o_indent_num_spaces', '4'),
('o_quickpost', '0'),
('o_users_online', '1'),
('o_censoring', '1'),
('o_ranks', '1'),
('o_quickjump', '0'),
('o_report_method', '1'),
('o_regs_report', '0'),
('o_mailing_list', ''),
('o_avatars', '1'),
('o_avatars_dir', 'components/com_agora/img/pre_avatars'),
('o_avatars_width', '100'),
('o_avatars_height', '100'),
('o_avatars_size', '204800'),
('o_search_all_forums', '1'),
('o_pms_enabled', '1'),
('o_pms_mess_per_page', '25'),
('o_base_url', ''),
('o_admin_email', ''),
('o_webmaster_email', ''),
('o_subscriptions', '1'),
('o_announcement', '1'),
('o_announcement_message', 'Add Announcement Here'),
('o_rules', '1'),
('o_rules_message', 'Testing Rules. :'),
('poll_max_fields', '5'),
('p_mod_ban_users', '0'),
('p_message_bbcode', '1'),
('p_message_img_tag', '1'),
('p_message_all_caps', '1'),
('p_subject_all_caps', '1'),
('p_sig_all_caps', '0'),
('p_sig_bbcode', '1'),
('p_sig_img_tag', '1'),
('p_sig_length', '400'),
('p_sig_lines', '4'),
('p_allow_banned_email', '1'),
('p_allow_dupe_email', '0'),
('p_force_guest_email', '1'),
('o_image_formats', 'gif,png,jpg,jpeg'),
('o_new_window_link', '1'),
('o_board_logo', 'agora_logo_sm.png'),
('o_image_maxbytes', '102400'),
('o_image_maxdimensions', '640x480'),
('o_guest_post_captchabox', '1'),
('o_reputation_enabled', '1'),
('o_reputation_timeout', '300'),
('o_um_key', ''),
('o_um_default_zoom', '15'),
('o_um_default_lat', '42.4923525914282'),
('o_um_default_lng', '-96.4215087890625'),
('o_merge_timeout', '60'),
('o_social_bookmarks', '1'),
('o_top_post_count', '8'),
('o_top_ten', '0'),
('o_max_users_online', '0'),
('o_rt_enabled', '1'),
('o_rt_use_stars', '1'),
('o_rt_cur_version', '1.0'),
('o_rt_cur_stars', 'default_stars'),
('o_rt_default_lang', 'English'),
('o_rss_message_char', '100'),
('o_pms_uddeim', '0'),
('o_rss_cron_builtin', '1'),
('o_uploadile_thumb', '1'),
('o_uploadile_laws', 'txt,jpg,jpeg,png,gif,doc,mp3,pdf,zip,rar'),
('o_autoban_points', '60'),
('o_forummap', '1'),
('o_usermap', '1'),
('o_uploadile_limit_member', '122900'),
('o_uploadile_thumb_size', '100'),
('o_rss_cron_interval', '180'),
('o_rss_cron_last', '1350774763'),
('o_uploadile_maxsize_modo', '1229'),
('o_uploadile_maxsize_member', '1229'),
('o_uploadile_limit_modo', '122900'),
('o_community_builder', '0'),
('o_jomsocial', '0'),
('o_joomunity', '0'),
('o_notify_message', 'You Have a new PM waiting.'),
('o_notify_subject', 'New PM waiting'),
('o_avatars_dheight', '100'),
('o_avatars_dwidth', '100'),
('o_avatars_ratio', '1'),
('o_auto_subscriptions', '1'),
('o_database_revision', '54'),
('o_email_sender', ''),
('o_attachment_path', ''),
('o_default_view', 'forum'),
('o_bbcode_quickpost', '0'),
('o_quickjump_footer', '0'),
('o_prof_title', '1'),
('o_prof_location', '1'),
('o_prof_website', '1'),
('o_prof_gender', '1'),
('o_prof_dob', '1'),
('o_prof_interests', '1'),
('o_prof_about', '1'),
('o_prof_sig', '1'),
('o_prof_messaging', '1'),
('o_prof_gallery', '1'),
('o_prof_attach', '1'),
('o_allow_attach', '1'),
('o_main_menu', '1'),
('o_bstats', '0'),
('o_user_guest', '1'),
('o_binfo', '0'),
('o_pm_subject', 'PM Subject'),
('o_pm_messg', '<p>Hello [username]<br />You have received a Private message from [sitename] at [site] from [poster]<br />The PM Reads as follows;</p>\r\n<p>[title]</p>\r\n<p>[message]</p>\r\n<p>please login at [site] and view your message</p>\r\n<p>Thank You<br />Site Administration</p>'),
('o_subscr_subject', 'Subscription Subject'),
('o_subscr_messg', '<p>Hello [username]<br /> <br />[poster] replied to to your post on [sitename] to ([title]) which you are subscribed to. <br />[poster] Wrote: <br />[message]<br /> <br />Please click [topic] to view the post <br />Or <br />Please click here to [unsubscribe]<br /> <br /> [site]</p>\r\n<p>Thank You<br />Site Administration</p>'),
('o_include_jquery', '1'),
('o_guest_userlist', '1'),
('o_rss_enabled', '1'),
('o_legend_enabled', '0'),
('o_bbcode_video_width', '425'),
('o_bbcode_video_height', '350'),
('o_userdata', '0'),
('o_fullnames_enabled', '0'),
('o_joomsocialsuite', '0'),
('o_subscrb_emails_type', '0'),
('o_subscrb_auto_alladmins', '0'),
('o_subscrb_auto_moderators', '0'),
('o_uploadile_disp_size', '480'),
('o_allow_delete_attach', '1'),
('o_attach_type', '1'),
('o_subscrb_auto_unapproved', '0'),
('o_moderated_subject', 'New post held for moderation'),
('o_moderated_messg', '<p>Hello [username]<br /> <br />There is a new moderated post in forum [forum] on [sitename]. Poster: [poster]<br />Subject: [title]<br /> Post: <br />[message]<br /> <br />Please go to [moderation] to approve or disapprove it.<br /><br /></p>\r\n<p>Thank You<br />Site Administration</p>'),
('router_slugs', '0');

-- --------------------------------------------------------

--
-- Table structure for table `apm_agora_feeds`
--

CREATE TABLE IF NOT EXISTS `apm_agora_feeds` (
  `url` varchar(255) DEFAULT '',
  `max` int(11) NOT NULL DEFAULT '0',
  `closed` tinyint(1) NOT NULL DEFAULT '0',
  `forum_id` int(11) NOT NULL DEFAULT '0',
  `author` varchar(255) DEFAULT 'Guest',
  `last_post` int(10) NOT NULL DEFAULT '0',
  `num_posts` int(10) NOT NULL DEFAULT '0',
  `id` int(10) unsigned NOT NULL AUTO_INCREMENT,
  PRIMARY KEY (`id`)
) ENGINE=MyISAM DEFAULT CHARSET=utf8 AUTO_INCREMENT=1 ;

-- --------------------------------------------------------

--
-- Table structure for table `apm_agora_forums`
--

CREATE TABLE IF NOT EXISTS `apm_agora_forums` (
  `id` int(10) unsigned NOT NULL AUTO_INCREMENT,
  `enable` tinyint(1) NOT NULL DEFAULT '1',
  `forum_name` varchar(80) NOT NULL,
  `forum_desc` text,
  `forum_mdesc` text,
  `forum_key` text,
  `redirect_url` varchar(100) DEFAULT NULL,
  `moderators` text,
  `num_topics` mediumint(8) unsigned DEFAULT '0',
  `num_posts` mediumint(8) unsigned DEFAULT '0',
  `last_post` int(10) unsigned DEFAULT NULL,
  `last_post_id` int(10) unsigned DEFAULT NULL,
  `last_poster` varchar(200) DEFAULT NULL,
  `sort_by` tinyint(1) DEFAULT '0',
  `disp_position` int(10) DEFAULT '0',
  `cat_id` int(10) unsigned DEFAULT '0',
  `parent_forum_id` int(10) unsigned DEFAULT '0',
  `icon_style_id` int(10) unsigned DEFAULT '0',
  `single_topic` tinyint(1) NOT NULL DEFAULT '0',
  `enable_sched` tinyint(1) NOT NULL DEFAULT '0',
  `sched_end` datetime DEFAULT NULL,
  `closed` tinyint(1) NOT NULL DEFAULT '0',
  `closed_text` varchar(255) DEFAULT NULL,
  `use_moderation` tinyint(1) NOT NULL DEFAULT '0',
  PRIMARY KEY (`id`),
  KEY `enable` (`enable`),
  KEY `last_post` (`last_post`),
  KEY `apm_agora_forums_lastpostid_index` (`last_post_id`)
) ENGINE=MyISAM  DEFAULT CHARSET=utf8 AUTO_INCREMENT=2 ;

--
-- Dumping data for table `apm_agora_forums`
--

INSERT INTO `apm_agora_forums` (`id`, `enable`, `forum_name`, `forum_desc`, `forum_mdesc`, `forum_key`, `redirect_url`, `moderators`, `num_topics`, `num_posts`, `last_post`, `last_post_id`, `last_poster`, `sort_by`, `disp_position`, `cat_id`, `parent_forum_id`, `icon_style_id`, `single_topic`, `enable_sched`, `sched_end`, `closed`, `closed_text`, `use_moderation`) VALUES
(1, 1, 'Suggestions Litteraires', 'Cet espace est le vôtre, n''hésitez pas à partager ou suggérer des titres d''ouvrages intéressants!', '', '', NULL, NULL, 0, 0, NULL, NULL, NULL, 0, 1, 1, 0, 0, 0, 0, '0000-00-00 00:00:00', 0, '', 0);

-- --------------------------------------------------------

--
-- Table structure for table `apm_agora_group`
--

CREATE TABLE IF NOT EXISTS `apm_agora_group` (
  `id` int(10) unsigned NOT NULL AUTO_INCREMENT,
  `name` varchar(255) NOT NULL,
  `parent_id` int(10) unsigned NOT NULL DEFAULT '0',
  `caps_message` tinyint(1) NOT NULL DEFAULT '1',
  `caps_subject` tinyint(1) NOT NULL DEFAULT '1',
  `sig_smilies` tinyint(1) NOT NULL DEFAULT '1',
  `sig_bbcode` tinyint(1) NOT NULL DEFAULT '1',
  `sig_bbcode_img` tinyint(1) NOT NULL DEFAULT '1',
  `sig_caps` tinyint(1) NOT NULL DEFAULT '1',
  `sig_length` int(10) NOT NULL DEFAULT '400',
  `sig_lines` int(10) NOT NULL DEFAULT '4',
  `search` tinyint(1) NOT NULL DEFAULT '1',
  `search_users` tinyint(1) NOT NULL DEFAULT '1',
  `pm` tinyint(1) NOT NULL DEFAULT '1',
  `pm_limit` int(10) NOT NULL DEFAULT '20',
  `rep` tinyint(1) NOT NULL DEFAULT '1',
  `rep_minus_min` int(10) unsigned NOT NULL DEFAULT '10',
  `rep_plus_min` int(10) unsigned NOT NULL DEFAULT '10',
  PRIMARY KEY (`id`)
) ENGINE=MyISAM  DEFAULT CHARSET=utf8 AUTO_INCREMENT=2 ;

--
-- Dumping data for table `apm_agora_group`
--

INSERT INTO `apm_agora_group` (`id`, `name`, `parent_id`, `caps_message`, `caps_subject`, `sig_smilies`, `sig_bbcode`, `sig_bbcode_img`, `sig_caps`, `sig_length`, `sig_lines`, `search`, `search_users`, `pm`, `pm_limit`, `rep`, `rep_minus_min`, `rep_plus_min`) VALUES
(1, 'Global', 0, 1, 1, 1, 1, 1, 1, 400, 4, 1, 1, 1, 20, 1, 10, 10);

-- --------------------------------------------------------

--
-- Table structure for table `apm_agora_group_forum`
--

CREATE TABLE IF NOT EXISTS `apm_agora_group_forum` (
  `id` int(10) unsigned NOT NULL AUTO_INCREMENT,
  `group_id` int(10) unsigned NOT NULL,
  `forum_id` int(10) unsigned NOT NULL,
  `role_id` int(10) unsigned NOT NULL,
  `access_id` int(10) unsigned NOT NULL,
  PRIMARY KEY (`id`),
  UNIQUE KEY `group_id` (`group_id`,`forum_id`,`role_id`)
) ENGINE=MyISAM  DEFAULT CHARSET=utf8 AUTO_INCREMENT=5 ;

--
-- Dumping data for table `apm_agora_group_forum`
--

INSERT INTO `apm_agora_group_forum` (`id`, `group_id`, `forum_id`, `role_id`, `access_id`) VALUES
(1, 1, 1, 1, 5),
(2, 1, 1, 2, 6),
(3, 1, 1, 3, 7),
(4, 1, 1, 4, 8);

-- --------------------------------------------------------

--
-- Table structure for table `apm_agora_group_permissions`
--

CREATE TABLE IF NOT EXISTS `apm_agora_group_permissions` (
  `id` int(10) unsigned NOT NULL AUTO_INCREMENT,
  `group_id` int(10) unsigned NOT NULL,
  `role_id` int(10) unsigned NOT NULL,
  `access_id` int(10) unsigned NOT NULL,
  PRIMARY KEY (`id`),
  UNIQUE KEY `group_id` (`group_id`,`role_id`),
  UNIQUE KEY `access_id` (`access_id`)
) ENGINE=MyISAM  DEFAULT CHARSET=utf8 AUTO_INCREMENT=5 ;

--
-- Dumping data for table `apm_agora_group_permissions`
--

INSERT INTO `apm_agora_group_permissions` (`id`, `group_id`, `role_id`, `access_id`) VALUES
(1, 1, 1, 1),
(2, 1, 2, 2),
(3, 1, 3, 3),
(4, 1, 4, 4);

-- --------------------------------------------------------

--
-- Table structure for table `apm_agora_icon_styles`
--

CREATE TABLE IF NOT EXISTS `apm_agora_icon_styles` (
  `id` int(10) unsigned NOT NULL AUTO_INCREMENT,
  `ref_name` varchar(200) NOT NULL,
  `params` text,
  PRIMARY KEY (`id`)
) ENGINE=MyISAM DEFAULT CHARSET=utf8 AUTO_INCREMENT=1 ;

-- --------------------------------------------------------

--
-- Table structure for table `apm_agora_messages`
--

CREATE TABLE IF NOT EXISTS `apm_agora_messages` (
  `id` int(10) unsigned NOT NULL AUTO_INCREMENT,
  `owner` int(10) DEFAULT '0',
  `subject` varchar(120) DEFAULT '0',
  `message` text,
  `sender` varchar(120) DEFAULT NULL,
  `sender_id` int(10) DEFAULT '0',
  `posted` int(10) DEFAULT '0',
  `sender_ip` varchar(120) DEFAULT NULL,
  `smileys` tinyint(4) DEFAULT '1',
  `status` tinyint(4) DEFAULT '0',
  `showed` tinyint(4) DEFAULT '0',
  PRIMARY KEY (`id`)
) ENGINE=MyISAM DEFAULT CHARSET=utf8 AUTO_INCREMENT=1 ;

-- --------------------------------------------------------

--
-- Table structure for table `apm_agora_permissions`
--

CREATE TABLE IF NOT EXISTS `apm_agora_permissions` (
  `id` int(10) unsigned NOT NULL AUTO_INCREMENT,
  `read` tinyint(1) NOT NULL DEFAULT '1',
  `bbcode` tinyint(1) NOT NULL DEFAULT '1',
  `bbcode_img` tinyint(1) NOT NULL DEFAULT '1',
  `read_rss` tinyint(1) NOT NULL DEFAULT '1',
  `post_reply` tinyint(1) NOT NULL DEFAULT '1',
  `post_poll` tinyint(1) NOT NULL DEFAULT '1',
  `post_topic` tinyint(1) NOT NULL DEFAULT '1',
  `edit_topic` tinyint(1) NOT NULL DEFAULT '1',
  `edit_posts` tinyint(1) NOT NULL DEFAULT '1',
  `delete_topics` tinyint(1) NOT NULL DEFAULT '1',
  `delete_posts` tinyint(1) NOT NULL DEFAULT '1',
  `make_sticky` tinyint(1) NOT NULL DEFAULT '1',
  `close_topic` tinyint(1) NOT NULL DEFAULT '1',
  `use_captcha` tinyint(1) NOT NULL DEFAULT '0',
  `post_approve` tinyint(1) NOT NULL DEFAULT '0',
  PRIMARY KEY (`id`)
) ENGINE=MyISAM  DEFAULT CHARSET=utf8 AUTO_INCREMENT=9 ;

--
-- Dumping data for table `apm_agora_permissions`
--

INSERT INTO `apm_agora_permissions` (`id`, `read`, `bbcode`, `bbcode_img`, `read_rss`, `post_reply`, `post_poll`, `post_topic`, `edit_topic`, `edit_posts`, `delete_topics`, `delete_posts`, `make_sticky`, `close_topic`, `use_captcha`, `post_approve`) VALUES
(1, 1, 0, 0, 1, 0, 0, 0, 0, 0, 0, 0, 0, 0, 0, 0),
(2, 1, 1, 1, 1, 1, 1, 1, 1, 1, 0, 0, 0, 0, 0, 0),
(3, 1, 1, 1, 1, 1, 1, 1, 1, 1, 1, 1, 1, 1, 0, 1),
(4, 1, 1, 1, 1, 1, 1, 1, 1, 1, 1, 1, 1, 1, 0, 1),
(5, 1, 0, 0, 1, 0, 0, 0, 0, 0, 0, 0, 0, 0, 0, 0),
(6, 1, 1, 1, 1, 1, 1, 1, 1, 1, 0, 0, 0, 0, 0, 0),
(7, 1, 1, 1, 1, 1, 1, 1, 1, 1, 1, 1, 1, 1, 0, 1),
(8, 1, 1, 1, 1, 1, 1, 1, 1, 1, 1, 1, 1, 1, 0, 1);

-- --------------------------------------------------------

--
-- Table structure for table `apm_agora_polls`
--

CREATE TABLE IF NOT EXISTS `apm_agora_polls` (
  `id` int(11) NOT NULL AUTO_INCREMENT,
  `pollid` int(11) NOT NULL DEFAULT '0',
  `options` longtext NOT NULL,
  `voters` longtext NOT NULL,
  `ptype` tinyint(4) NOT NULL DEFAULT '0',
  `votes` longtext NOT NULL,
  `created` int(10) unsigned NOT NULL,
  `edited` int(10) unsigned NOT NULL DEFAULT '0',
  PRIMARY KEY (`id`)
) ENGINE=MyISAM DEFAULT CHARSET=utf8 AUTO_INCREMENT=1 ;

-- --------------------------------------------------------

--
-- Table structure for table `apm_agora_posts`
--

CREATE TABLE IF NOT EXISTS `apm_agora_posts` (
  `id` int(10) unsigned NOT NULL AUTO_INCREMENT,
  `poster` varchar(200) DEFAULT NULL,
  `poster_id` int(10) unsigned DEFAULT '1',
  `poster_ip` varchar(15) DEFAULT NULL,
  `poster_email` varchar(50) DEFAULT NULL,
  `message` text,
  `hide_smilies` tinyint(1) DEFAULT '0',
  `posted` int(10) unsigned DEFAULT '0',
  `edited` int(10) unsigned DEFAULT NULL,
  `edited_by` varchar(200) DEFAULT NULL,
  `topic_id` int(10) unsigned DEFAULT '0',
  `userimage` varchar(144) NOT NULL,
  `approved` tinyint(1) NOT NULL DEFAULT '1',
  PRIMARY KEY (`id`),
  KEY `apm_agora_posts_topic_id_idx` (`topic_id`),
  KEY `apm_agora_posts_multi_idx` (`poster_id`,`topic_id`),
  KEY `apm_agora_posts_posted_idx` (`posted`),
  FULLTEXT KEY `message_fulltext_search` (`message`)
) ENGINE=MyISAM DEFAULT CHARSET=utf8 AUTO_INCREMENT=1 ;

-- --------------------------------------------------------

--
-- Table structure for table `apm_agora_profile_fields`
--

CREATE TABLE IF NOT EXISTS `apm_agora_profile_fields` (
  `id` int(10) unsigned NOT NULL AUTO_INCREMENT,
  `field_type` smallint(6) NOT NULL,
  `name` varchar(255) NOT NULL,
  `order` int(11) NOT NULL,
  `lang_entry` text,
  PRIMARY KEY (`id`)
) ENGINE=MyISAM DEFAULT CHARSET=utf8 AUTO_INCREMENT=1 ;

-- --------------------------------------------------------

--
-- Table structure for table `apm_agora_profile_field_entries`
--

CREATE TABLE IF NOT EXISTS `apm_agora_profile_field_entries` (
  `e_id` int(6) NOT NULL AUTO_INCREMENT,
  `f_id` int(6) NOT NULL,
  `value` varchar(255) DEFAULT NULL,
  `u_id` int(6) NOT NULL,
  PRIMARY KEY (`e_id`)
) ENGINE=MyISAM DEFAULT CHARSET=utf8 AUTO_INCREMENT=1 ;

-- --------------------------------------------------------

--
-- Table structure for table `apm_agora_ranks`
--

CREATE TABLE IF NOT EXISTS `apm_agora_ranks` (
  `id` int(10) unsigned NOT NULL AUTO_INCREMENT,
  `rank` varchar(50) DEFAULT NULL,
  `min_posts` mediumint(8) unsigned DEFAULT '0',
  `image` varchar(50) DEFAULT '',
  `user_type` varchar(50) DEFAULT '',
  PRIMARY KEY (`id`)
) ENGINE=MyISAM DEFAULT CHARSET=utf8 AUTO_INCREMENT=1 ;

-- --------------------------------------------------------

--
-- Table structure for table `apm_agora_ratings`
--

CREATE TABLE IF NOT EXISTS `apm_agora_ratings` (
  `rate` tinyint(2) DEFAULT NULL,
  `user_id` int(10) unsigned DEFAULT NULL,
  `topic_id` int(10) unsigned DEFAULT NULL
) ENGINE=MyISAM DEFAULT CHARSET=utf8;

-- --------------------------------------------------------

--
-- Table structure for table `apm_agora_read_posts`
--

CREATE TABLE IF NOT EXISTS `apm_agora_read_posts` (
  `id` int(10) unsigned NOT NULL AUTO_INCREMENT,
  `read_time` int(10) unsigned DEFAULT NULL,
  `user_id` int(10) NOT NULL,
  `topic_id` int(10) NOT NULL,
  PRIMARY KEY (`id`),
  UNIQUE KEY `user_id` (`user_id`,`topic_id`)
) ENGINE=MyISAM DEFAULT CHARSET=utf8 AUTO_INCREMENT=1 ;

-- --------------------------------------------------------

--
-- Table structure for table `apm_agora_reports`
--

CREATE TABLE IF NOT EXISTS `apm_agora_reports` (
  `id` int(10) unsigned NOT NULL AUTO_INCREMENT,
  `post_id` int(10) unsigned DEFAULT '0',
  `topic_id` int(10) unsigned DEFAULT '0',
  `forum_id` int(10) unsigned DEFAULT '0',
  `reported_by` int(10) unsigned DEFAULT '0',
  `created` int(10) unsigned DEFAULT '0',
  `message` text,
  `zapped` int(10) unsigned DEFAULT NULL,
  `zapped_by` int(10) unsigned DEFAULT NULL,
  PRIMARY KEY (`id`),
  KEY `apm_agora_reports_zapped_idx` (`zapped`)
) ENGINE=MyISAM DEFAULT CHARSET=utf8 AUTO_INCREMENT=1 ;

-- --------------------------------------------------------

--
-- Table structure for table `apm_agora_reputation`
--

CREATE TABLE IF NOT EXISTS `apm_agora_reputation` (
  `id` int(10) unsigned NOT NULL AUTO_INCREMENT,
  `user_id` int(10) unsigned NOT NULL DEFAULT '0',
  `from_user_id` int(10) unsigned NOT NULL DEFAULT '0',
  `time` int(10) unsigned NOT NULL DEFAULT '0',
  `post_id` int(10) unsigned NOT NULL DEFAULT '0',
  `reason` text NOT NULL,
  `rep_plus` tinyint(1) unsigned NOT NULL DEFAULT '0',
  `rep_minus` tinyint(1) unsigned NOT NULL DEFAULT '0',
  `topics_id` int(10) unsigned NOT NULL DEFAULT '0',
  PRIMARY KEY (`id`)
) ENGINE=MyISAM DEFAULT CHARSET=utf8 AUTO_INCREMENT=1 ;

-- --------------------------------------------------------

--
-- Table structure for table `apm_agora_roles`
--

CREATE TABLE IF NOT EXISTS `apm_agora_roles` (
  `id` int(10) unsigned NOT NULL AUTO_INCREMENT,
  `name` varchar(255) NOT NULL,
  PRIMARY KEY (`id`)
) ENGINE=MyISAM  DEFAULT CHARSET=utf8 AUTO_INCREMENT=5 ;

--
-- Dumping data for table `apm_agora_roles`
--

INSERT INTO `apm_agora_roles` (`id`, `name`) VALUES
(1, 'guest'),
(2, 'member'),
(3, 'moderator'),
(4, 'admin');

-- --------------------------------------------------------

--
-- Table structure for table `apm_agora_smilies`
--

CREATE TABLE IF NOT EXISTS `apm_agora_smilies` (
  `id` int(10) NOT NULL AUTO_INCREMENT,
  `image` varchar(60) NOT NULL DEFAULT '',
  `text` varchar(60) NOT NULL DEFAULT '',
  PRIMARY KEY (`id`)
) ENGINE=MyISAM  DEFAULT CHARSET=utf8 AUTO_INCREMENT=18 ;

--
-- Dumping data for table `apm_agora_smilies`
--

INSERT INTO `apm_agora_smilies` (`id`, `image`, `text`) VALUES
(1, 'big_smile.png', ':D'),
(2, 'cool.png', ':cool:'),
(3, 'cool.png', ':B:'),
(4, 'lol.png', ':lol:'),
(5, 'hmm.png', ':/'),
(6, 'roll.png', ':rolleyes:'),
(7, 'mad.png', ':mad:'),
(8, 'tongue.png', ':P'),
(9, 'wink.png', ';)'),
(10, 'yikes.png', ':O'),
(11, 'yikes.png', ':o'),
(12, 'big_smile.png', ':=D'),
(13, 'sad.png', ':('),
(14, 'sad.png', '=('),
(15, 'neutral.png', ':|'),
(16, 'smile.png', ':)'),
(17, 'smile.png', '=)');

-- --------------------------------------------------------

--
-- Table structure for table `apm_agora_subscriptions`
--

CREATE TABLE IF NOT EXISTS `apm_agora_subscriptions` (
  `user_id` int(10) unsigned NOT NULL DEFAULT '0',
  `topic_id` int(10) unsigned NOT NULL DEFAULT '0',
  `forum_id` int(10) unsigned NOT NULL DEFAULT '0',
  `category_id` int(10) unsigned NOT NULL DEFAULT '0',
  `emailed` tinyint(1) unsigned NOT NULL DEFAULT '0',
  PRIMARY KEY (`user_id`,`topic_id`,`forum_id`,`category_id`)
) ENGINE=MyISAM DEFAULT CHARSET=utf8;

-- --------------------------------------------------------

--
-- Table structure for table `apm_agora_topics`
--

CREATE TABLE IF NOT EXISTS `apm_agora_topics` (
  `id` int(10) unsigned NOT NULL AUTO_INCREMENT,
  `poster` varchar(200) DEFAULT NULL,
  `subject` varchar(255) DEFAULT NULL,
  `descrip_t` varchar(255) DEFAULT NULL,
  `posted` int(10) unsigned DEFAULT '0',
  `last_post` int(10) unsigned DEFAULT '0',
  `last_post_id` int(10) unsigned DEFAULT '0',
  `last_poster` varchar(200) DEFAULT NULL,
  `num_views` mediumint(8) unsigned DEFAULT '0',
  `num_replies` mediumint(8) unsigned DEFAULT '0',
  `closed` tinyint(1) DEFAULT '0',
  `sticky` tinyint(1) DEFAULT '0',
  `moved_to` int(10) unsigned DEFAULT NULL,
  `forum_id` int(10) unsigned DEFAULT '0',
  `announcements` tinyint(1) NOT NULL DEFAULT '0',
  `question` varchar(255) DEFAULT NULL,
  `yes` varchar(30) DEFAULT NULL,
  `no` varchar(30) DEFAULT NULL,
  `icon_topic` tinyint(1) NOT NULL DEFAULT '0',
  `approved` tinyint(1) NOT NULL DEFAULT '1',
  PRIMARY KEY (`id`),
  KEY `apm_agora_topics_forum_id_idx` (`forum_id`),
  KEY `apm_agora_topics_moved_to_idx` (`moved_to`),
  KEY `apm_agora_topics_lastpostid_index` (`last_post_id`),
  FULLTEXT KEY `subject_fulltext_search` (`subject`)
) ENGINE=MyISAM DEFAULT CHARSET=utf8 AUTO_INCREMENT=1 ;

-- --------------------------------------------------------

--
-- Table structure for table `apm_agora_users`
--

CREATE TABLE IF NOT EXISTS `apm_agora_users` (
  `id` int(10) unsigned NOT NULL AUTO_INCREMENT,
  `jos_id` int(10) NOT NULL,
  `group_id` int(10) unsigned DEFAULT '4',
  `username` varchar(200) DEFAULT NULL,
  `imgaward` varchar(255) NOT NULL,
  `email` varchar(50) DEFAULT NULL,
  `title` varchar(50) DEFAULT NULL,
  `url` varchar(100) DEFAULT NULL,
  `jabber` varchar(75) DEFAULT NULL,
  `icq` varchar(12) DEFAULT NULL,
  `msn` varchar(50) DEFAULT NULL,
  `aim` varchar(30) DEFAULT NULL,
  `yahoo` varchar(30) DEFAULT NULL,
  `skype` varchar(30) DEFAULT NULL,
  `xfire` varchar(30) DEFAULT NULL,
  `location` varchar(30) DEFAULT NULL,
  `use_avatar` tinyint(1) DEFAULT '0',
  `signature` text,
  `disp_topics` tinyint(3) unsigned DEFAULT NULL,
  `disp_posts` tinyint(3) unsigned DEFAULT NULL,
  `notify_with_post` tinyint(1) DEFAULT '0',
  `show_smilies` tinyint(1) DEFAULT '1',
  `show_img` tinyint(1) DEFAULT '1',
  `show_img_sig` tinyint(1) DEFAULT '1',
  `show_avatars` tinyint(1) DEFAULT '1',
  `show_sig` tinyint(1) DEFAULT '1',
  `style` varchar(25) DEFAULT 'Olympus',
  `num_posts` int(10) unsigned DEFAULT '0',
  `last_post` int(10) unsigned DEFAULT NULL,
  `registered` int(10) unsigned DEFAULT '0',
  `last_visit` int(10) unsigned DEFAULT '0',
  `reverse_posts` tinyint(1) NOT NULL DEFAULT '0',
  `admin_note` varchar(30) DEFAULT NULL,
  `reputation_enable` tinyint(1) NOT NULL DEFAULT '0',
  `rep_minus` int(11) unsigned NOT NULL DEFAULT '0',
  `rep_plus` int(11) unsigned NOT NULL DEFAULT '0',
  `latitude` varchar(100) DEFAULT NULL,
  `longitude` varchar(100) DEFAULT NULL,
  `gender` int(1) NOT NULL DEFAULT '0',
  `birthday` int(10) DEFAULT '0',
  `hide_age` tinyint(1) NOT NULL DEFAULT '0',
  `interests` varchar(255) NOT NULL DEFAULT '',
  `aboutme` text NOT NULL,
  `ignore_mode` tinyint(1) NOT NULL DEFAULT '1',
  `ignored_users` varchar(255) DEFAULT NULL,
  `auto_subscriptions` tinyint(1) DEFAULT '1',
  `last_known_ip` varchar(15) DEFAULT '0.0.0.0',
  PRIMARY KEY (`id`),
  KEY `apm_agora_users_num_posts_idx` (`num_posts`),
  KEY `apm_agora_users_registered_idx` (`registered`),
  KEY `apm_agora_users_username_idx` (`username`(8)),
  KEY `apm_id_index` (`jos_id`)
) ENGINE=MyISAM  DEFAULT CHARSET=utf8 AUTO_INCREMENT=13 ;

--
-- Dumping data for table `apm_agora_users`
--

INSERT INTO `apm_agora_users` (`id`, `jos_id`, `group_id`, `username`, `imgaward`, `email`, `title`, `url`, `jabber`, `icq`, `msn`, `aim`, `yahoo`, `skype`, `xfire`, `location`, `use_avatar`, `signature`, `disp_topics`, `disp_posts`, `notify_with_post`, `show_smilies`, `show_img`, `show_img_sig`, `show_avatars`, `show_sig`, `style`, `num_posts`, `last_post`, `registered`, `last_visit`, `reverse_posts`, `admin_note`, `reputation_enable`, `rep_minus`, `rep_plus`, `latitude`, `longitude`, `gender`, `birthday`, `hide_age`, `interests`, `aboutme`, `ignore_mode`, `ignored_users`, `auto_subscriptions`, `last_known_ip`) VALUES
(1, 62, 4, 'admin', '', 'oussama@mtds.com', NULL, NULL, NULL, NULL, NULL, NULL, NULL, NULL, NULL, NULL, 0, NULL, NULL, NULL, 0, 1, 1, 1, 1, 1, 'Olympus', 0, NULL, 1323079646, 1364482768, 0, NULL, 0, 0, 0, NULL, NULL, 0, 0, 0, '', '', 1, NULL, 1, '192.168.200.54'),
(6, 67, 4, 'amar', '', 'amar_yamama@yahoo.fr', NULL, NULL, NULL, NULL, NULL, NULL, NULL, NULL, NULL, NULL, 0, NULL, NULL, NULL, 0, 1, 1, 1, 1, 1, 'Olympus', 0, NULL, 1344077236, 1344077403, 0, NULL, 0, 0, 0, NULL, NULL, 0, 0, 0, '', '', 1, NULL, 1, '0.0.0.0'),
(5, 66, 4, 'elhammoumi', '', 'abahajar@gmail.com', NULL, NULL, NULL, NULL, NULL, NULL, NULL, NULL, NULL, NULL, 0, NULL, NULL, NULL, 0, 1, 1, 1, 1, 1, 'Olympus', 0, NULL, 1344077223, 0, 0, NULL, 0, 0, 0, NULL, NULL, 0, 0, 0, '', '', 1, NULL, 1, '0.0.0.0'),
(4, 65, 4, 'hindmyriam', '', 'hindechchaoui@gmail.com', NULL, NULL, NULL, NULL, NULL, NULL, NULL, NULL, NULL, NULL, 0, NULL, NULL, NULL, 0, 1, 1, 1, 1, 1, 'Olympus', 0, NULL, 1338193301, 0, 0, NULL, 0, 0, 0, NULL, NULL, 0, 0, 0, '', '', 1, NULL, 1, '0.0.0.0'),
(7, 68, 4, 'hbenqlilou', '', 'hbenqlilou@gmail.com', NULL, NULL, NULL, NULL, NULL, NULL, NULL, NULL, NULL, NULL, 0, NULL, NULL, NULL, 0, 1, 1, 1, 1, 1, 'Olympus', 0, NULL, 1344077255, 0, 0, NULL, 0, 0, 0, NULL, NULL, 0, 0, 0, '', '', 1, NULL, 1, '0.0.0.0'),
(12, 73, 4, 'appageary', '', 'balescstj@hotmail.com', NULL, NULL, NULL, NULL, NULL, NULL, NULL, NULL, NULL, NULL, 0, NULL, NULL, NULL, 0, 1, 1, 1, 1, 1, 'Olympus', 0, NULL, 1367267074, 0, 0, NULL, 0, 0, 0, NULL, NULL, 0, 0, 0, '', '', 1, NULL, 1, '0.0.0.0');

-- --------------------------------------------------------

--
-- Table structure for table `apm_agora_user_group`
--

CREATE TABLE IF NOT EXISTS `apm_agora_user_group` (
  `id` int(10) unsigned NOT NULL AUTO_INCREMENT,
  `user_id` int(10) unsigned NOT NULL,
  `group_id` int(10) unsigned NOT NULL,
  `role_id` int(10) unsigned NOT NULL,
  PRIMARY KEY (`id`),
  UNIQUE KEY `user_id` (`user_id`,`group_id`)
) ENGINE=MyISAM  DEFAULT CHARSET=utf8 AUTO_INCREMENT=13 ;

--
-- Dumping data for table `apm_agora_user_group`
--

INSERT INTO `apm_agora_user_group` (`id`, `user_id`, `group_id`, `role_id`) VALUES
(1, 1, 1, 4),
(6, 6, 1, 2),
(5, 5, 1, 2),
(4, 4, 1, 2),
(7, 7, 1, 2),
(12, 12, 1, 2);

-- --------------------------------------------------------

--
-- Table structure for table `apm_agora_user_warning`
--

CREATE TABLE IF NOT EXISTS `apm_agora_user_warning` (
  `id` int(10) unsigned NOT NULL AUTO_INCREMENT,
  `user_id` int(10) NOT NULL,
  `warning_id` int(10) NOT NULL,
  `message` varchar(255) NOT NULL,
  `posted` int(10) NOT NULL,
  `expire` int(10) NOT NULL,
  PRIMARY KEY (`id`)
) ENGINE=MyISAM DEFAULT CHARSET=utf8 AUTO_INCREMENT=1 ;

-- --------------------------------------------------------

--
-- Table structure for table `apm_agora_warning`
--

CREATE TABLE IF NOT EXISTS `apm_agora_warning` (
  `id` int(10) unsigned NOT NULL AUTO_INCREMENT,
  `points` int(10) NOT NULL,
  `message` varchar(255) DEFAULT NULL,
  `expire` int(10) NOT NULL DEFAULT '0',
  `image` varchar(255) DEFAULT NULL,
  `message_txt` text,
  PRIMARY KEY (`id`)
) ENGINE=MyISAM DEFAULT CHARSET=utf8 AUTO_INCREMENT=1 ;

-- --------------------------------------------------------

--
-- Table structure for table `apm_avrbak_avr_player`
--

CREATE TABLE IF NOT EXISTS `apm_avrbak_avr_player` (
  `id` int(11) NOT NULL AUTO_INCREMENT,
  `version` int(11) NOT NULL DEFAULT '0',
  `minw` int(11) NOT NULL DEFAULT '0',
  `minh` int(11) NOT NULL DEFAULT '0',
  `isjw` int(1) NOT NULL DEFAULT '0',
  `name` varchar(25) NOT NULL,
  `code` mediumtext NOT NULL,
  `description` varchar(255) NOT NULL DEFAULT '',
  PRIMARY KEY (`id`)
) ENGINE=MyISAM  DEFAULT CHARSET=utf8 AUTO_INCREMENT=38 ;

-- --------------------------------------------------------

--
-- Table structure for table `apm_avrbak_avr_ripper`
--

CREATE TABLE IF NOT EXISTS `apm_avrbak_avr_ripper` (
  `id` int(11) NOT NULL AUTO_INCREMENT,
  `version` int(11) NOT NULL DEFAULT '0',
  `flags` int(11) NOT NULL DEFAULT '0',
  `cindex` int(11) NOT NULL DEFAULT '0',
  `name` varchar(25) NOT NULL,
  `url` varchar(255) NOT NULL,
  `regex` varchar(255) NOT NULL,
  `description` varchar(255) NOT NULL DEFAULT '',
  PRIMARY KEY (`id`)
) ENGINE=MyISAM  DEFAULT CHARSET=utf8 AUTO_INCREMENT=10 ;

-- --------------------------------------------------------

--
-- Table structure for table `apm_avrbak_avr_tags`
--

CREATE TABLE IF NOT EXISTS `apm_avrbak_avr_tags` (
  `id` int(11) NOT NULL AUTO_INCREMENT,
  `version` int(11) NOT NULL DEFAULT '0',
  `player_id` int(11) NOT NULL,
  `ripper_id` int(11) NOT NULL DEFAULT '0',
  `local` int(1) NOT NULL DEFAULT '0',
  `plist` int(1) NOT NULL DEFAULT '0',
  `name` varchar(25) NOT NULL,
  `postreplace` varchar(255) NOT NULL DEFAULT '',
  `sampleregex` varchar(255) NOT NULL DEFAULT '',
  `description` varchar(255) NOT NULL DEFAULT '',
  PRIMARY KEY (`id`),
  KEY `tag` (`name`)
) ENGINE=MyISAM  DEFAULT CHARSET=utf8 AUTO_INCREMENT=83 ;

-- --------------------------------------------------------

--
-- Table structure for table `apm_avr_player`
--

CREATE TABLE IF NOT EXISTS `apm_avr_player` (
  `id` int(11) NOT NULL AUTO_INCREMENT,
  `version` int(11) NOT NULL DEFAULT '0',
  `minw` int(11) NOT NULL DEFAULT '0',
  `minh` int(11) NOT NULL DEFAULT '0',
  `isjw` int(1) NOT NULL DEFAULT '0',
  `name` varchar(25) NOT NULL,
  `code` mediumtext NOT NULL,
  `description` varchar(255) NOT NULL DEFAULT '',
  PRIMARY KEY (`id`)
) ENGINE=MyISAM  DEFAULT CHARSET=utf8 AUTO_INCREMENT=43 ;

--
-- Dumping data for table `apm_avr_player`
--

INSERT INTO `apm_avr_player` (`id`, `version`, `minw`, `minh`, `isjw`, `name`, `code`, `description`) VALUES
(1, 0, 0, 0, 1, 'flv', '<script type="text/javascript">\nswfobject.embedSWF(''@RLOC@mediaplayer.swf'',''@DIVID@'',''@WIDTH@'',''@HEIGHT@'',''@FLASHVER@'',@XPINST@,\n{file:''@MURL@'',width:''@WIDTH@'',height:''@HEIGHT@'',@IF(ENABLEJS)@javascriptid:''p_@DIVID@'',\n@/IF@@IFS(PLTHUMBS)@thumbsinplaylist:''@PLTHUMBS@'',\n@/IFS@@IF(AUTOSCROLL)@autoscroll:''@AUTOSCROLL@'',\n@/IF@@IFS(TYPE)@type:''@TYPE@'',\n@/IFS@@IFS(VOLUME)@volume:''@VOLUME@'',\n@/IFS@@IFS(CFG)@config:''@CFG@'',\n@/IFS@@IFS(LINK)@link:''@LINK@'',\n@/IFS@@IFS(IMG)@image:''@IMG@'',\n@/IFS@@IFS(LINK)@linkfromdisplay:''@LINKFROMDISPLAY@'',\n@/IFS@@IFS(LINK)@linktarget:''@LINKTARGET@'',\n@/IFS@@IFS(REPEAT)@repeat:''@REPEAT@'',\n@/IFS@@IFS(SHUFFLE)@shuffle:''@SHUFFLE@'',\n@/IFS@@IFS(RECURL)@recommendations:''@RECURL@'',\n@/IFS@@IFS(DISPLAYWIDTH)@displaywidth:''@DISPLAYWIDTH@'',\n@/IFS@@IFS(DISPLAYHEIGHT)@displayheight:''@DISPLAYHEIGHT@'',\n@/IFS@@IFS(LOGO)@logo:''@LOGO@'',\n@/IFS@@IFS(CAPTIONS)@captions:''@CAPTIONS@'',\n@/IFS@@IFS(USECAPTIONS)@usecaptions:''@USECAPTIONS@'',\n@/IFS@@IFS(SEARCHLINK)@searchlink:''@SEARCHLINK@'',\n@/IFS@showeq:''@SHOWEQ@'',searchbar:''@SEARCHBAR@'',enablejs:''@ENABLEJS@'',autostart:''@AUTOSTART@'',showicons:''@SHOWICONS@'',@IF(!SHOWNAV)@shownavigation:''@SHOWNAV@'',@/IF@@IF(SHOWNAV)@showstop:''@SHOWSTOP@'',showdigits:''@SHOWDIGITS@'',\nshowdownload:''@SHOWDOWNLOAD@'',@/IF@usefullscreen:''@USEFULLSCREEN@'',backcolor:''@PBGCOLOR@'',frontcolor:''@PFGCOLOR@'',\nlightcolor:''@PHICOLOR@'',screencolor:''@PSCCOLOR@'',overstretch:''@STRETCH@''}\n,{allowscriptaccess:''always'',seamlesstabbing:''true'',allowfullscreen:''true'',wmode:''@WMODE@'',bgcolor:''@BGCOLOR@'',menu:''@MENU@''},\n{id:''p_@DIVID@'',styleclass:''@AVCSS@''});\n</script>', 'JW Media Player'),
(2, 0, 0, 0, 0, 'wmv', '<object classid="CLSID:6BF52A52-394A-11d3-B153-00C04F79FAA6"\n type="application/x-oleobject" style="width: @WIDTH@px; height: @HEIGHT@px;">\n<param name="URL" value="@MURL@" />\n<param name="stretchToFit" value="1" />\n<param name="showControls" value="1" />\n<param name="showStatusBar" value="0" />\n<param name="animationAtStart" value="1" />\n<param name="autoStart" value="@AUTOSTART!d@" />\n<param name="enableFullScreenControls" value="@USEFULLSCREEN!d@" \n/><embed src="@MURL@" style="width: @WIDTH@px; height: @HEIGHT@px;" autoStart="@AUTOSTART!d@" animationAtStart="1" enableFullScreenControls="@USEFULLSCREEN!d@" type="application/x-mplayer2"/></embed></object>', 'Windows Media Player'),
(3, 0, 0, 0, 0, 'mov', '<object codebase="http://www.apple.com/qtactivex/qtplugin.cab" classid="clsid:02BF25D5-8C17-4B23-BC80-D3488ABDDC6B" style="width: @WIDTH@px; height: @HEIGHT@px;"><param name="src" value="@MURL@" /><param name="controller" value="True" /><param name="cache" value="False" /><param name="autoplay" value="@AUTOSTART@" /><param name="kioskmode" value="False" /><param name="scale" value="tofit" /><embed src="@MURL@" pluginspage="http://www.apple.com/quicktime/download/" scale="tofit" kioskmode="False" qtsrc="@MURL@" cache="False" style="width: @WIDTH@px; height: @HEIGHT@px;" controller="True" type="video/quicktime" autoplay="@AUTOSTART@" /></object>', 'QuickTime Player'),
(4, 0, 0, 0, 0, 'rm', '<object classid="clsid:CFCDAA03-8BE4-11cf-B84B-0020AFBBCCFA" style="width: @WIDTH@px; height: @HEIGHT@px;"><param name="controls" value="ControlPanel" /><param name="autostart" value="@AUTOSTART!d@" /><param name="src" value="@MURL@" /><embed src="@MURL@" type="audio/x-pn-realaudio-plugin" style="width: @WIDTH@px; height: @HEIGHT@px;" controls="ControlPanel" autostart="@AUTOSTART!d@" /></object>', 'Real Media Player'),
(5, 0, 0, 0, 0, 'divx', '<object classid="CLSID:67DABFBF-D0AB-41fa-9C46-CC0F21721616"\ncodebase="http://download.divx.com/webplayer/stage6/windows/AutoDLDivXWebPlayerInstaller.cab" \n type="application/x-oleobject" style="width: @WIDTH@px; height: @HEIGHT@px;">\n<param name="src" value="@MURL@" />\n<param name="custommode" value="Stage6" />\n<param name="showControls" value="1" />\n<param name="showpostplaybackad" value="false" />\n<param name="allowContextMenu" value="@MENU@" />\n@IFS(IMG)@<param name="previewImage" value="@IMG@" />\n@/IFS@<param name="autoplay" value="@AUTOSTART@" \n/><embed type="video/divx" src="@MURL@" style="width: @WIDTH@px; height: @HEIGHT@px;" pluginspage="http://go.divx.com/plugin/download/" showpostplaybackad="false" custommode="Stage6" autoplay="@AUTOSTART@" allowContextMenu="@MENU@"@@IFS(IMG)@ previewImage="@IMG@"@/IFS@/></object>', 'DivX Webplayer'),
(6, 0, 0, 0, 0, '6cn', '<script type="text/javascript">\nswfobject.embedSWF(''http://6.cn/player.swf'',''@DIVID@'',''@WIDTH@'',''@HEIGHT@'',''9.0.28'',@XPINST@,\n{vid:''@CODE@'',flag:''1''},{allowfullscreen:''true'',wmode:''@WMODE@'',bgcolor:''@BGCOLOR@'',menu:''@MENU@''},{id:''p_@DIVID@'',styleclass:''@AVCSS@''});\n</script>', '6Cn.com original player'),
(7, 0, 0, 0, 0, 'biku', '<script type="text/javascript">\nswfobject.embedSWF(''http://www.biku.com/opus/player.swf?VideoID=@CODE@&embed=true&autoStart=@AUTOSTART@'',''@DIVID@'',''@WIDTH@'',''@HEIGHT@'',''9.0.28'',@XPINST@,\nfalse,{wmode:''@WMODE@'',menu:''@MENU@'',bgcolor:''@BGCOLOR@''},{id:''p_@DIVID@'',styleclass:''@AVCSS@''});\n</script>', 'Biku.com original player'),
(8, 0, 0, 0, 0, 'bofunk', '<script type="text/javascript">\nswfobject.embedSWF(''@CODE@'',''@DIVID@'',''@WIDTH@'',''@HEIGHT@'',''9.0.28'',@XPINST@,\nfalse,{allowfullscreen:''true'',wmode:''@WMODE@'',bgcolor:''@BGCOLOR@'',menu:''@MENU@''},{id:''p_@DIVID@'',styleclass:''@AVCSS@''});\n</script>', 'Bofunk.com original player'),
(9, 0, 0, 0, 0, 'break', '<script type="text/javascript">\nswfobject.embedSWF(''@CODE@'',''@DIVID@'',''@WIDTH@'',''@HEIGHT@'',''9.0.28'',@XPINST@,\nfalse,{wmode:''@WMODE@'',bgcolor:''@BGCOLOR@'',menu:''@MENU@''},{id:''p_@DIVID@'',styleclass:''@AVCSS@''});\n</script>', 'Break.com original player'),
(10, 0, 0, 0, 0, 'clipfish', '<script type="text/javascript">\nswfobject.embedSWF(''http://www.clipfish.de/videoplayer.swf?videoid=@CODE@&r=1'',''@DIVID@'',''@WIDTH@'',''@HEIGHT@'',''9.0.28'',@XPINST@,\nfalse,{wmode:''@WMODE@'',allowfullscreen:''true'',bgcolor:''@BGCOLOR@'',menu:''@MENU@''},{id:''p_@DIVID@'',styleclass:''@AVCSS@''});\n</script>', 'ClipFish.de original player'),
(11, 0, 0, 0, 0, 'collegehumor', '<script type="text/javascript">\nswfobject.embedSWF(''http://www.collegehumor.com/moogaloop/moogaloop.swf?clip_id=@CODE@'',''@DIVID@'',''@WIDTH@'',''@HEIGHT@'',''9.0.28'',@XPINST@,\nfalse,{wmode:''@WMODE@'',bgcolor:''@BGCOLOR@'',menu:''@MENU@''},{id:''p_@DIVID@'',styleclass:''@AVCSS@''});\n</script>', 'CollegeHumor original player'),
(12, 0, 420, 340, 0, 'currenttv', '<script type="text/javascript">\nswfobject.embedSWF(''http://current.com/e/@CODE@'',''@DIVID@'',''@WIDTH@'',''@HEIGHT@'',''9.0.28'',@XPINST@,\nfalse,{wmode:''@WMODE@'',bgcolor:''@BGCOLOR@'',menu:''@MENU@''},{id:''p_@DIVID@'',styleclass:''@AVCSS@''});\n</script>', 'CurrentTV original player'),
(13, 0, 0, 0, 0, 'dmotion', '<script type="text/javascript">\nswfobject.embedSWF(''http://www.dailymotion.com/swf/@CODE@'',''@DIVID@'',''@WIDTH@'',''@HEIGHT@'',''8.0.0'',@XPINST@,\n{v3:''1'',related:''0'',autoPlay:''@AUTOSTART!d@'',colors:''background:DDDDDD;glow:FFFFFF;foreground:333333;special:FFC300;''},{wmode:''@WMODE@'',bgcolor:''@BGCOLOR@'',quality:''high'',allowScriptAccess:''allways'',allowfullscreen:''true'',menu:''@MENU@''},{id:''p_@DIVID@'',styleclass:''@AVCSS@''});\n</script>', 'DailyMotion.com original player'),
(14, 0, 0, 0, 0, 'vidiac', '<script type="text/javascript">\nswfobject.embedSWF(''http://www.vidiac.com/vidiac.swf'',''@DIVID@'',''@WIDTH@'',''@HEIGHT@'',''9.0.28'',@XPINST@,\n{name:''ePlayer'',video:''@CODE@''},{wmode:''@WMODE@'',bgcolor:''@BGCOLOR@'',menu:''@MENU@''},{id:''p_@DIVID@'',styleclass:''@AVCSS@''});\n</script>', 'Vidiac.com original player'),
(15, 0, 0, 0, 0, 'gametrailers', '<script type="text/javascript">\nswfobject.embedSWF(''http://www.gametrailers.com/remote_wrap.php?mid=@CODE@'',''@DIVID@'',''@WIDTH@'',''@HEIGHT@'',''9.0.28'',@XPINST@,\nfalse,{wmode:''@WMODE@'',allowfullscreen:''true'',bgcolor:''@BGCOLOR@'',menu:''@MENU@''},{id:''p_@DIVID@'',styleclass:''@AVCSS@''});\n</script>', 'GameTrailers.com original player'),
(16, 0, 0, 0, 0, 'google', '<script type="text/javascript">\nswfobject.embedSWF(''http://video.google.com/googleplayer.swf'',''@DIVID@'',''@WIDTH@'',''@HEIGHT@'',''9.0.28'',@XPINST@,\n{@IF(AUTOSTART)@autoPlay:''true'',@/IF@docId:''@CODE@'',hl:''@LANG@''},{wmode:''@WMODE@'',bgcolor:''@BGCOLOR@'',menu:''@MENU@''},{id:''@DIVID@'',styleclass:''@AVCSS@''});\n</script>', 'Google Video original player'),
(17, 0, 0, 0, 0, 'spike', '<script type="text/javascript">\nswfobject.embedSWF(''http://www.spike.com/efp'',''@DIVID@'',''@WIDTH@'',''@HEIGHT@'',''9.0.28'',@XPINST@,\n{flvBaseClip:''@CODE@''},{name:''efp'',wmode:''@WMODE@'',bgcolor:''@BGCOLOR@'',menu:''@MENU@''},{id:''p_@DIVID@'',styleclass:''@AVCSS@''});\n</script>', 'Spike.com original player (previously iFilm.com)'),
(18, 0, 0, 0, 0, 'jumpcut', '<script type="text/javascript">\nswfobject.embedSWF(''http://www.jumpcut.com/media/flash/jump.swf'',''@DIVID@'',''@WIDTH@'',''@HEIGHT@'',''9.0.28'',@XPINST@,\n{asset_type:''movie'',asset_id:''@CODE@'',eb:''1''},{wmode:''@WMODE@'',bgcolor:''@BGCOLOR@'',menu:''@MENU@''},{id:''p_@DIVID@'',styleclass:''@AVCSS@''});\n</script>', 'JumpCut.com original player'),
(19, 0, 0, 0, 0, 'mega', '<script type="text/javascript">\nswfobject.embedSWF(''http://wwwstatic.megavideo.com/tmp_mvplayer.swf'',''@DIVID@'',''@WIDTH@'',''@HEIGHT@'',''8.0.0'',@XPINST@,\n{waitingtime:''0'',flv:''@CODE@'',k:''@RRESA@'',poker:''0'',v:''@OCODE@'',rel_again:''Play again'',rel_other:''Related videos'',u:'''',user:'''',from:''from:'',views:''views'',vid_time:''@RRESB@'',vid_name:'''',videoname:''''},{wmode:''@WMODE@'',bgcolor:''@BGCOLOR@'',quality:''high'',allowScriptAccess:''sameDomain'',allowFullScreen:''@USEFULLSCREEN@'',menu:''@MENU@''},{id:''p_@DIVID@'',styleclass:''@AVCSS@''});\n</script>', 'MegaVideo.com original player'),
(20, 0, 0, 0, 0, 'metacafe', '<script type="text/javascript">\nswfobject.embedSWF(''http://www.metacafe.com/fplayer/@CODE@.swf'',''@DIVID@'',''@WIDTH@'',''@HEIGHT@'',''9.0.28'',@XPINST@,\n{altServerURL:''http://www.metacafe.com'',playerVars:''showStats=no|autoPlay=no|videoTitle=''},{wmode:''@WMODE@'',bgcolor:''@BGCOLOR@'',menu:''@MENU@''},{id:''p_@DIVID@'',styleclass:''@AVCSS@''});\n</script>', 'MetaCafe.com original player'),
(21, 0, 0, 0, 0, 'mofile', '<script type="text/javascript">\nswfobject.embedSWF(''http://tv.mofile.com/cn/xplayer.swf'',''@DIVID@'',''@WIDTH@'',''@HEIGHT@'',''9.0.28'',@XPINST@,\n{v:''@CODE@'',autoplay:''0''},{wmode:''@WMODE@'',allowScriptAccess:''always'',bgcolor:''@BGCOLOR@'',menu:''@MENU@''},{id:''p_@DIVID@'',styleclass:''@AVCSS@''});\n</script>', 'Mofile.com original player'),
(22, 0, 0, 0, 0, 'myvideo', '<script type="text/javascript">\nswfobject.embedSWF(''http://www.myvideo.de/movie/@CODE@'',''@DIVID@'',''@WIDTH@'',''@HEIGHT@'',''9.0.28'',@XPINST@,\nfalse,{wmode:''@WMODE@'',bgcolor:''@BGCOLOR@'',menu:''@MENU@''},{id:''p_@DIVID@'',styleclass:''@AVCSS@''});\n</script>', 'MyVideo.com original player'),
(23, 0, 0, 0, 0, 'quxiu', '<script type="text/javascript">\nswfobject.embedSWF(''http://www.quxiu.com/photo/swf/swfobj.swf?id=@CODE@'',''@DIVID@'',''@WIDTH@'',''@HEIGHT@'',''9.0.28'',@XPINST@,\nfalse,{wmode:''@WMODE@'',bgcolor:''@BGCOLOR@'',menu:''@MENU@''},{id:''p_@DIVID@'',styleclass:''@AVCSS@''});\n</script>', 'Quixu.com original player'),
(24, 0, 0, 0, 0, 'revver', '<script type="text/javascript">\nswfobject.embedSWF(''http://flash.revver.com/player/1.0/player.swf'',''@DIVID@'',''@WIDTH@'',''@HEIGHT@'',''9.0.28'',@XPINST@,\n{mediaId:''@CODE@'',javascriptContext:''true'',skinURL:''http://flash.revver.com/player/1.0/skins/Default_Raster.swf'',skinImgURL:''http://flash.revver.com/player/1.0/skins/night_skin.png'',actionBarSkinURL:''http://flash.revver.com/player/1.0/skins/DefaultNavBarSkin.swf'',resizeVideo:''true''},\n{wmode:''@WMODE@'',bgcolor:''@BGCOLOR@'',menu:''@MENU@''},{id:''p_@DIVID@'',styleclass:''@AVCSS@''});\n</script>', 'Revver.com original player'),
(25, 0, 0, 0, 0, 'seehaha', '<script type="text/javascript">\nswfobject.embedSWF(''http://www.seehaha.com/flash/playvid2.swf?vidID=@CODE@'',''@DIVID@'',''@WIDTH@'',''@HEIGHT@'',''9.0.28'',@XPINST@,\nfalse,{wmode:''@WMODE@'',bgcolor:''@BGCOLOR@'',menu:''@MENU@''},{id:''p_@DIVID@'',styleclass:''@AVCSS@''});\n</script>', 'SeeHaha.com original player'),
(26, 0, 0, 0, 0, 'sevenload', '<script type="text/javascript">\nswfobject.embedSWF(''http://de.sevenload.com/pl/@CODE@/503x403/swf'',''@DIVID@'',''@WIDTH@'',''@HEIGHT@'',''9.0.28'',@XPINST@,\nfalse,{wmode:''@WMODE@'',allowfullscreen:''true'',allowscriptaccess:''always'',bgcolor:''@BGCOLOR@'',menu:''@MENU@''\n},{id:''p_@DIVID@'',styleclass:''@AVCSS@''});\n</script>', 'SevenLoad.com original player'),
(27, 0, 0, 0, 0, 'stickam', '<script type="text/javascript">\nswfobject.embedSWF(''http://www.stickam.com/flashVarMediaPlayer/@CODE@'',''@DIVID@'',''@WIDTH@'',''@HEIGHT@'',''9.0.28'',@XPINST@,\nfalse,{wmode:''@WMODE@'',allowfullscreen:''true'',scale:''noscale'',bgcolor:''@BGCOLOR@'',menu:''@MENU@''},{id:''p_@DIVID@'',styleclass:''@AVCSS@''});\n</script>', 'StickAm.com original player'),
(28, 0, 0, 0, 0, 'streetfire', '<script type="text/javascript">\nswfobject.embedSWF(''http://videos.streetfire.net/vidiac.swf'',''@DIVID@'',''@WIDTH@'',''@HEIGHT@'',''9.0.28'',@XPINST@,\n{name:''ePlayer'',video:''@CODE@''},{wmode:''@WMODE@'',bgcolor:''@BGCOLOR@'',menu:''@MENU@''},{id:''p_@DIVID@'',styleclass:''@AVCSS@''});\n</script>', 'StreetFire original player'),
(29, 0, 432, 285, 0, 'ted', '<script type="text/javascript">\nswfobject.embedSWF(''http://www.ted.com/swf/videoplayer.swf'',''@DIVID@'',''@WIDTH@'',''@HEIGHT@'',''8.0.0'',@XPINST@,\n{jsonStr:''@CODE@'',flashID:''swfVideoPlayer''},{wmode:''@WMODE@'',bgcolor:''@BGCOLOR@'',quality:''high'',allowScriptAccess:''always'',menu:''@MENU@''},{id:''p_@DIVID@'',styleclass:''@AVCSS@''});\n</script>', 'TED.com original player'),
(30, 0, 0, 0, 0, 'ted2', '<script type="text/javascript">\nswfobject.embedSWF(''http://static.videoegg.com/ted/flash/loader.swf'',''@DIVID@'',''@WIDTH@'',''@HEIGHT@'',''8.0.0'',@XPINST@,\n{file:''@CODE@'',autoPlay:''@AUTOSTART@'',allowFullscreen:''@USEFULLSCREEN@'',forcePlay:''false'',logo:'''',fullscreenURL:''http://static.videoegg.com/ted/flash/fullscreen.html''},{wmode:''@WMODE@'',bgcolor:''@BGCOLOR@'',quality:''high'',allowScriptAccess:''always'',menu:''@MENU@''},{id:''p_@DIVID@'',styleclass:''@AVCSS@''});\n</script>', 'TED.com alternative player'),
(31, 0, 0, 0, 0, 'tudou', '<script type="text/javascript">\nswfobject.embedSWF(''http://www.tudou.com/v/@CODE@'',''@DIVID@'',''@WIDTH@'',''@HEIGHT@'',''9.0.28'',@XPINST@,\nfalse,{wmode:''@WMODE@'',bgcolor:''@BGCOLOR@'',menu:''@MENU@''},{id:''p_@DIVID@'',styleclass:''@AVCSS@''});\n</script>', 'Tudou.com original player'),
(32, 0, 0, 0, 0, 'uume', '<script type="text/javascript">\nswfobject.embedSWF(''http://www.uume.com/v/@CODE@_UUME'',''@DIVID@'',''@WIDTH@'',''@HEIGHT@'',''9.0.28'',@XPINST@,\nfalse,{wmode:''@WMODE@'',allowfullscreen:''true'',bgcolor:''@BGCOLOR@'',menu:''@MENU@''},{id:''p_@DIVID@'',styleclass:''@AVCSS@''});\n</script>', 'Uume.com original player'),
(33, 0, 0, 0, 0, 'vimeo', '<script type="text/javascript">\nswfobject.embedSWF(''http://www.vimeo.com/moogaloop.swf?clip_id=@CODE@&server=www.vimeo.com&show_title=1&show_byline=1&show_portrait=0&autoplay=@AUTOSTART!d@&fullscreen=@USEFULLSCREEN!d@'',''@DIVID@'',''@WIDTH@'',''@HEIGHT@'',''9.0.28'',@XPINST@,\nfalse,{wmode:''@WMODE@'',allowfullscreen:''true'',scale:''showall'',bgcolor:''@BGCOLOR@'',menu:''@MENU@''},{id:''p_@DIVID@'',styleclass:''@AVCSS@''});\n</script>', 'Vimeo.com original player'),
(34, 0, 0, 0, 0, 'virb', '<script type="text/javascript">\nswfobject.embedSWF(''http://www.virb.com/external/video/@CODE@'',''@DIVID@'',''@WIDTH@'',''@HEIGHT@'',''9.0.28'',@XPINST@,\nfalse,{wmode:''@WMODE@'',salign:''tl'',bgcolor:''@BGCOLOR@'',menu:''@MENU@''},{id:''p_@DIVID@'',styleclass:''@AVCSS@''});\n</script>', 'Virb.com original player'),
(35, 0, 0, 0, 0, 'wangyou', '<script type="text/javascript">\nswfobject.embedSWF(''http://v.wangyou.com/images/x_player.swf?id=@CODE@'',''@DIVID@'',''@WIDTH@'',''@HEIGHT@'',''9.0.28'',@XPINST@,\nfalse,{wmode:''@WMODE@'',bgcolor:''@BGCOLOR@'',menu:''@MENU@''},{id:''p_@DIVID@'',styleclass:''@AVCSS@''});\n</script>', 'WangYou.com original player'),
(36, 0, 0, 0, 0, 'yahoo', '<script type="text/javascript">\nswfobject.embedSWF(''http://d.yimg.com/static.video.yahoo.com/yep/YV_YEP.swf'',''@DIVID@'',''@WIDTH@'',''@HEIGHT@'',''9.0.28'',@XPINST@,\n{onsite:''0'',embed:''1'',id:''@CODE@''},{allowfullscreen:''@USEFULLSCREEN@'',wmode:''@WMODE@'',bgcolor:''@BGCOLOR@'',menu:''@MENU@''},{id:''p_@DIVID@'',styleclass:''@AVCSS@''});\n</script>', 'Yahoo video original player'),
(37, 0, 0, 0, 0, 'youtube', '<script type="text/javascript">\nswfobject.embedSWF(''http://www.youtube.com/v/@CODE@'',''@DIVID@'',''@WIDTH@'',''@HEIGHT@'',''9.0.28'',@XPINST@,\n{autoplay:''@AUTOSTART!d@'',color1:''@PBGCOLOR@'',color2:''@PHICOLOR@'',rel:''@YTREL!d@'',egm:''@YTEGM!d@'',border:''@YTBORDER!d@'',loop:''@YTLOOP!d@''},{wmode:''@WMODE@'',bgcolor:''@BGCOLOR@'',menu:''@MENU@''},{id:''p_@DIVID@'',styleclass:''@AVCSS@''});\n</script>', 'YouTube original player'),
(38, 0, 0, 0, 0, 'jwwmv', '<script type="text/javascript">\nnew jeroenwijering.Player($(''@DIVID@''),''@RLOC@wmvplayer.xaml'',\n{file:''@MURL@'',width:''@WIDTH@'',height:''@HEIGHT@'',@IF(ENABLEJS)@javascriptid:''p_@DIVID@'',\n@/IF@@IFS(PLTHUMBS)@thumbsinplaylist:''@PLTHUMBS@'',\n@/IFS@@IF(AUTOSCROLL)@autoscroll:''@AUTOSCROLL@'',\n@/IF@@IFS(TYPE)@type:''@TYPE@'',\n@/IFS@@IFS(CFG)@config:''@CFG@'',\n@/IFS@@IFS(LINK)@link:''@LINK@'',\n@/IFS@@IFS(IMG)@image:''@IMG@'',\n@/IFS@@IFS(LINK)@linkfromdisplay:''@LINKFROMDISPLAY@'',\n@/IFS@@IFS(LINK)@linktarget:''@LINKTARGET@'',\n@/IFS@@IFS(REPEAT)@repeat:''@REPEAT@'',\n@/IFS@@IFS(SHUFFLE)@shuffle:''@SHUFFLE@'',\n@/IFS@@IFS(RECURL)@recommendations:''@RECURL@'',\n@/IFS@@IFS(DISPLAYWIDTH)@displaywidth:''@DISPLAYWIDTH@'',\n@/IFS@@IFS(DISPLAYHEIGHT)@displayheight:''@DISPLAYHEIGHT@'',\n@/IFS@@IFS(LOGO)@logo:''@LOGO@'',\n@/IFS@@IFS(SEARCHLINK)@searchlink:''@SEARCHLINK@'',\n@/IFS@showeq:''@SHOWEQ@'',searchbar:''@SEARCHBAR@'',enablejs:''@ENABLEJS@'',autostart:''@AUTOSTART@'',showicons:''@SHOWICONS@'',@IF(!SHOWNAV)@shownavigation:''@SHOWNAV@'',@/IF@@IF(SHOWNAV)@showstop:''@SHOWSTOP@'',showdigits:''@SHOWDIGITS@'',\nshowdownload:''@SHOWDOWNLOAD@'',@/IF@usefullscreen:''@USEFULLSCREEN@'',backcolor:''@PBGCOLOR@'',frontcolor:''@PFGCOLOR@'',\nlightcolor:''@PHICOLOR@'',screencolor:''@PSCCOLOR@'',overstretch:''@STRETCH@''}\n);\n</script>', 'JW WMV Player (needs MS-SilverLight)'),
(39, 0, 0, 0, 0, 'swf', '<script type="text/javascript">\nswfobject.embedSWF(''@MURL@'',''@DIVID@'',''@WIDTH@'',''@HEIGHT@'',''@FLASHVER@'',@XPINST@,\nfalse,{allowscriptaccess:''always'',seamlesstabbing:''true'',allowfullscreen:''true'',wmode:''@WMODE@'',bgcolor:''@BGCOLOR@'',menu:''@MENU@''},\n{id:''p_@DIVID@'',styleclass:''@AVCSS@''});\n</script>', 'Plain flash embedding (for flash animations)'),
(40, 0, 0, 0, 0, 'brightcove', '<script type="text/javascript">\nswfobject.embedSWF(''http://www.brightcove.tv/playerswf'',''@DIVID@'',''@WIDTH@'',''@HEIGHT@'',''9.0.28'',@XPINST@,\n{initVideoId:''@CODE@'',servicesURL:''http://www.brightcove.tv'',\nviewerSecureGatewayURL:''https://www.brightcove.tv'',\ncdnURL:''http://admin.brightcove.com'',autoStart:''@AUTOSTART@''},\n{base:''http://admin.brightcove.com'',\nwmode:''@WMODE@'',bgcolor:''@BGCOLOR@'',allowFullScreen:''true'',\nallowScriptAccess:''always'',seamlesstabbing:''false'',swLiveConnect:''true''\n,menu:''@MENU@''},{id:''p_@DIVID@'',styleclass:''@AVCSS@''});\n</script>', 'Brightcove.tv original player'),
(41, 0, 0, 0, 0, 'myshows', '<script type="text/javascript">\nswfobject.embedSWF(''http://www.seehaha.com/flash/player.swf'',''@DIVID@'',''@WIDTH@'',''@HEIGHT@'',''9.0.28'',@XPINST@,\n{vidFileName:''@CODE@''},\n{wmode:''@WMODE@'',bgcolor:''@BGCOLOR@'',allowFullScreen:''@USEFULLSCREEN@'',menu:''@MENU@''},{id:''p_@DIVID@'',styleclass:''@AVCSS@''});\n</script>', 'Myshows.cn (previouslyly seehaha.com)'),
(42, 0, 0, 0, 0, 'blip', '<script type="text/javascript">\nswfobject.embedSWF(''http://blip.tv/scripts/flash/showplayer.swf'',''@DIVID@'',''@WIDTH@'',''@HEIGHT@'',''@FLASHVER@'',@XPINST@,\n{file:''http://blip.tv/rss/flash/@CODE@?referrer=blip.tv&source=1'',enablejs:''true'',feedurl:''http://WatchMojo.blip.tv/rss'',\nshowplayerpath:''showplayerpath=http://blip.tv/scripts/flash/showplayer.swf''},\n{wmode:''@WMODE@'',bgcolor:''@BGCOLOR@'',quality:''high'',allowScriptAccess:''sameDomain'',allowFullScreen:''@USEFULLSCREEN@'',menu:''@MENU@''},\n{id:''p_@DIVID@'',styleclass:''@AVCSS@''});\n</script>', 'Blip.tv original player');

-- --------------------------------------------------------

--
-- Table structure for table `apm_avr_popup`
--

CREATE TABLE IF NOT EXISTS `apm_avr_popup` (
  `id` int(11) NOT NULL AUTO_INCREMENT,
  `divid` varchar(255) NOT NULL,
  `code` mediumtext NOT NULL,
  `width` int(11) NOT NULL,
  `height` int(11) NOT NULL,
  `wtime` datetime NOT NULL DEFAULT '0000-00-00 00:00:00',
  PRIMARY KEY (`id`,`divid`)
) ENGINE=MyISAM  DEFAULT CHARSET=utf8 AUTO_INCREMENT=83 ;

-- --------------------------------------------------------

--
-- Table structure for table `apm_avr_ripper`
--

CREATE TABLE IF NOT EXISTS `apm_avr_ripper` (
  `id` int(11) NOT NULL AUTO_INCREMENT,
  `version` int(11) NOT NULL DEFAULT '0',
  `flags` int(11) NOT NULL DEFAULT '0',
  `cindex` int(11) NOT NULL DEFAULT '0',
  `name` varchar(25) NOT NULL,
  `url` varchar(255) NOT NULL,
  `regex` varchar(255) NOT NULL,
  `description` varchar(255) NOT NULL DEFAULT '',
  PRIMARY KEY (`id`)
) ENGINE=MyISAM  DEFAULT CHARSET=utf8 AUTO_INCREMENT=14 ;

--
-- Dumping data for table `apm_avr_ripper`
--

INSERT INTO `apm_avr_ripper` (`id`, `version`, `flags`, `cindex`, `name`, `url`, `regex`, `description`) VALUES
(1, 0, 0, 0, '6cn', 'http://6.cn/watch/@CODE@.html', 'pageMessage.evid\\s*=\\s*''([^'']+)''\\s*;', '6CN.com'),
(2, 0, 0, 0, 'bofunk', 'http://www.bofunk.com/video/@CODE@.html', '<input\\stype=''text''\\svalue=''<embed\\ssrc="([^"]+)"', 'Bofunk.com'),
(3, 0, 0, 0, 'break', 'http://www.break.com/index/@CODE@.html', '<param name="movie" value="([^"]+)">', 'Break.com'),
(4, 0, 0, 0, 'dropshots', 'http://www.dropshots.com/V1.0/Media.getList?appid=dropshots&username=@USER@&min_taken_date=@CODE@&passwordprotection=false&output=xml', '<video>(.+)</video>', 'Dropshots.com'),
(5, 0, 0, 0, 'mega', 'http://www.megavideo.com/?v=@CODE@', 'addVariable\\s*\\(\\s*"flv"\\s*,\\s*"([^"]+)"[\\s\\S]*?addVariable\\s*\\(\\s*"k"\\s*,\\s*"([^"]+)"[\\s\\S]*?addVariable\\s*\\(\\s*"vid_time"\\s*,\\s*"([^"]+)"', 'MegaVideo.com'),
(6, 0, 0, 0, 'ted', 'http://www.ted.com/index.php/talks/view/id/@CODE@', 'firstRun\\s*=\\s*"([^"]+)"', 'TED.com'),
(7, 0, 0, 0, 'ted2', 'http://www.ted.com/index.php/talks/view/id/@CODE@', 'paste-->.+&file=([^&]+).*</object>', 'TED.com (for alternate player)'),
(8, 0, 0, 0, 'yahoo', 'http://video.yahoo.com/watch/@CODE@', 'addVariable\\s*\\(\\s*"id"\\s*,\\s*"([^"]+)"', 'Yahoo Video'),
(9, 0, 0, 0, 'streetfire', 'http://videos.streetfire.net/video/@CODE@.htm', '_embedCodeID.*video=([\\dabcdef\\-]+)', 'StreetFire'),
(10, 0, 0, 0, 'myshows', 'http://www.myshows.cn/myplayvideo.aspx?vid=@CODE@', 'vidFileName=([^"]+)', 'Myshows.cn (previouslyly seehaha.com)'),
(11, 0, 0, 0, 'virb', 'http://www.virb.com/@CODE@', 'external/video/([^&"]+)', 'Virb.com'),
(12, 0, 0, 0, 'blip', 'http://www.blip.tv/file/@CODE@', 'setPostsId\\s*\\(\\s*(\\d+)\\s*\\)', 'Blip.tv'),
(13, 0, 0, 0, 'apple', 'http://www.apple.com/trailers/@CODE@', '''(http:\\/\\/movies\\.apple\\.com\\/.*?\\.mov)''', 'Apple.com trailers');

-- --------------------------------------------------------

--
-- Table structure for table `apm_avr_tags`
--

CREATE TABLE IF NOT EXISTS `apm_avr_tags` (
  `id` int(11) NOT NULL AUTO_INCREMENT,
  `version` int(11) NOT NULL DEFAULT '0',
  `player_id` int(11) NOT NULL,
  `ripper_id` int(11) NOT NULL DEFAULT '0',
  `local` int(1) NOT NULL DEFAULT '0',
  `plist` int(1) NOT NULL DEFAULT '0',
  `name` varchar(25) NOT NULL,
  `postreplace` varchar(255) NOT NULL DEFAULT '',
  `sampleregex` varchar(255) NOT NULL DEFAULT '',
  `description` varchar(255) NOT NULL DEFAULT '',
  PRIMARY KEY (`id`),
  KEY `tag` (`name`)
) ENGINE=MyISAM  DEFAULT CHARSET=utf8 AUTO_INCREMENT=94 ;

--
-- Dumping data for table `apm_avr_tags`
--

INSERT INTO `apm_avr_tags` (`id`, `version`, `player_id`, `ripper_id`, `local`, `plist`, `name`, `postreplace`, `sampleregex`, `description`) VALUES
(1, 0, 1, 0, 1, 1, 'flv', 'a:1:{s:6:"@MURL@";s:16:"@VLOC@@CODE@.flv";}', '^(.+)\\.flv$', 'Local FLV'),
(2, 0, 1, 0, 0, 1, 'flvremote', 'a:1:{s:6:"@MURL@";s:6:"@CODE@";}', '^(https{0,1}:\\/\\/.*\\.flv)$', 'Generic Remote FLV'),
(3, 0, 1, 0, 1, 1, 'swf', 'a:1:{s:6:"@MURL@";s:16:"@VLOC@@CODE@.swf";}', '^(.+)\\.swf$', 'Local SWF Video'),
(4, 0, 1, 0, 0, 1, 'swfremote', 'a:1:{s:6:"@MURL@";s:6:"@CODE@";}', '^(https{0,1}:\\/\\/.*\\.swf)$', 'Generic Remote SWF Video'),
(5, 0, 1, 0, 1, 1, 'mp3', 'a:3:{s:7:"@WIDTH@";s:8:"@AWIDTH@";s:8:"@HEIGHT@";s:9:"@AHEIGHT@";s:6:"@MURL@";s:16:"@ALOC@@CODE@.mp3";}', '^(.+)\\.mp3$', 'Local MP3'),
(6, 0, 1, 0, 0, 1, 'mp3remote', 'a:3:{s:7:"@WIDTH@";s:8:"@AWIDTH@";s:8:"@HEIGHT@";s:9:"@AHEIGHT@";s:6:"@MURL@";s:6:"@CODE@";}', '^(https{0,1}:\\/\\/.*\\.mp3)$', 'Generic Remote MP3'),
(7, 0, 1, 0, 1, 1, 'mp4-flv', 'a:2:{s:6:"@TYPE@";s:3:"flv";s:6:"@MURL@";s:16:"@VLOC@@CODE@.mp4";}', '^(.+)\\.mp4$', 'Local MP4 (JW Media Player)'),
(8, 0, 1, 0, 0, 1, 'mp4-flvremote', 'a:4:{s:7:"@WIDTH@";s:7:"@WIDTH@";s:8:"@HEIGHT@";s:8:"@HEIGHT@";s:6:"@TYPE@";s:3:"flv";s:6:"@MURL@";s:6:"@CODE@";}', '^(https{0,1}:\\/\\/.*\\.mp4)$', 'Generic Remote MP4 (JW Media Player)'),
(9, 0, 1, 0, 1, 1, 'm4v', 'a:1:{s:6:"@MURL@";s:16:"@VLOC@@CODE@.m4v";}', '^(.+)\\.m4v$', 'Local M4V'),
(10, 0, 1, 0, 0, 1, 'm4vremote', 'a:1:{s:6:"@MURL@";s:6:"@CODE@";}', '^(https{0,1}:\\/\\/.*\\.m4v)$', 'Generic Remote M4V'),
(11, 0, 1, 0, 1, 1, '3gp', 'a:1:{s:6:"@MURL@";s:16:"@VLOC@@CODE@.3gp";}', '^(.+)\\.3gp$', 'Local 3GP'),
(12, 0, 1, 0, 0, 1, '3gpremote', 'a:1:{s:6:"@MURL@";s:6:"@CODE@";}', '^(https{0,1}:\\/\\/.*\\.3gp)$', 'Generic Remote 3GP'),
(13, 0, 1, 0, 1, 1, 'rbs', 'a:1:{s:6:"@MURL@";s:16:"@VLOC@@CODE@.rbs";}', '^(.+)\\.rbs$', 'Local RBS'),
(14, 0, 1, 0, 0, 1, 'rbsremote', 'a:1:{s:6:"@MURL@";s:6:"@CODE@";}', '^(https{0,1}:\\/\\/.*\\.rbs)$', 'Generic Remote RBS'),
(15, 0, 1, 0, 1, 0, 'auto', 'a:1:{s:6:"@MURL@";s:12:"@VLOC@@CODE@";}', '^(.+\\.xml)$', 'Local Playlist'),
(16, 0, 1, 0, 0, 0, 'autoremote', 'a:1:{s:6:"@MURL@";s:6:"@CODE@";}', '^(https{0,1}:\\/\\/.*\\.xml)$', 'Generic Remote Playlist'),
(17, 0, 2, 0, 1, 0, 'wmv', 'a:1:{s:6:"@MURL@";s:16:"@VLOC@@CODE@.wmv";}', '^(.+)\\.wmv$', 'Local WMV'),
(18, 0, 2, 0, 0, 0, 'wmvremote', 'a:1:{s:6:"@MURL@";s:6:"@CODE@";}', '^(https{0,1}:\\/\\/.*\\.wmv)$', 'Generic Remote WMV'),
(19, 0, 2, 0, 1, 0, 'wma', 'a:1:{s:6:"@MURL@";s:16:"@VLOC@@CODE@.wma";}', '^(.+)\\.wma$', 'Local WMA'),
(20, 0, 2, 0, 0, 0, 'wmaremote', 'a:3:{s:7:"@WIDTH@";s:8:"@AWIDTH@";s:8:"@HEIGHT@";s:9:"@AHEIGHT@";s:6:"@MURL@";s:6:"@CODE@";}', '^(https{0,1}:\\/\\/.*\\.wma)$', 'Generic Remote WMA'),
(21, 0, 2, 0, 1, 0, 'avi', 'a:1:{s:6:"@MURL@";s:16:"@VLOC@@CODE@.avi";}', '^(.+)\\.avi$', 'Local AVI'),
(22, 0, 2, 0, 0, 0, 'aviremote', 'a:1:{s:6:"@MURL@";s:6:"@CODE@";}', '^(https{0,1}:\\/\\/.*\\.avi)$', 'Generic Remote AVI'),
(23, 0, 2, 0, 1, 0, 'mpg', 'a:1:{s:6:"@MURL@";s:16:"@VLOC@@CODE@.mpg";}', '^(.+)\\.mpg$', 'Local MPG'),
(24, 0, 2, 0, 0, 0, 'mpgremote', 'a:1:{s:6:"@MURL@";s:6:"@CODE@";}', '^(https{0,1}:\\/\\/.*\\.mpg)$', 'Generic Remote MPG'),
(25, 0, 2, 0, 1, 0, 'mpeg', 'a:1:{s:6:"@MURL@";s:17:"@VLOC@@CODE@.mpeg";}', '^(.+)\\.mpeg$', 'Local MPEG'),
(26, 0, 2, 0, 0, 0, 'mpegremote', 'a:1:{s:6:"@MURL@";s:6:"@CODE@";}', '^(https{0,1}:\\/\\/.*\\.mpeg)$', 'Generic Remote MPEG'),
(27, 0, 3, 0, 1, 0, 'mov', 'a:1:{s:6:"@MURL@";s:16:"@VLOC@@CODE@.mov";}', '^(.+)\\.mov$', 'Local MOV (QuickTime)'),
(28, 0, 3, 0, 0, 0, 'movremote', 'a:1:{s:6:"@MURL@";s:6:"@CODE@";}', '^(https{0,1}:\\/\\/.*\\.mov)$', 'Generic Remote MOV (QuickTime)'),
(29, 0, 3, 0, 1, 0, 'mp4', 'a:1:{s:6:"@MURL@";s:16:"@VLOC@@CODE@.mp4";}', '^(.+)\\.mp4', 'Local MP4 (QuickTime)'),
(30, 0, 3, 0, 0, 0, 'mp4remote', 'a:1:{s:6:"@MURL@";s:6:"@CODE@";}', '^(https{0,1}:\\/\\/.*\\.mp4)$', 'Generic Remote MP4 (QuickTime)'),
(31, 0, 4, 0, 1, 0, 'rm', 'a:1:{s:6:"@MURL@";s:15:"@VLOC@@CODE@.rm";}', '^(.+)\\.rm$', 'Local RM (RealMedia)'),
(32, 0, 4, 0, 2, 0, 'rmremote', 'a:1:{s:6:"@MURL@";s:6:"@CODE@";}', '^(https{0,1}:\\/\\/.*\\.rm)$', 'Generic Remote RM (RealMedia)'),
(33, 0, 4, 0, 1, 0, 'ram', 'a:1:{s:6:"@MURL@";s:16:"@VLOC@@CODE@.ram";}', '^(.+)\\.ram$', 'Local RAM (RealMedia)'),
(34, 0, 4, 0, 0, 0, 'ramremote', 'a:1:{s:6:"@MURL@";s:6:"@CODE@";}', '^(https{0,1}:\\/\\/.*\\.ram)$', 'Generic Remote RAM (RealMedia)'),
(35, 0, 5, 0, 1, 0, 'divx', 'a:1:{s:6:"@MURL@";s:17:"@VLOC@@CODE@.divx";}', '^(.+)\\.divx', 'Local DivX'),
(36, 0, 5, 0, 0, 0, 'divxremote', 'a:1:{s:6:"@MURL@";s:6:"@CODE@";}', '^(https{0,1}:\\/\\/.*\\.divx)$', 'Generic Remote DivX'),
(37, 0, 6, 1, 0, 0, '6cn', '', 'http:\\/\\/6\\.cn\\/watch\\/(\\d+)\\.html', '6CN.com'),
(38, 0, 7, 0, 0, 0, 'biku', '', 'http:\\/\\/www\\.biku\\.com\\/opus\\/(\\d+)\\.html', 'Biku.com'),
(39, 0, 8, 2, 0, 0, 'bofunk', '', 'http:\\/\\/www.bofunk.com\\/video\\/(\\d+\\/[^\\.]+)\\.html$', 'Bofunk.com'),
(40, 0, 9, 3, 0, 0, 'break', '', 'http:\\/\\/www\\.break\\.com\\/index\\/(.*)\\.html$', 'Break.com'),
(41, 0, 10, 0, 0, 0, 'clipfish', '', 'http:\\/\\/www\\.clipfish\\.de\\/player\\.php\\?videoid=(.+)', 'ClipFish.de'),
(42, 0, 11, 0, 0, 0, 'collegehumor', '', 'http:\\/\\/www\\.collegehumor\\.com\\/video:(\\d+)', 'College Humor'),
(43, 0, 12, 0, 0, 0, 'currenttv', '', 'http:\\/\\/current\\.com\\/items\\/(\\d+)_.*', 'Current-TV'),
(44, 0, 13, 0, 0, 0, 'dmotion', '', 'http:\\/\\/www\\.dailymotion\\.com\\/.*video\\/([^_]+)_[^\\/]+$', 'DailyMotion.com'),
(45, 0, 1, 4, 0, 0, 'dropshots', 'a:1:{s:6:"@MURL@";s:6:"@CODE@";}', '', 'Dropshots.com'),
(46, 0, 14, 0, 0, 0, 'freevideoblog', '', 'http:\\/\\/www\\.vidiac\\.com\\/video\\/([\\dabcdef\\-]+)\\.htm$', 'Vidiac.com (previously FreeVideoBlog)'),
(47, 0, 15, 0, 0, 0, 'gametrailers', '', 'http:\\/\\/www\\.gametrailers\\.com\\/player\\/(\\d+)\\.html$', 'GameTrailers'),
(48, 0, 16, 0, 0, 0, 'google', 'a:1:{s:6:"@LANG@";s:2:"en";}', 'http:\\/\\/video\\.google\\.com\\/videoplay\\?docid=(-{0,1}\\d+)', 'Google Video (international)'),
(49, 0, 16, 0, 0, 0, 'google.co.uk', 'a:1:{s:6:"@LANG@";s:5:"en-GB";}', 'http:\\/\\/video\\.google\\.co\\.uk\\/videoplay\\?docid=(-{0,1}\\d+)$', 'Google Video (UK)'),
(50, 0, 16, 0, 0, 0, 'google.com.au', 'a:1:{s:6:"@LANG@";s:5:"en-AU";}', 'http:\\/\\/video\\.google\\.com\\.au\\/videoplay\\?docid=(-{0,1}\\d+)$', 'Google Video (Australia)'),
(51, 0, 16, 0, 0, 0, 'google.de', 'a:1:{s:6:"@LANG@";s:2:"de";}', 'http:\\/\\/video\\.google\\.de\\/videoplay\\?docid=(-{0,1}\\d+)$', 'Google Video (Germany)'),
(52, 0, 16, 0, 0, 0, 'google.es', 'a:1:{s:6:"@LANG@";s:2:"es";}', 'http:\\/\\/video\\.google\\.es\\/videoplay\\?docid=(-{0,1}\\d+)$', 'Google Video (Spain)'),
(53, 0, 16, 0, 0, 0, 'google.fr', 'a:1:{s:6:"@LANG@";s:2:"fr";}', 'http:\\/\\/video\\.google\\.fr\\/videoplay\\?docid=(-{0,1}\\d+)$', 'Google Video (France)'),
(54, 0, 16, 0, 0, 0, 'google.it', 'a:1:{s:6:"@LANG@";s:2:"it";}', 'http:\\/\\/video\\.google\\.it\\/videoplay\\?docid=(-{0,1}\\d+)$', 'Google Video (Italy)'),
(55, 0, 16, 0, 0, 0, 'google.nl', 'a:1:{s:6:"@LANG@";s:2:"nl";}', 'http:\\/\\/video\\.google\\.nl\\/videoplay\\?docid=(-{0,1}\\d+)$', 'Google Video (Netherlands)'),
(56, 0, 16, 0, 0, 0, 'google.pl', 'a:1:{s:6:"@LANG@";s:2:"pl";}', 'http:\\/\\/video\\.google\\.pl\\/videoplay\\?docid=(-{0,1}\\d+)$', 'Google Video (Poland)'),
(57, 0, 17, 0, 0, 0, 'ifilm', '', '', 'Spike.com (previously iFilm.com)'),
(58, 0, 18, 0, 0, 0, 'jumpcut', '', 'http:\\/\\/www\\.jumpcut\\.com\\/view\\/{0,1}\\?id=([A-F\\d]+)$', 'JumpCut.com'),
(59, 0, 19, 5, 0, 0, 'mega', '', 'http:\\/\\/www\\.megavideo\\.com\\/\\?v=(\\w+)$', 'MegaVideo.com'),
(60, 0, 20, 0, 0, 0, 'metacafe', '', 'http:\\/\\/www\\.metacafe\\.com\\/watch\\/(\\d+\\/[a-z_]+)\\/$', 'Metacafe.com'),
(61, 0, 21, 0, 0, 0, 'mofile', '', 'http:\\/\\/tv\\.mofile\\.com\\/([^\\/]+)\\/$', 'Mofile TV'),
(62, 0, 22, 0, 0, 0, 'myvideo', '', 'http:\\/\\/www\\.myvideo\\.de\\/watch\\/(\\d+)', 'MyVideo.de'),
(63, 0, 23, 0, 0, 0, 'quxiu', '', 'http:\\/\\/www\\.quxiu\\.com\\/video\\/play_(\\d+_\\d+)\\.htm$', 'Quixu.com'),
(64, 0, 24, 0, 0, 0, 'revver', '', 'http:\\/\\/www\\.revver\\.com\\/video\\/(\\d+)\\/[^\\/]+\\/$', 'Revver.com (using Flash)'),
(65, 0, 25, 0, 0, 0, 'seehaha', '', 'http:\\/\\/www\\.seehaha\\.com\\/play\\/(\\d+)$', 'SeeHaha.com'),
(66, 0, 26, 0, 0, 0, 'sevenload', '', 'http:\\/\\/de\\.sevenload\\.com\\/videos\\/([^\\/\\-]{1,7})[^\\/\\-]?[\\/\\-][^\\/]+$', 'SevenLoad.de'),
(67, 0, 27, 0, 0, 0, 'stickam', '', 'http:\\/\\/www\\.stickam\\.com\\/editMediaComment\\.do\\?method=load&mId=(\\d+)$', 'StickAm.com'),
(68, 0, 28, 0, 0, 0, 'streetfire', '', 'http:\\/\\/videos\\.streetfire\\.net\\/video\\/([\\dabcdef-]+)\\.htm$', 'StreetFire Videos (Old variant)'),
(69, 0, 29, 6, 0, 0, 'ted', '', 'http:\\/\\/www\\.ted\\.com\\/(?:index\\.php\\/)?talks\\/view\\/id\\/(\\d+)$', 'TED.com (Original Player)'),
(70, 0, 30, 7, 0, 0, 'ted2', '', 'http:\\/\\/www\\.ted\\.com\\/index\\.php\\/talks\\/view\\/id\\/(\\d+)$', 'TED.com (Foreign Player)'),
(71, 0, 31, 0, 0, 0, 'tudou', '', 'http:\\/\\/www\\.tudou\\.com\\/programs\\/view\\/([^\\/]+)\\/$', 'Tudou.com'),
(72, 0, 32, 0, 0, 0, 'uume', '', 'http:\\/\\/www\\.uume\\.com\\/play_([^\\/]+)$', 'Uume.com'),
(73, 0, 33, 0, 0, 0, 'vimeo', '', 'http:\\/\\/(?:www\\.)?vimeo\\.com\\/(\\d+)$', 'Vimeo'),
(74, 0, 34, 0, 0, 0, 'virb', '', '', 'Virb.com'),
(75, 0, 1, 0, 0, 0, 'wangyou', 'a:1:{s:6:"@MURL@";s:50:"http://v.wangyou.com/playlistMedia.php%3Fid=@CODE@";}', 'http:\\/\\/v\\.wangyou\\.com\\/p([^\\.]+)\\.html', 'WangYou.com'),
(76, 0, 36, 8, 0, 0, 'yahoo', '', 'http:\\/\\/video\\.yahoo\\.com\\/watch\\/(\\d+)\\/.*$', 'Yahoo Video'),
(77, 0, 37, 0, 0, 0, 'youtube', '', 'http:\\/\\/(?:\\w+\\.)?youtube\\.com\\/watch\\?.*v=([^&]+).*$', 'YouTube (Original Player)'),
(78, 0, 1, 0, 0, 1, 'youtubejw', 'a:2:{s:10:"@IFS(IMG)@";s:59:"image:''http://i.ytimg.com/vi/@CODE@/default.jpg'',@IFS(IMG)@";s:6:"@MURL@";s:41:"http://www.youtube.com/watch%3Fv%3D@CODE@";}', 'http:\\/\\/(?:\\w+\\.)?youtube\\.com\\/watch\\?.*v=([^&]+).*$', 'YouTube (JW Media Player)'),
(81, 0, 3, 0, 0, 0, 'revver-mov', 'a:1:{s:6:"@MURL@";s:50:"http://media.revver.com/broadcast/@CODE@/video.mov";}', '', 'Revver.com (using QuickTime)'),
(82, 0, 28, 9, 0, 0, 'streetfire2', '', 'http:\\/\\/videos\\.streetfire\\.net\\/video\\/([^\\/\\.]+)\\.htm$', 'StreetFire Videos'),
(83, 0, 14, 0, 0, 0, 'vidiac', '', 'http:\\/\\/www\\.vidiac\\.com\\/video\\/([\\dabcdef\\-]+)\\.htm$', 'Vidiac.com (previously FreeVideoBlog)'),
(84, 0, 39, 0, 1, 0, 'flash', 'a:1:{s:6:"@MURL@";s:16:"@VLOC@@CODE@.swf";}', '^(.+)\\.swf$', 'Plain local flash embedding (for flash animations)'),
(85, 0, 39, 0, 0, 0, 'flashremote', 'a:1:{s:6:"@MURL@";s:6:"@CODE@";}', '^(https{0,1}:\\/\\/.*\\.swf)$', 'Plain remote flash embedding (for flash animations)'),
(86, 0, 17, 0, 0, 0, 'spike', '', '^http:\\/\\/www\\.spike\\.com\\/video\\/.*\\/(\\d+)$', 'Spike.com (previously iFilm.com)'),
(87, 0, 40, 0, 0, 0, 'bcove', '', '^http:\\/\\/www\\.brightcove\\.tv\\/title\\.jsp\\?title=(\\d+).*$', 'Brightcove.tv'),
(88, 0, 41, 10, 0, 0, 'myshows', '', 'http:\\/\\/www\\.myshows\\.cn\\/myplayvideo\\.aspx\\?vid=(\\d+)', 'Myshows.cn (previouslyly seehaha.com)'),
(89, 0, 34, 11, 0, 0, 'virb2', '', 'http:\\/\\/www\\.virb\\.com\\/(.*)$', 'Virb.com'),
(90, 0, 42, 12, 0, 0, 'blip', '', '^http:\\/\\/(?:www\\.)?blip\\.tv\\/file\\/(\\d+).*', 'Blip.tv'),
(91, 0, 1, 12, 0, 0, 'blipjw', 'a:1:{s:6:"@MURL@";s:57:"http://blip.tv/rss/flash/@CODE@?referrer=blip.tv&source=1";}', '^http:\\/\\/(?:www\\.)?blip\\.tv\\/file\\/(\\d+)\\?.*', 'Blip.tv using JW Media Player'),
(92, 0, 3, 13, 0, 0, 'apple', 'a:1:{s:6:"@MURL@";s:6:"@CODE@";}', '^http:\\/\\/www\\.apple\\.com\\/trailers\\/(.*)', 'Apple.com trailers'),
(93, 0, 39, 0, 0, 0, 'movieweb', 'a:1:{s:6:"@MURL@";s:32:"http://www.movieweb.com/v/@CODE@";}', 'http:\\/\\/www\\.movieweb\\.com\\/video\\/(\\w+)$', 'MovieWeb');

-- --------------------------------------------------------

--
-- Table structure for table `apm_banner`
--

CREATE TABLE IF NOT EXISTS `apm_banner` (
  `bid` int(11) NOT NULL AUTO_INCREMENT,
  `cid` int(11) NOT NULL DEFAULT '0',
  `type` varchar(30) NOT NULL DEFAULT 'banner',
  `name` varchar(255) NOT NULL DEFAULT '',
  `alias` varchar(255) NOT NULL DEFAULT '',
  `imptotal` int(11) NOT NULL DEFAULT '0',
  `impmade` int(11) NOT NULL DEFAULT '0',
  `clicks` int(11) NOT NULL DEFAULT '0',
  `imageurl` varchar(100) NOT NULL DEFAULT '',
  `clickurl` varchar(200) NOT NULL DEFAULT '',
  `date` datetime DEFAULT NULL,
  `showBanner` tinyint(1) NOT NULL DEFAULT '0',
  `checked_out` tinyint(1) NOT NULL DEFAULT '0',
  `checked_out_time` datetime NOT NULL DEFAULT '0000-00-00 00:00:00',
  `editor` varchar(50) DEFAULT NULL,
  `custombannercode` text,
  `catid` int(10) unsigned NOT NULL DEFAULT '0',
  `description` text NOT NULL,
  `sticky` tinyint(1) unsigned NOT NULL DEFAULT '0',
  `ordering` int(11) NOT NULL DEFAULT '0',
  `publish_up` datetime NOT NULL DEFAULT '0000-00-00 00:00:00',
  `publish_down` datetime NOT NULL DEFAULT '0000-00-00 00:00:00',
  `tags` text NOT NULL,
  `params` text NOT NULL,
  PRIMARY KEY (`bid`),
  KEY `viewbanner` (`showBanner`),
  KEY `idx_banner_catid` (`catid`)
) ENGINE=MyISAM  DEFAULT CHARSET=utf8 AUTO_INCREMENT=9 ;

--
-- Dumping data for table `apm_banner`
--

INSERT INTO `apm_banner` (`bid`, `cid`, `type`, `name`, `alias`, `imptotal`, `impmade`, `clicks`, `imageurl`, `clickurl`, `date`, `showBanner`, `checked_out`, `checked_out_time`, `editor`, `custombannercode`, `catid`, `description`, `sticky`, `ordering`, `publish_up`, `publish_down`, `tags`, `params`) VALUES
(1, 1, 'banner', 'OSM 1', 'osm-1', 0, 43, 0, 'osmbanner1.png', 'http://www.opensourcematters.org', '2004-07-07 15:31:29', 1, 0, '0000-00-00 00:00:00', '', '', 13, '', 0, 1, '0000-00-00 00:00:00', '0000-00-00 00:00:00', '', ''),
(2, 1, 'banner', 'OSM 2', 'osm-2', 0, 49, 0, 'osmbanner2.png', 'http://www.opensourcematters.org', '2004-07-07 15:31:29', 1, 0, '0000-00-00 00:00:00', '', '', 13, '', 0, 2, '0000-00-00 00:00:00', '0000-00-00 00:00:00', '', ''),
(3, 1, '', 'Joomla!', 'joomla', 0, 12419, 0, '', 'http://www.joomla.org', '2006-05-29 14:21:28', 1, 0, '0000-00-00 00:00:00', '', '<a href="{CLICKURL}" target="_blank">{NAME}</a>\r\n<br/>\r\nJoomla! The most popular and widely used Open Source CMS Project in the world.', 14, '', 0, 1, '0000-00-00 00:00:00', '0000-00-00 00:00:00', '', ''),
(4, 1, '', 'JoomlaCode', 'joomlacode', 0, 12419, 0, '', 'http://joomlacode.org', '2006-05-29 14:19:26', 1, 0, '0000-00-00 00:00:00', '', '<a href="{CLICKURL}" target="_blank">{NAME}</a>\r\n<br/>\r\nJoomlaCode, development and distribution made easy.', 14, '', 0, 2, '0000-00-00 00:00:00', '0000-00-00 00:00:00', '', ''),
(5, 1, '', 'Joomla! Extensions', 'joomla-extensions', 0, 12414, 0, '', 'http://extensions.joomla.org', '2006-05-29 14:23:21', 1, 0, '0000-00-00 00:00:00', '', '<a href="{CLICKURL}" target="_blank">{NAME}</a>\r\n<br/>\r\nJoomla! Components, Modules, Plugins and Languages by the bucket load.', 14, '', 0, 3, '0000-00-00 00:00:00', '0000-00-00 00:00:00', '', ''),
(6, 1, '', 'Joomla! Shop', 'joomla-shop', 0, 12414, 0, '', 'http://shop.joomla.org', '2006-05-29 14:23:21', 1, 0, '0000-00-00 00:00:00', '', '<a href="{CLICKURL}" target="_blank">{NAME}</a>\r\n<br/>\r\nFor all your Joomla! merchandise.', 14, '', 0, 4, '0000-00-00 00:00:00', '0000-00-00 00:00:00', '', ''),
(7, 1, '', 'Joomla! Promo Shop', 'joomla-promo-shop', 0, 1459, 2, 'shop-ad.jpg', 'http://shop.joomla.org', '2007-09-19 17:26:24', 1, 0, '0000-00-00 00:00:00', '', '', 33, '', 0, 3, '0000-00-00 00:00:00', '0000-00-00 00:00:00', '', ''),
(8, 1, '', 'Joomla! Promo Books', 'joomla-promo-books', 0, 1446, 5, 'shop-ad-books.jpg', 'http://shop.joomla.org/index.php?option=com_wrapper&Itemid=8', '2007-09-19 17:28:01', 1, 0, '0000-00-00 00:00:00', '', '', 33, '', 0, 4, '0000-00-00 00:00:00', '0000-00-00 00:00:00', '', '');

-- --------------------------------------------------------

--
-- Table structure for table `apm_bannerclient`
--

CREATE TABLE IF NOT EXISTS `apm_bannerclient` (
  `cid` int(11) NOT NULL AUTO_INCREMENT,
  `name` varchar(255) NOT NULL DEFAULT '',
  `contact` varchar(255) NOT NULL DEFAULT '',
  `email` varchar(255) NOT NULL DEFAULT '',
  `extrainfo` text NOT NULL,
  `checked_out` tinyint(1) NOT NULL DEFAULT '0',
  `checked_out_time` time DEFAULT NULL,
  `editor` varchar(50) DEFAULT NULL,
  PRIMARY KEY (`cid`)
) ENGINE=MyISAM  DEFAULT CHARSET=utf8 AUTO_INCREMENT=2 ;

--
-- Dumping data for table `apm_bannerclient`
--

INSERT INTO `apm_bannerclient` (`cid`, `name`, `contact`, `email`, `extrainfo`, `checked_out`, `checked_out_time`, `editor`) VALUES
(1, 'Open Source Matters', 'Administrator', 'admin@opensourcematters.org', '', 0, '00:00:00', NULL);

-- --------------------------------------------------------

--
-- Table structure for table `apm_bannertrack`
--

CREATE TABLE IF NOT EXISTS `apm_bannertrack` (
  `track_date` date NOT NULL DEFAULT '0000-00-00',
  `track_type` int(10) unsigned NOT NULL DEFAULT '0',
  `banner_id` int(10) unsigned NOT NULL DEFAULT '0'
) ENGINE=MyISAM DEFAULT CHARSET=utf8;

-- --------------------------------------------------------

--
-- Table structure for table `apm_categories`
--

CREATE TABLE IF NOT EXISTS `apm_categories` (
  `id` int(11) NOT NULL AUTO_INCREMENT,
  `parent_id` int(11) NOT NULL DEFAULT '0',
  `title` varchar(255) NOT NULL DEFAULT '',
  `name` varchar(255) NOT NULL DEFAULT '',
  `alias` varchar(255) NOT NULL DEFAULT '',
  `image` varchar(255) NOT NULL DEFAULT '',
  `section` varchar(50) NOT NULL DEFAULT '',
  `image_position` varchar(30) NOT NULL DEFAULT '',
  `description` text NOT NULL,
  `published` tinyint(1) NOT NULL DEFAULT '0',
  `checked_out` int(11) unsigned NOT NULL DEFAULT '0',
  `checked_out_time` datetime NOT NULL DEFAULT '0000-00-00 00:00:00',
  `editor` varchar(50) DEFAULT NULL,
  `ordering` int(11) NOT NULL DEFAULT '0',
  `access` tinyint(3) unsigned NOT NULL DEFAULT '0',
  `count` int(11) NOT NULL DEFAULT '0',
  `params` text NOT NULL,
  PRIMARY KEY (`id`),
  KEY `cat_idx` (`section`,`published`,`access`),
  KEY `idx_access` (`access`),
  KEY `idx_checkout` (`checked_out`)
) ENGINE=MyISAM  DEFAULT CHARSET=utf8 AUTO_INCREMENT=89 ;

--
-- Dumping data for table `apm_categories`
--

INSERT INTO `apm_categories` (`id`, `parent_id`, `title`, `name`, `alias`, `image`, `section`, `image_position`, `description`, `published`, `checked_out`, `checked_out_time`, `editor`, `ordering`, `access`, `count`, `params`) VALUES
(1, 0, 'Latest', '', 'latest-news', 'taking_notes.jpg', '1', 'left', 'The latest news from the Joomla! Team', 1, 0, '0000-00-00 00:00:00', '', 1, 0, 1, ''),
(2, 0, 'Joomla! Specific Links', '', 'joomla-specific-links', 'clock.jpg', 'com_weblinks', 'left', 'A selection of links that are all related to the Joomla! Project.', 1, 0, '0000-00-00 00:00:00', NULL, 1, 0, 0, ''),
(3, 0, 'Newsflash', '', 'newsflash', '', '1', 'left', '', 1, 0, '0000-00-00 00:00:00', '', 2, 0, 0, ''),
(4, 0, 'Joomla!', '', 'joomla', '', 'com_newsfeeds', 'left', '', 1, 0, '0000-00-00 00:00:00', NULL, 2, 0, 0, ''),
(5, 0, 'Business: General', '', 'business-general', '', 'com_newsfeeds', 'left', '', 1, 0, '0000-00-00 00:00:00', NULL, 1, 0, 0, ''),
(6, 0, 'Linux', '', 'linux', '', 'com_newsfeeds', 'left', '', 1, 0, '0000-00-00 00:00:00', NULL, 6, 0, 0, ''),
(7, 0, 'Internet', '', 'internet', '', 'com_newsfeeds', 'left', '', 1, 0, '0000-00-00 00:00:00', NULL, 7, 0, 0, ''),
(12, 0, 'Contacts', '', 'contacts', '', 'com_contact_details', 'left', 'Contact Details for this Web site', 1, 0, '0000-00-00 00:00:00', NULL, 0, 0, 0, ''),
(13, 0, 'Joomla', '', 'joomla', '', 'com_banner', 'left', '', 1, 0, '0000-00-00 00:00:00', NULL, 0, 0, 0, ''),
(14, 0, 'Text Ads', '', 'text-ads', '', 'com_banner', 'left', '', 1, 0, '0000-00-00 00:00:00', NULL, 0, 0, 0, ''),
(15, 0, 'Features', '', 'features', '', 'com_content', 'left', '', 0, 0, '0000-00-00 00:00:00', NULL, 6, 0, 0, ''),
(17, 0, 'Benefits', '', 'benefits', '', 'com_content', 'left', '', 0, 0, '0000-00-00 00:00:00', NULL, 4, 0, 0, ''),
(18, 0, 'Platforms', '', 'platforms', '', 'com_content', 'left', '', 0, 0, '0000-00-00 00:00:00', NULL, 3, 0, 0, ''),
(19, 0, 'Other Resources', '', 'other-resources', '', 'com_weblinks', 'left', '', 1, 0, '0000-00-00 00:00:00', NULL, 2, 0, 0, ''),
(29, 0, 'The CMS', '', 'the-cms', '', '4', 'left', 'Information about the software behind Joomla!<br />', 1, 0, '0000-00-00 00:00:00', NULL, 2, 0, 0, ''),
(28, 0, 'Current Users', '', 'current-users', '', '3', 'left', 'Questions that users migrating to Joomla! 1.5 are likely to raise<br />', 1, 0, '0000-00-00 00:00:00', NULL, 2, 0, 0, ''),
(25, 0, 'The Project', '', 'the-project', '', '4', 'left', 'General facts about Joomla!<br />', 1, 0, '0000-00-00 00:00:00', NULL, 1, 0, 0, ''),
(27, 0, 'New to Joomla!', '', 'new-to-joomla', '', '3', 'left', 'Questions for new users of Joomla!', 1, 0, '0000-00-00 00:00:00', NULL, 3, 0, 0, ''),
(30, 0, 'The Community', '', 'the-community', '', '4', 'left', 'About the millions of Joomla! users and Web sites<br />', 1, 0, '0000-00-00 00:00:00', NULL, 3, 0, 0, ''),
(31, 0, 'General', '', 'general', '', '3', 'left', 'General questions about the Joomla! CMS', 1, 0, '0000-00-00 00:00:00', NULL, 1, 0, 0, ''),
(32, 0, 'Languages', '', 'languages', '', '3', 'left', 'Questions related to localisation and languages', 1, 0, '0000-00-00 00:00:00', NULL, 4, 0, 0, ''),
(33, 0, 'Joomla! Promo', '', 'joomla-promo', '', 'com_banner', 'left', '', 1, 0, '0000-00-00 00:00:00', NULL, 1, 0, 0, ''),
(34, 0, 'Demo category', '', 'demo-category', '', '5', 'left', 'Tempus sodales et eleifend elit nec amet Nam Donec nibh quis. Feugiat In felis Integer montes interdum elit tincidunt Pellentesque ac montes.', 1, 0, '0000-00-00 00:00:00', NULL, 1, 0, 0, ''),
(38, 0, 'Default', 'Default', '', '', 'com_jevents', 'left', '', 1, 0, '0000-00-00 00:00:00', NULL, 0, 0, 0, ''),
(39, 0, 'Cr Conseils d''établissements', 'CR Conseils d''établissements', '', '', 'com_docman', 'left', '', 1, 0, '0000-00-00 00:00:00', NULL, 21, 0, 0, ''),
(40, 0, 'Hygiène', '', 'hygiene', '', '6', 'left', '', 1, 0, '0000-00-00 00:00:00', NULL, 1, 0, 0, ''),
(41, 0, 'Orientation', '', 'orientation', '', '6', 'left', '', 1, 0, '0000-00-00 00:00:00', NULL, 2, 0, 0, ''),
(42, 0, 'Ateliers', '', 'ateliers', '', '6', 'left', '', 1, 0, '0000-00-00 00:00:00', NULL, 3, 0, 0, ''),
(43, 0, 'Contact', '', 'contact', '', '6', 'left', '<p>&nbsp;</p>\r\n<p style="background-image: initial; background-attachment: initial; background-color: white;"><span style="font-family: Garamond, serif; color: black;">\r\n<p style="background-image: initial; background-attachment: initial; background-color: white;"><span style="font-family: Garamond, serif; color: black;">Etablissement André Malraux, rue K''tama, Souissi, 10 000 Rabat, Maroc</span></p>\r\n<p style="background-image: initial; background-attachment: initial; background-color: white;"><span style="font-family: Garamond, serif; color: #1f497d;">Té<span style="font-family: Garamond, serif; color: black;">l<span style="font-family: Garamond, serif; color: #1f497d;">é<span style="font-family: Garamond, serif; color: black;">phone secrétariat: M.Filali Nourredine 06 67 73 55 35</span></span></span></span></p>\r\n<p style="background-image: initial; background-attachment: initial; background-color: white;"><span style="font-family: Garamond, serif; color: #1f497d;">C<span style="font-family: Garamond, serif; color: black;">ourriel: <a href="mailto:apeam.malraux@gmail.com">apeam.malraux@gmail.com</a> / &nbsp;<a href="mailto:apeam.malraux@yahoo.fr">apeam.malraux@yahoo.fr</a></span></span></p>\r\n<p style="background-image: initial; background-attachment: initial; background-color: white;"><span style="font-family: Garamond, serif; color: black;">site web:&nbsp;</span></p>\r\n<br /></span></p>', 1, 0, '0000-00-00 00:00:00', NULL, 4, 0, 0, ''),
(44, 0, 'Presse', 'Presse', '', '', 'com_docman', 'left', '', 1, 0, '0000-00-00 00:00:00', NULL, 20, 0, 0, ''),
(45, 0, 'Media', '', 'media', '', '6', 'left', '', 1, 0, '0000-00-00 00:00:00', NULL, 5, 0, 0, ''),
(46, 0, 'CR Orientation', 'CR Orientation', '', '', 'com_docman', 'left', '', 1, 0, '0000-00-00 00:00:00', NULL, 19, 0, 0, ''),
(47, 0, 'CR Hygiène', 'CR Hygiène', '', '', 'com_docman', 'left', '', 1, 0, '0000-00-00 00:00:00', NULL, 18, 0, 0, ''),
(48, 0, 'Education', '', 'education', '', '6', 'left', '', 1, 0, '0000-00-00 00:00:00', NULL, 6, 0, 0, ''),
(49, 0, 'Education Actions réalisées', 'Education Actions réalisées', '', '', 'com_docman', 'left', '', 1, 0, '0000-00-00 00:00:00', NULL, 17, 0, 0, ''),
(50, 0, 'Ressources', '', 'ressources', '', '6', 'left', '', 1, 0, '0000-00-00 00:00:00', NULL, 7, 0, 0, ''),
(51, 0, 'Cr Conseils d''écoles', 'Cr Conseils d''écoles', '', '', 'com_docman', 'left', '', 1, 0, '0000-00-00 00:00:00', NULL, 16, 0, 0, ''),
(52, 0, 'Organisation', '', 'organisation', '', '6', 'left', '', 1, 0, '0000-00-00 00:00:00', NULL, 8, 0, 0, ''),
(53, 0, 'Qui sommes nous', '', 'qui-sommes-nous', '', '6', 'left', '', 1, 0, '0000-00-00 00:00:00', NULL, 9, 0, 0, ''),
(54, 0, 'Adhésion à l''APEAM', '', 'adhesion-a-lapeam', '', '6', 'left', '', 1, 0, '0000-00-00 00:00:00', NULL, 10, 0, 0, ''),
(55, 0, 'Divers', 'Divers', '', '', 'com_docman', 'left', '', 1, 0, '0000-00-00 00:00:00', NULL, 15, 0, 0, ''),
(56, 0, 'Services : Casiers', '', 'casiers', '', '6', 'left', '<p>&nbsp;&nbsp;&nbsp;&nbsp;&nbsp;&nbsp;&nbsp;&nbsp;&nbsp; Chers parents,</p>\r\n<p> </p>\r\n<p style="text-align: justify;">Suite à votre demande, l’apeam a installé un ensemble de 56 casiers qu’elle met à disposition des collégiens, avec une priorité aux sixièmes et cinquièmes et aux enfants avec problème de santé.</p>\r\n<p style="text-align: justify;">La location d’un casier donne lieu au règlement préalable, contre récépissé, de 300 DH pour toute l’année scolaire. La libération du casier en cours d’année ne donne lieu à aucune restitution, même au prorata de la période restant à courir.</p>\r\n<p style="text-align: justify;">Les casiers sont numérotés et le récépissé de règlement doit mentionner le n° du casier en location et le dépôt de la garantie.</p>\r\n<p style="text-align: justify;">La location du casier donne lieu en même temps au dépôt de la somme de 150 DH &nbsp;à titre de garantie en cas de dégradation de l’état du casier pris en location. Cette garantie sera restituée en fin d’année, après vérification de l’état du casier. La restitution de la garantie donne lieu à la signature d’une décharge par le parent, au moins, de l’élève locataire.</p>\r\n<p style="text-align: justify;">Le règlement du loyer du casier et de la garantie peut être fait par chèques séparés ou par un seul chèque. Dans les deux cas, le ou les chèques doivent être barrés non endossables et libellés au nom de l’APEAM.</p>\r\n<p style="text-align: justify;">Le règlement du loyer du casier et le dépôt de la garantie doivent être accompagnés par la signature du règlement d’utilisation du casier par l’élève concerné et l’un des parents.</p>\r\n<p style="text-align: justify;">Pour les personnes intéressées, prière de s’inscrire au niveau du secrétariat de l’APEAM sur le site des Zaërs (M. Nourredine 06 67 73 55 35).</p>\r\n<p style="text-align: justify;">Vu le nombre limité des casiers disponibles, la priorité sera accordée aux premiers venus.</p>', 1, 0, '0000-00-00 00:00:00', NULL, 11, 0, 0, ''),
(57, 0, 'Notre Etablissement', '', 'notre-etablissement', '', '6', 'left', '', 1, 0, '0000-00-00 00:00:00', NULL, 4, 0, 0, ''),
(58, 0, 'Agenda', '', 'agenda', '', '6', 'left', '', 1, 0, '0000-00-00 00:00:00', NULL, 12, 0, 0, ''),
(59, 0, 'Espace Culturel', '', 'espace-culturel', '', '6', 'left', '', 1, 0, '0000-00-00 00:00:00', NULL, 13, 0, 0, ''),
(60, 0, 'Contact', '', 'contact', '', '6', 'left', '', 1, 0, '0000-00-00 00:00:00', NULL, 14, 0, 0, ''),
(67, 0, 'Partenariats', '', 'partenariats', '', '6', 'left', '', 1, 0, '0000-00-00 00:00:00', NULL, 16, 0, 0, ''),
(61, 0, 'Actions Citoyennes, Écologiques et Sociales', '', 'actions-citoyennes-ecologiques-et-sociales', '', '4', 'left', '', 1, 0, '0000-00-00 00:00:00', NULL, 4, 0, 0, ''),
(62, 0, 'Actions Citoyennes, Écologiques et Sociales', '', 'actions-citoyennes-ecologiques-et-sociales', '', '6', 'left', '', 1, 0, '0000-00-00 00:00:00', NULL, 15, 0, 0, ''),
(63, 0, 'achoura', '', 'achoura', 'achoura1.jpg', 'com_djimageslider', 'left', '<p><strong><span style="font-size: 12pt;">achoura</span></strong></p>', 0, 0, '0000-00-00 00:00:00', NULL, 1, 0, 0, ''),
(64, 0, 'visite de l''Ecole normale de musique a paris', '', 'visite-de-lecole-normale-de-musique-a-paris', '', 'com_djimageslider', 'left', '', 0, 0, '0000-00-00 00:00:00', NULL, 2, 0, 0, ''),
(65, 0, 'votes pour élections 2009', '', 'votes-pour-elections-2009', '', 'com_djimageslider', 'left', '', 0, 0, '0000-00-00 00:00:00', NULL, 3, 0, 0, ''),
(66, 0, 'cat', '', 'cat', '', 'com_djimageslider', 'left', '', 1, 67, '2012-10-02 22:25:14', NULL, 4, 0, 0, ''),
(68, 0, 'catégorie 2', '', 'categorie-2', '', '8', 'left', '', 1, 0, '0000-00-00 00:00:00', NULL, 1, 0, 0, ''),
(69, 0, 'catégorie3', '', 'categorie3', '', '9', 'left', '', 1, 0, '0000-00-00 00:00:00', NULL, 1, 0, 0, ''),
(72, 0, 'catégorie 2', 'catégorie 2', '', '', 'com_docman', 'left', '', 1, 0, '0000-00-00 00:00:00', NULL, 14, 0, 0, ''),
(71, 0, 'categorie 1', '', 'categorie-1', '', '7', 'left', '', 1, 0, '0000-00-00 00:00:00', NULL, 1, 0, 0, ''),
(73, 0, 'catégorie 3', 'catégorie ', '', '', 'com_docman', 'left', '', 1, 0, '0000-00-00 00:00:00', NULL, 13, 0, 0, ''),
(74, 0, 'catégorie 1', 'catégorie 1', '', '', 'com_docman', 'left', '', 1, 0, '0000-00-00 00:00:00', NULL, 12, 0, 0, ''),
(77, 0, 'Informations pratiques', '', 'informations-pratiques', '', '6', 'left', '', 1, 0, '0000-00-00 00:00:00', NULL, 5, 0, 0, ''),
(75, 0, 'Charte éthique du site web', '', 'charte-ethique-du-site-web', '', '6', 'left', '<p>Ce Site est la propriété de toute la communauté des parents d''élèves du GSAM. L''APEAM l''a conçu et veillera constamment à son développement pour offrir aux parents des <strong>services interactifs de communication de proximité et d''information pratique sur la vie scolaire de leurs enfants</strong>, à valeur ajoutée réelle et régulière.</p>\r\n<p><br />Les parents sont conviés, avec insistance, <strong>à l''utiliser pour toute communication avec les membres du comité et du bureau</strong>, et sont, également, priés de leur faire part de toutes suggestions et propositions d''amélioration des prestations offertes.</p>\r\n<p>A l''occasion de toute utilisation, les parents sont vivement priés de s''abstenir de tout propos attentatoire aux bonnes mœurs, à la réputation du GSAM, de son administration et du corps enseignants ou au respect dû à toute personne, appartenant ou non à la communauté éducative du groupe.</p>', 1, 0, '0000-00-00 00:00:00', NULL, 8, 0, 0, ''),
(76, 0, 'Charte éthique', 'charte éthique', '', '', 'com_docman', 'left', '', 1, 0, '0000-00-00 00:00:00', NULL, 11, 0, 0, ''),
(78, 0, 'lettre', 'lettre', '', '', 'com_docman', 'left', '', 1, 0, '0000-00-00 00:00:00', NULL, 10, 0, 0, ''),
(79, 0, 'Copie de Charte éthique du site web', 'Copie de ', 'charte-ethique-du-site-web', '', '7', 'left', '<p>Ce Site est la propriété de toute la communauté des parents d''élèves du GSAM. L''APEAM l''a conçu et veillera constamment à son développement pour offrir aux parents des <strong>services interactifs de communication de proximité et d''information pratique sur la vie scolaire de leurs enfants</strong>, à valeur ajoutée réelle et régulière.</p>\r\n<p><br />Les parents sont conviés, avec insistance, <strong>à l''utiliser pour toute communication avec les membres du comité et du bureau</strong>, et sont, également, priés de leur faire part de toutes suggestions et propositions d''amélioration des prestations offertes.</p>\r\n<p>A l''occasion de toute utilisation, les parents sont vivement priés de s''abstenir de tout propos attentatoire aux bonnes mœurs, à la réputation du GSAM, de son administration et du corps enseignants ou au respect dû à toute personne, appartenant ou non à la communauté éducative du groupe.</p>', 1, 0, '0000-00-00 00:00:00', NULL, 8, 0, 0, ''),
(80, 0, 'Services : Casiers', 'casiers', '', '', 'com_docman', 'left', '', 1, 0, '0000-00-00 00:00:00', NULL, 9, 0, 0, ''),
(81, 0, 'Garderie Animaxion', 'Garderie Animaxion', '', '', 'com_docman', 'left', '', 1, 0, '0000-00-00 00:00:00', NULL, 8, 0, 0, ''),
(82, 0, 'Candidature au mandat de délégué de classe', 'Candidature délégué', '', '', 'com_docman', 'left', '', 1, 0, '0000-00-00 00:00:00', NULL, 7, 0, 0, ''),
(83, 0, 'CR élections', 'CRélections', '', '', 'com_docman', 'left', '', 1, 0, '0000-00-00 00:00:00', NULL, 6, 0, 0, ''),
(84, 0, 'Courrier de l''APEAM aux parents', 'courrier de l''APEAM', '', '', 'com_docman', 'left', '', 1, 68, '2012-12-30 16:16:34', NULL, 5, 0, 0, ''),
(85, 0, 'Liste candidats', 'Liste Candidats', '', '', 'com_docman', 'left', '', 1, 0, '0000-00-00 00:00:00', NULL, 4, 0, 0, ''),
(86, 0, 'CR des réunions du Comité de l''APEAM', 'CR des réunions du comité de l''APEAM', '', '', 'com_docman', 'left', '', 1, 0, '0000-00-00 00:00:00', NULL, 3, 0, 0, ''),
(87, 0, 'Conseils des classes', 'Conseils des classes', '', '', 'com_docman', 'left', '', 1, 68, '2012-12-30 17:26:00', NULL, 2, 0, 0, ''),
(88, 0, 'Bulletins de l''APEAM', 'Bulletin', '', '', 'com_docman', 'left', '', 1, 68, '2012-12-30 16:17:20', NULL, 1, 0, 0, '');

-- --------------------------------------------------------

--
-- Table structure for table `apm_ccb_attachments`
--

CREATE TABLE IF NOT EXISTS `apm_ccb_attachments` (
  `id` int(10) unsigned NOT NULL AUTO_INCREMENT,
  `post_id` int(10) unsigned NOT NULL DEFAULT '0',
  `ccb_name` varchar(255) NOT NULL DEFAULT ' ',
  `real_name` varchar(255) NOT NULL DEFAULT ' ',
  `filesize` int(10) unsigned NOT NULL DEFAULT '0',
  `hits` int(10) unsigned NOT NULL DEFAULT '0',
  `comment` mediumtext NOT NULL,
  `filetime` int(10) unsigned NOT NULL DEFAULT '0',
  `extension` varchar(100) DEFAULT NULL,
  `mimetype` varchar(100) DEFAULT NULL,
  PRIMARY KEY (`id`)
) ENGINE=MyISAM DEFAULT CHARSET=utf8 AUTO_INCREMENT=1 ;

-- --------------------------------------------------------

--
-- Table structure for table `apm_ccb_category`
--

CREATE TABLE IF NOT EXISTS `apm_ccb_category` (
  `id` int(10) unsigned NOT NULL AUTO_INCREMENT,
  `cat_name` varchar(255) DEFAULT '.',
  `ordering` int(10) unsigned DEFAULT '0',
  PRIMARY KEY (`id`)
) ENGINE=MyISAM  DEFAULT CHARSET=utf8 AUTO_INCREMENT=2 ;

--
-- Dumping data for table `apm_ccb_category`
--

INSERT INTO `apm_ccb_category` (`id`, `cat_name`, `ordering`) VALUES
(1, 'Littérature', 1);

-- --------------------------------------------------------

--
-- Table structure for table `apm_ccb_forums`
--

CREATE TABLE IF NOT EXISTS `apm_ccb_forums` (
  `id` int(10) unsigned NOT NULL AUTO_INCREMENT,
  `forum_name` varchar(255) DEFAULT '.',
  `forum_desc` mediumtext,
  `cat_id` int(10) unsigned DEFAULT '0',
  `topic_count` int(10) unsigned DEFAULT '0',
  `post_count` int(10) unsigned DEFAULT '0',
  `last_post_user` int(10) unsigned DEFAULT '0',
  `last_post_time` int(10) unsigned DEFAULT '0',
  `last_post_id` int(10) unsigned DEFAULT '0',
  `published` tinyint(3) unsigned DEFAULT '0',
  `locked` tinyint(3) unsigned DEFAULT '0',
  `view_for` int(10) unsigned DEFAULT '0',
  `post_for` int(10) unsigned DEFAULT '18',
  `moderate_for` int(10) unsigned DEFAULT '23',
  `forum_image` varchar(100) DEFAULT '',
  `ordering` int(10) unsigned DEFAULT '0',
  `moderated` tinyint(3) unsigned NOT NULL DEFAULT '0',
  `review` tinyint(3) unsigned NOT NULL DEFAULT '0',
  `last_post_username` varchar(255) DEFAULT '',
  PRIMARY KEY (`id`)
) ENGINE=MyISAM  DEFAULT CHARSET=utf8 AUTO_INCREMENT=2 ;

--
-- Dumping data for table `apm_ccb_forums`
--

INSERT INTO `apm_ccb_forums` (`id`, `forum_name`, `forum_desc`, `cat_id`, `topic_count`, `post_count`, `last_post_user`, `last_post_time`, `last_post_id`, `published`, `locked`, `view_for`, `post_for`, `moderate_for`, `forum_image`, `ordering`, `moderated`, `review`, `last_post_username`) VALUES
(1, 'Suggestions Litteraires', 'Cet espace est le vôtre, n''hésitez pas à partager ou suggérer des titres d''ouvrages intéressants! ', 1, 0, 0, 0, 0, 0, 1, 0, 0, 18, 0, '', 1, 0, 0, '');

-- --------------------------------------------------------

--
-- Table structure for table `apm_ccb_moderators`
--

CREATE TABLE IF NOT EXISTS `apm_ccb_moderators` (
  `id` int(10) unsigned NOT NULL AUTO_INCREMENT,
  `user_id` int(10) unsigned NOT NULL,
  `forum_id` int(10) unsigned NOT NULL,
  PRIMARY KEY (`id`)
) ENGINE=MyISAM DEFAULT CHARSET=utf8 AUTO_INCREMENT=1 ;

-- --------------------------------------------------------

--
-- Table structure for table `apm_ccb_posts`
--

CREATE TABLE IF NOT EXISTS `apm_ccb_posts` (
  `id` int(10) unsigned NOT NULL AUTO_INCREMENT,
  `topic_id` int(10) unsigned DEFAULT '0',
  `forum_id` int(10) unsigned DEFAULT '0',
  `post_subject` varchar(255) DEFAULT '.',
  `post_text` mediumtext NOT NULL,
  `post_user` int(10) unsigned DEFAULT '0',
  `post_time` int(10) unsigned DEFAULT '0',
  `ip` varchar(20) DEFAULT NULL,
  `hold` tinyint(3) unsigned DEFAULT '0',
  `modified_by` int(10) unsigned DEFAULT '0',
  `modified_time` int(10) unsigned DEFAULT '0',
  `modified_reason` varchar(255) DEFAULT '',
  `post_username` varchar(255) DEFAULT NULL,
  PRIMARY KEY (`id`),
  KEY `ccb_posts_topic_id` (`topic_id`)
) ENGINE=MyISAM DEFAULT CHARSET=utf8 AUTO_INCREMENT=1 ;

-- --------------------------------------------------------

--
-- Table structure for table `apm_ccb_ranks`
--

CREATE TABLE IF NOT EXISTS `apm_ccb_ranks` (
  `id` int(10) unsigned NOT NULL AUTO_INCREMENT,
  `rank_title` varchar(255) NOT NULL,
  `rank_min` int(10) unsigned NOT NULL DEFAULT '0',
  `rank_special` tinyint(3) unsigned NOT NULL DEFAULT '0',
  `rank_image` varchar(255) NOT NULL,
  PRIMARY KEY (`id`)
) ENGINE=MyISAM DEFAULT CHARSET=utf8 AUTO_INCREMENT=1 ;

-- --------------------------------------------------------

--
-- Table structure for table `apm_ccb_topics`
--

CREATE TABLE IF NOT EXISTS `apm_ccb_topics` (
  `id` int(10) unsigned NOT NULL AUTO_INCREMENT,
  `forum_id` int(10) unsigned DEFAULT '0',
  `post_subject` varchar(255) DEFAULT '.',
  `reply_count` int(10) unsigned DEFAULT '0',
  `hits` int(10) unsigned DEFAULT '0',
  `post_time` int(10) unsigned DEFAULT '0',
  `post_user` int(10) unsigned DEFAULT '0',
  `last_post_time` int(10) unsigned DEFAULT '0',
  `last_post_id` int(10) unsigned DEFAULT '0',
  `last_post_user` int(10) unsigned DEFAULT '0',
  `start_post_id` int(10) unsigned DEFAULT '0',
  `topic_type` tinyint(3) unsigned DEFAULT '0',
  `locked` tinyint(3) unsigned DEFAULT '0',
  `topic_email` mediumtext,
  `hold` tinyint(3) unsigned DEFAULT '0',
  `topic_emoticon` tinyint(3) unsigned DEFAULT '0',
  `post_username` varchar(255) DEFAULT NULL,
  `last_post_username` varchar(255) DEFAULT '',
  `topic_favourite` mediumtext,
  PRIMARY KEY (`id`),
  KEY `ccb_topics_forum_id` (`forum_id`),
  KEY `ccb_topics_last_post_time` (`last_post_time`)
) ENGINE=MyISAM DEFAULT CHARSET=utf8 AUTO_INCREMENT=1 ;

-- --------------------------------------------------------

--
-- Table structure for table `apm_ccb_users`
--

CREATE TABLE IF NOT EXISTS `apm_ccb_users` (
  `id` int(10) unsigned NOT NULL AUTO_INCREMENT,
  `user_id` int(10) unsigned NOT NULL,
  `dob` int(11) DEFAULT '0',
  `location` varchar(45) DEFAULT NULL,
  `signature` mediumtext,
  `avatar` varchar(100) DEFAULT NULL,
  `rank` int(10) unsigned NOT NULL DEFAULT '0',
  `post_count` int(10) unsigned DEFAULT '0',
  `gender` char(10) DEFAULT 'Male',
  `www` varchar(45) DEFAULT NULL,
  `icq` varchar(45) DEFAULT NULL,
  `aol` varchar(45) DEFAULT NULL,
  `msn` varchar(45) DEFAULT NULL,
  `yahoo` varchar(45) DEFAULT NULL,
  `jabber` varchar(45) DEFAULT NULL,
  `skype` varchar(45) DEFAULT NULL,
  `thumb` varchar(100) DEFAULT NULL,
  `showemail` tinyint(3) unsigned DEFAULT '0',
  `moderator` tinyint(3) unsigned DEFAULT '0',
  `karma` int(10) DEFAULT '0',
  `karma_time` int(10) unsigned DEFAULT '0',
  `hits` int(10) unsigned DEFAULT '0',
  PRIMARY KEY (`id`)
) ENGINE=MyISAM DEFAULT CHARSET=utf8 AUTO_INCREMENT=1 ;

-- --------------------------------------------------------

--
-- Table structure for table `apm_chronoforms_doleances`
--

CREATE TABLE IF NOT EXISTS `apm_chronoforms_doleances` (
  `cf_id` int(11) NOT NULL AUTO_INCREMENT,
  `uid` varchar(255) NOT NULL,
  `recordtime` varchar(255) NOT NULL,
  `ipaddress` varchar(255) NOT NULL,
  `cf_user_id` varchar(255) NOT NULL,
  `parents` varchar(255) NOT NULL,
  `email` varchar(255) NOT NULL,
  `gsm` varchar(255) NOT NULL,
  `telfix` varchar(255) NOT NULL,
  `check0` varchar(255) NOT NULL,
  `check1` varchar(255) NOT NULL,
  `doleance` varchar(255) NOT NULL,
  PRIMARY KEY (`cf_id`)
) ENGINE=MyISAM  DEFAULT CHARSET=latin1 AUTO_INCREMENT=36 ;

--
-- Dumping data for table `apm_chronoforms_doleances`
--

INSERT INTO `apm_chronoforms_doleances` (`cf_id`, `uid`, `recordtime`, `ipaddress`, `cf_user_id`, `parents`, `email`, `gsm`, `telfix`, `check0`, `check1`, `doleance`) VALUES
(1, 'INDJmNWRhOGU4YjBl94b2505c2c6fc810c33e603c7e98a88a', '2012-09-03 - 09:42:50', '41.140.0.235', '0', 'Iman Benqlilou', 'i.benqlilou@gmail.com', '0661303816', '0537011603', 'president.apeam@gmail.com', 'Lu et approuvé', 'Merci à toute l''équipe de l''APEAM. pour préserver l''environnement des nos écoles, je propose de mettre des poubelles devant les portails. ET est-il possible d''empêcher les lyciens de fumer devant le portail du collège des Zaières car ils donnent le mauvau'),
(2, 'IMzgwZTQ1YzFhNWRm63c2d41d99321db6145dde0613f18704', '2012-09-03 - 10:04:48', '105.128.14.119', '0', 'TERRAB AZAROUAL Souad', 'souadterrab@yahoo.fr', '0661839742', '', 'nadia.marzouk@hotmail.fr', 'Lu et approuvé', 'Insciption de ma fille Ghita élève de CM1 à l''Atelier Théatre en arabe le vendredi. Merci'),
(3, 'INDg5NjA0YTdjZGU5edf3bf024e5782287c122d41327ef574', '2012-09-04 - 14:07:49', '41.248.161.37', '0', '', '', '', '', 'president.apeam@gmail.com', 'Lu et approuvé', 'bonjour, une information circule sur le fait que l''année prochaine tout le primaire sera au quartier Les Orangers. Je vous prie Mr le Président de bien vouloir contrer cette décision qui affecte l''ensemble des parents des classes du CE2 au CM2. Merci Mr l'),
(4, 'IMDNjZmE3YzU0MDY223e9fe5876ce184a04946e43a1970766', '2012-09-05 - 09:16:38', '41.140.29.182', '0', 'Iman Benqlilou', 'i.benqlilou@gmail.com', '0661303816', '0537011603', 'hbenqlilou@gmail.com', 'Lu et approuvé', 'Brovo pour le site de l''APEAM,  bon courage pour la suite et merci de nous permettre de nous exprimer à travers ce "Manbar".\r\nDans le document  concernant le rôle de parent délégué de classe,  dans le slide 9 il est noté que : "Le compte rendu peut être e'),
(5, 'IZGU1NjBjMDJmMTZifd42f336e52a373e68190d13e64b6d3c', '2012-09-06 - 08:19:26', '81.192.184.170', '0', '', '', '', '', 'president.apeam@gmail.com', 'Lu et approuvé', 'test'),
(6, 'IYWQ5M2EyMjE1ZGZh2f531c53d8827c3e779feb489c0c14b4', '2012-09-06 - 10:28:20', '196.12.237.120', '0', 'khales hind', 'hindkhales@yahoo.fr', '0669798260', '0537564807', 'president.apeam@gmail.com', 'Lu et approuvé', 'je vous prie de bien vouloir examiner la possibilité de laisser les enfants qui aménent leur déjeuner sur le site de l''école pour qu''il n''y ait pas de problème de sortie non autorisée. merci'),
(7, 'IMDM2MDQ2MDZlOTc1b730d42a6d5e819cd8c13fb349816a94', '2012-09-06 - 20:59:06', '41.250.236.159', '0', 'myriam atajja épouse sbiti', 'myriam_atajja@hotmail.com', '0666698434', '0537620167', 'boutayna.mrini@gmail.com', 'Lu et approuvé', 'Prière de rallonger l''heure de la garderie de l’après-midi jusqu’à 18h30.\r\nCordialement'),
(8, 'IYzNhYjhkNjJkMGVl37c8fc259f9b6aa81b918f60daab80aa', '2012-09-12 - 09:30:24', '81.192.103.167', '0', 'Benayad Mohammed', 'benayad01@gmail.com', '0661999321', '0673995535', 'nadia.marzouk@hotmail.fr', 'Lu et approuvé', 'Bonjour;l\r\nMon fils élève du CM2A a reçu le courier relatif aux ateliers à la sortie de l''école le 10/09/2012.  Il a choisi l''ateleir théatre et j''ai rempli la fiche de demande d''insription le soir même.\r\nLe matin du 11/09, il a déposé sa demande auprès d'),
(9, 'INzdiYzIxYTY3ZjI0b59985d8b4157ff2fb7c68fa1bf43d73', '2012-09-14 - 08:12:23', '41.248.168.25', '0', 'Kabbaj.  Hasnae', 'belmahi.amin@yahoo.fr', '0665169933', '0661153038', 'boutayna.mrini@gmail.com, nadia.marzouk@hotmail.fr', 'Lu et approuvé', 'Garderie: besoin d''un espace adapté ,couvert permettant lecture et autres divertissements\r\nCantine: tous nos enfants devraient bénéficier d une petite bouteille individuelle d eau minérale lors du déjeuner c est simple et surtout sain pour nos chers enfan'),
(10, 'IYzI5ZTA5NmRhZTli94ae748562b401bbc28da44c6fc975ff', '2012-09-17 - 13:59:52', '41.249.34.95', '0', '', '', '', '', 'president.apeam@gmail.com', 'Lu et approuvé', 'Mr le Président, je vous prie au nom de la majorité des parents ayant leurs enfants au CE2 de bien vouloir revoir et annuler la décision de regrouper l''ensemble du primaire aux Orangers.\r\nS''il y a lieu de faire des réunions ou pétitions ou autres, nous so'),
(11, 'IYmRjZGU2YTZhOGFh1878cf9c60ee4f8da401215a44b86ca7', '2012-09-17 - 14:05:01', '41.249.34.95', '0', 'Mme Aicha SIAD', 'aichasiad04@yahoo.fr', '0661190269', '0537564520', 'boutayna.mrini@gmail.com', 'Lu et approuvé', 'Si notre enfant a besoin d être en garderie 1 jour pour une  quelconque raison, la formule du paiement d''une journée a été supprimé. Donc si un jour j''arrive en retard, mon enfant qui est au CE2 sera mis dehors et non à la garderie; ceci est inacceptable '),
(12, 'IZGEyMWRhYTE4NTFi397d6e93ca2a4b20dd57a91174af6b85', '2012-09-18 - 13:47:21', '41.250.250.149', '0', 'RAHMOUNI LAMIA', 'rahmouni.lamia@gmail.com', '06 75 94 34 24', '', 'nadia.marzouk@hotmail.fr, hbenqlilou@gmail.com', 'Lu et approuvé', 'Le menu de la cantine n''est pas à jour dans le site de l''école\r\nEst-ce que vous pouvez publiez les comptes rendus des visites que vous faites à la cantine \r\nEst ce qu''on pourrait proposer au prestataire du service cantine de prévoir une réunion avec les p'),
(13, 'IM2M1YjhiYTBlMTJlad2fb80ec6858c58823330aff8dfae30', '2012-09-18 - 13:48:49', '41.250.250.149', '0', 'RAHMOUNI LAMIA', 'rahmouni.lamia@gmail.com', '06 75 94 34 24', '', 'nadia.marzouk@hotmail.fr, hbenqlilou@gmail.com', 'Lu et approuvé', 'Le menu de la cantine n''est pas à jour dans le site de l''école\r\nEst-ce que vous pouvez publiez les comptes rendus des visites que vous faites à la cantine \r\nEst ce qu''on pourrait proposer au prestataire du service cantine de prévoir une réunion avec les p'),
(14, 'IYjA5NDRlZWYwZWU07eeb92632fddcd60aa61ff35a4a863e9', '2012-09-21 - 10:58:41', '194.204.217.78', '0', 'Belkhayat', 'b_salma2000@yahoo.fr', '0661077707', '0537565062', 'nadia.marzouk@hotmail.fr', '', 'Bonjour,\r\n\r\nJe voudrais savoir si l''atelier de théatre en arabe est de 1 ou 2 séances par semaine.\r\nJe vous remercie pour tous vos efforts.\r\n\r\nCdt.'),
(15, 'INDU2NDZlNTJkNTk410671eee5b6438503cf420635801b9d8', '2012-09-21 - 17:21:22', '41.249.38.87', '0', 'chouhou laila', 'lailachouhou@yahoo.fr', '0661256595', '', 'nadia.marzouk@hotmail.fr', '', 'ma fille en CE1 se plaint tjrs du fait qu on les laisse trop attendre   avant le déjeuner et puis on les presse pour finir vite vous comprendrez que ce ne sont pas des conditions raisonnables pour le bien être de nos enfants ,je comprend qu il y a une pre'),
(16, 'IOGViM2IwYjFjMzky7476bf4da7baf7568f2ac4542908906c', '2012-09-30 - 09:16:32', '41.140.171.25', '0', 'Pr dr BELMAHI AMIN', 'belmahi.amin@yahoo.fr', '0661153038', '0537674618', 'nadia.marzouk@hotmail.fr', 'Lu et approuvé', 'Alors que mon fils Samy était inscrit à l''atelier guitare depuis début septembre avec l''enfant Abouhafs de même niveau CE2 pour le cours du samedi de 9 à 10h,j''ai été amèrement surpris ce samedi de trouver non plus l''apprenant sus cite ,mais cet apprenant'),
(17, 'IY2MyZDY4NGQxNjc4a060676320bffcea94628cb2a5ff4978', '2012-10-03 - 10:33:07', '41.140.178.25', '0', 'LIHB rachid', 'rachlihb12@yahoo.fr', '0667041414', '', 'president.apeam@gmail.com', '', 'Merci de lire l''article de l''economiste du 3 octobre 2012 page 14 et nous donner des explications.'),
(18, 'IMTA1MTM1YTQ1ZDdja02cae923396d45d9b8a6ae9a63d1265', '2012-10-08 - 09:46:58', '62.251.213.169', '0', 'NFISSI Jawhar', 'jawharnfissi@yahoo.fr', '0661130689', '', 'nadia.marzouk@hotmail.fr', 'Lu et approuvé', 'Ma doléance concerne les agissements de la dénommée Loubna. Des défaillances ont été constatées au niveau du contact avec les parents ainsi qu''avec les enfants.  Une telle situation est de nature à développer un sentiment de frustration chez l''enfant, ce '),
(19, 'IODYzOTFjNGJlYWY53b01fe3326d9b497620d13dbcf22cb0c', '2012-10-08 - 09:48:27', '62.251.213.169', '0', 'NFISSI Jawhar', 'jawharnfissi@yahoo.fr', '0661130689', '', 'nadia.marzouk@hotmail.fr', 'Lu et approuvé', 'Ma doléance concerne les agissements de la dénommée Loubna. Des défaillances ont été constatées au niveau du contact avec les parents ainsi qu''avec les enfants.  Une telle situation est de nature à développer un sentiment de frustration chez l''enfant, ce '),
(20, 'INTk1NTAyNTJmOWEx148dd09e785cce48a4774640d2a011ae', '2012-10-08 - 09:51:46', '62.251.213.169', '0', 'NFISSI Jawhar', 'jawharnfissi@yahoo.fr', '0661130689', '', 'nadia.marzouk@hotmail.fr', 'Lu et approuvé', 'Ma doléance concerne les agissements de la dénommée Loubna. Des défaillances ont été constatées au niveau du contact avec les parents ainsi qu''avec les enfants.  Une telle situation est de nature à développer un sentiment de frustration chez l''enfant, ce '),
(21, 'IZmRjMjkxY2NlZTYzf80eaec6caa06a62c7d22dc005473814', '2012-10-08 - 10:01:10', '41.248.166.32', '0', '', '', '', '', 'president.apeam@gmail.com', 'Lu et approuvé', 'merci de bien vouloir nous tenir au courant de l''éventuelle déménagement des CM1 et CM2 aux Orangers pour l''année 2013-2014. C''est toute une vie qui est chamboulée car notre ainé est au collége et cette année on a déménagé prés du site des Zaers !!!!!! Il'),
(22, 'IMjU5NmEwZjNlY2Ez42838d2c2e0ed049b35f8504879b247e', '2012-10-17 - 22:21:28', '41.249.37.196', '0', '', '', '', '', 'nadia.marzouk@hotmail.fr', '', 'd''après nos enfants les repas à la cantine sont infects\r\nil parait que les moniteurs et monitrices obligent les enfants à finir leur assiete\r\nce qui n''est pas forcemment une bonne chose \r\nchaque enfant à son propre appetit\r\nles enfants du primaire mancent'),
(23, 'IZTY1ZTljOWI4OTdld2c684451017b88afdb5366e8dd63ea3', '2012-10-17 - 22:22:59', '41.249.37.196', '0', '', 'oumnizette@yahoo.fr', '', '', 'nadia.marzouk@hotmail.fr', 'Lu et approuvé', 'd''après nos enfants les repas à la cantine sont infects\r\nil parait que les moniteurs et monitrices obligent les enfants à finir leur assiete\r\nce qui n''est pas forcemment une bonne chose \r\nchaque enfant à son propre appetit\r\nles enfants du primaire mancent'),
(24, 'IY2UwN2Q2ODBiODg59a933da12d7c4ca458b3a567dd566236', '2012-10-19 - 09:30:58', '41.248.203.30', '0', 'Imane Benqlilou', 'i.benqlilou@gmail.com', '0661303816', '', 'hbenqlilou@gmail.com', 'Lu et approuvé', 'La durée moyenne  du conseil de classe est  normalement de l’ordre de 1h30 , mais à notre établissement elle est juste d''une heure , durée trés courte pour traiter les  questions pédagogiques intéressant la vie de classe, y''a t-il moyen pour que l''APE nég'),
(25, 'INTMyY2Q5MDM2YmIy6f4124153d759c9d9fe8b750267f33cc', '2012-10-19 - 09:58:37', '41.248.203.30', '0', 'Imane Benqlilou', 'i.benqlilou@gmail.com', '0661303816', '', 'bouananilamyae@hotmail.com', '', 'Bonjour.Lors des conseils d’établissement, est ce que vous traiter les questions de type comportement des élèves, des professeurs,  la façon dont sont  posés les examens et comment sont évalués nos enfants ?  Ou bien ces questions ne sont pas du ressort d'),
(26, 'INTUzNWJiMzA0Mjg4fcf5fd00e21118dfd37e493754c8814a', '2012-10-26 - 12:50:57', '105.136.66.125', '0', 'KABBAJ NOUMA', 'nou_kabbaj@yahoo.fr', '', '', 'president.apeam@gmail.com', 'Lu et approuvé', 'votre reaction en temps qu''association concernant le discours de lwafa concernant les missions francaise et espagnole'),
(27, 'IZDYwZDNjMzFlMTA2e100d3f6166d831996886ea16114b417', '2012-11-09 - 14:37:48', '41.249.89.35', '0', 'Imane Benqlilou', 'i.benqlilou@gmail.com', '0661303816', '0537011603', 'bouananilamyae@hotmail.com', 'Lu et approuvé', 'Bonjour,\r\nJe vous ai envoyé une doléance  mais je n’ai pas eu de réponse.\r\nToujours dans le cadre de comportement d’ élèves, de professeurs,  la façon dont sont  posés les examens et comment sont évalués nos enfants, je vous  propose des suggestions  qui '),
(28, 'IMWFmNjRkODNkMjk0a2e60b944f8af2248d0a4e40b46dec68', '2012-11-12 - 21:22:05', '41.248.182.186', '0', 'Ilham Kessab', 'Ilham.jai@gmail.com', '0661762500', '0537717763', 'president.apeam@gmail.com', 'Lu et approuvé', 'Je vous prie de bien vouloir me renseigner sur les coordonnées des élèves de la 6ième qui voudraient vendre leurs affaires de Ski qui les ont utilisés l''année derniere lors de leur voyage à l''Oukaimeden. Mille Merci.'),
(29, 'IODk4OGQyYTQyYzM1761a7e8b09f322d429402b7ecaf4b7a2', '2012-11-14 - 17:13:17', '41.249.35.103', '0', 'oulahiane najat', 'oulahiane.najat2@hotmail.com', '0661306330', '0537717398', 'nadia.marzouk@hotmail.fr, hbenqlilou@gmail.com, president.apeam@gmail.com', '', 'l''atelier du théatre français est organisé par l''UPEM le samedi matin fait par Mme Antaki. je me demande s''il ne peut pas être avancé à mercredi aprés-midi car les enfants voudraient bien en général se reposer le samedi matin et cela ampute un peu du week'),
(30, 'IMTE0YjE2MTNhZmZka4fcd1b617eb0deb46b40142c7d9110d', '2012-12-09 - 16:20:17', '41.249.28.174', '0', 'Kadiri Rachida', 'kadiri.ds@hotmail.be', '0611760560', '', 'bouananilamyae@hotmail.com, hbenqlilou@gmail.com', 'Lu et approuvé', 'Bonjour madame Marzouk,suite à notre rencontre au drink de l''Achoura je vous envoie donc ma candidature au sein de votre association.Nous venons de nous installer à Rabat et je suis actuellement disponible.Bien à vous.'),
(31, 'IMTBlYjMyYTg1NTZmd9ae94d8793d37601b1845368d6567d0', '2013-02-12 - 20:00:41', '41.248.147.103', '0', '', 'Oumnizette@yahoo.fr', '', '', 'president.apeam@gmail.com', '', 'J aurai quelques remarques a formuler concernant la maitresse d arabe des ce2 mme Dinia fatiha\r\nJe trouve que son enseignement laisse a desirer on ne sent pas que nos enfants progressent , il ya un laisser aller ses cours se resument a coller des feuilles'),
(32, 'INzQyOTQ4NTFmMWQxbc66879aeadcec411e767a44ec5259cc', '2013-02-12 - 20:02:35', '41.248.147.103', '0', '', 'Oumnizette@yahoo.fr', '', '', 'president.apeam@gmail.com', '', 'J aurai quelques remarques a formuler concernant la maitresse d arabe des ce2 mme Dinia fatiha\r\nJe trouve que son enseignement laisse a desirer on ne sent pas que nos enfants progressent , il ya un laisser aller ses cours se resument a coller des feuilles'),
(33, 'IZWRlNjU2ZmVmZTEx52f7d41966e08ac40a270a64e7dad9de', '2013-02-20 - 12:37:54', '41.250.250.149', '0', 'RAHMOUNI LAMIA', 'rahmouni.lamia@gmail.com', '06 75 94 34 24', '05 37 71 81 59', 'hbenqlilou@gmail.com', 'Lu et approuvé', 'Bonjour\r\nSi vous disposez du support de présentation faite hier au sujet de la filière internationale au profit des parents ayant un enfant en PS, veuillez me la transmettre.\r\nJe vous remercie \r\nCordialement'),
(34, 'INTAxNTJiMDU2Njg2a23261f3636107a74e56664323314f62', '2013-04-02 - 18:11:58', '41.248.214.1', '0', 'Les Ateliers19', 'lesateliers19@gmail.com', '06 71 68 74 21', '05 37 20 13 18', 'nadia.marzouk@hotmail.fr', '', 'Waw c''est super\r\n                 Je fête mon anniversaire\r\n                                              dans un atelier d''Art & Création \r\n                                                       chez Les Ateliers19\r\n \r\n\r\nCherchez-vous une activité intére'),
(35, 'INzVhMzFjY2NlYjEw9928893c5cd0832b64800b522bcf39ff', '2013-04-08 - 13:59:31', '41.140.33.130', '0', 'taoufik Farida', 'faridahilali@yahoo.fr', '0661432489', '', 'president.apeam@gmail.com', 'Lu et approuvé', 'Bjr, \r\nJe vous remercie tous pour l''effort que vous faites et je vous en félicite. Je vous écris pour vous sensibiliser au problème des ''absences  du professeur de Français pour les premières S ( Cette classe a déjà eu deux prof remplaçants ). c''est comme');

-- --------------------------------------------------------

--
-- Table structure for table `apm_chrono_contact`
--

CREATE TABLE IF NOT EXISTS `apm_chrono_contact` (
  `id` int(11) NOT NULL AUTO_INCREMENT,
  `name` text NOT NULL,
  `html` longtext NOT NULL,
  `scriptcode` longtext NOT NULL,
  `stylecode` longtext NOT NULL,
  `redirecturl` text NOT NULL,
  `emailresults` tinyint(1) NOT NULL,
  `fieldsnames` text NOT NULL,
  `fieldstypes` text NOT NULL,
  `onsubmitcode` longtext NOT NULL,
  `onsubmitcodeb4` longtext NOT NULL,
  `server_validation` longtext NOT NULL,
  `attformtag` longtext NOT NULL,
  `submiturl` text NOT NULL,
  `emailtemplate` longtext NOT NULL,
  `useremailtemplate` longtext NOT NULL,
  `paramsall` longtext NOT NULL,
  `titlesall` longtext NOT NULL,
  `extravalrules` longtext NOT NULL,
  `dbclasses` longtext NOT NULL,
  `autogenerated` longtext NOT NULL,
  `chronocode` longtext NOT NULL,
  `theme` text NOT NULL,
  `published` tinyint(1) NOT NULL,
  `extra1` longtext NOT NULL,
  `extra2` longtext NOT NULL,
  `extra3` longtext NOT NULL,
  `extra4` longtext NOT NULL,
  `extra5` longtext NOT NULL,
  PRIMARY KEY (`id`)
) ENGINE=MyISAM  DEFAULT CHARSET=utf8 AUTO_INCREMENT=3 ;

--
-- Dumping data for table `apm_chrono_contact`
--

INSERT INTO `apm_chrono_contact` (`id`, `name`, `html`, `scriptcode`, `stylecode`, `redirecturl`, `emailresults`, `fieldsnames`, `fieldstypes`, `onsubmitcode`, `onsubmitcodeb4`, `server_validation`, `attformtag`, `submiturl`, `emailtemplate`, `useremailtemplate`, `paramsall`, `titlesall`, `extravalrules`, `dbclasses`, `autogenerated`, `chronocode`, `theme`, `published`, `extra1`, `extra2`, `extra3`, `extra4`, `extra5`) VALUES
(1, 'NousContacter', '\r\n<div class="form_item">\r\n  <div class="form_element cf_text"> <span class="cf_text">Nous Contacter</span> </div>\r\n  <div class="cfclear">&nbsp;</div>\r\n</div>\r\n', '', '', '', 0, '', '', '', '', '', '', '', '', '', 'formmethod=post\nomittedfields=\nLoadFiles=Yes\nsubmissions_limit=\ntablenames=\nsavedataorder=\nhandlepostedarrays=\ndebug=0\nmysql_type=1\nenmambots=No\nuploads=No\nuploadfields=\nuploadmax=\nuploadmin=\nuploadpath=\ndvfields=\ndvrecord=Record #n\nimagever=No\nimtype=0\ncaptcha_dataload=0\nimgver_error_msg=\nvalidate=No\nservervalidate=\nvalidatetype=mootools\nval_required=\nval_validate_number=\nval_validate_digits=\nval_validate_alpha=\nval_validate_alphanum=\nval_validate_date=\nval_validate_email=\nval_validate_url=\nval_validate_date_au=\nval_validate_currency_dollar=\nval_validate_selection=\nval_validate_one_required=\nval_validate_confirmation=\nplugins=\nplugins_order=1\nonsubmitcode_order=2\nautogenerated_order=3\nmplugins_order=\ndbconnection=\ndatefieldformat=d/m/Y\ndatefieldsnames=', '', '', '', '', '[type="cf_text"CHRONO_CONSTANT_EOL{CHRONO_CONSTANT_EOLclass = cf_textCHRONO_CONSTANT_EOLhidelabel = 0CHRONO_CONSTANT_EOLtag = spanCHRONO_CONSTANT_EOLlabelwidth = 0CHRONO_CONSTANT_EOLlabeltext = Nous ContacterCHRONO_CONSTANT_EOLtooltiptext = CHRONO_CONSTANT_EOLslabel = CHRONO_CONSTANT_EOL}]CHRONO_CONSTANT_EOL', 'default', 0, '', '', '', '', ''),
(2, 'doleances', '<fieldset>\r\n<legend>Avertissement</legend>\r\n<p>Ce Site est la propriété de toute la communauté des parents d’élèves du GSAM. L’APEAM l’a conçu et veillera constamment à son développement pour offrir aux parents des services interactifs de communication de proximité et d’information pratique sur la vie scolaire de leurs enfants, à valeur ajoutée réelle et régulière</p>\r\n<p>Les parents sont conviés, avec insistance, à l’utiliser pour toute communication avec les membres du comité et du bureau, et sont, également, priés de leur faire part de toutes suggestions et propositions d’amélioration des prestations offertes. A l’occasion de toute utilisation, les parents sont vivement priés de s’abstenir de tout propos attentatoire aux bonnes mœurs, à la réputation du GSAM, de son administration, du corps enseignants et de l’APEAM ou au respect dû à toute personne, appartenant ou non à la communauté éducative du groupe.\r\n</p>\r\n</fieldset>\r\n\r\n<div class="form_item">\r\n  <div class="form_element cf_heading">\r\n    <h2 class="cf_text">Nous contacter</h2>\r\n  </div>\r\n  <div class="cfclear">&nbsp;</div>\r\n</div>\r\n\r\n<div class="form_item">\r\n  <div class="form_element cf_textbox">\r\n    <label class="cf_label" style="width: 150px;">Nom et prénom du parent </label>\r\n    <input class="cf_inputbox" maxlength="150" size="30" title="" id="text_4" name="parents" type="text" />\r\n  \r\n  </div>\r\n  <div class="cfclear">&nbsp;</div>\r\n</div>\r\n\r\n<div class="form_item">\r\n  <div class="form_element cf_heading">\r\n    <h4 class="cf_text">Coordonnées</h4>\r\n  </div>\r\n  <div class="cfclear">&nbsp;</div>\r\n</div>\r\n\r\n<div class="form_item">\r\n  <div class="form_element cf_textbox">\r\n    <label class="cf_label" style="width: 150px;">Email</label>\r\n    <input class="cf_inputbox validate-email" maxlength="150" size="30" title="" id="text_7" name="email" type="text" />\r\n  \r\n  </div>\r\n  <div class="cfclear">&nbsp;</div>\r\n</div>\r\n\r\n<div class="form_item">\r\n  <div class="form_element cf_textbox">\r\n    <label class="cf_label" style="width: 150px;">GSM </label>\r\n    <input class="cf_inputbox" maxlength="150" size="30" title="" id="text_8" name="gsm" type="text" />\r\n  \r\n  </div>\r\n  <div class="cfclear">&nbsp;</div>\r\n</div>\r\n\r\n<div class="form_item">\r\n  <div class="form_element cf_textbox">\r\n    <label class="cf_label" style="width: 150px;">Téléphone fixe</label>\r\n    <input class="cf_inputbox" maxlength="150" size="30" title="" id="text_9" name="telfix" type="text" />\r\n  \r\n  </div>\r\n  <div class="cfclear">&nbsp;</div>\r\n</div>\r\n\r\n<div class="form_item">\r\n  <div class="form_element cf_checkbox">\r\n    <label class="cf_label" style="width: 150px;">Objet</label>\r\n    <div class="float_left">\r\n      <input value="boutayna.mrini@gmail.com" title="Merci de choisir au moins un sevice" class="radio validate-one-required" id="check00" name="check0[]" type="checkbox" />\r\n      <label for="check00" class="check_label">GARDERIE</label>\r\n      <br />\r\n      \r\n<input value="nadia.marzouk@hotmail.fr" title="Merci de choisir au moins un sevice" class="radio validate-one-required" id="check01" name="check0[]" type="checkbox" />\r\n      <label for="check01" class="check_label">ATELIERS</label>\r\n      <br />\r\n      \r\n<input value="nadia.marzouk@hotmail.fr" title="Merci de choisir au moins un sevice" class="radio validate-one-required" id="check02" name="check0[]" type="checkbox" />\r\n      <label for="check02" class="check_label">CANTINE</label>\r\n      <br />\r\n      \r\n<input value="president.apeam@gmail.com" title="Merci de choisir au moins un sevice" class="radio validate-one-required" id="check03" name="check0[]" type="checkbox" />\r\n      <label for="check03" class="check_label">CASIERS SCOLAIRES</label>\r\n      <br />\r\n      \r\n<input value="bouananilamyae@hotmail.com" title="Merci de choisir au moins un sevice" class="radio validate-one-required" id="check04" name="check0[]" type="checkbox" />\r\n      <label for="check04" class="check_label">CONSEILS D’ETABLISSEMENT ET D’ECOLE</label>\r\n      <br />\r\n      \r\n<input value="hbenqlilou@gmail.com" title="Merci de choisir au moins un sevice" class="radio validate-one-required" id="check05" name="check0[]" type="checkbox" />\r\n      <label for="check05" class="check_label">CONSEILS DE CLASSE</label>\r\n      <br />\r\n      \r\n<input value="b.khattabi@yahoo.fr" title="Merci de choisir au moins un sevice" class="radio validate-one-required" id="check06" name="check0[]" type="checkbox" />\r\n      <label for="check06" class="check_label">FINANCES</label>\r\n      <br />\r\n      \r\n<input value="president.apeam@gmail.com" title="Merci de choisir au moins un sevice" class="radio validate-one-required" id="check07" name="check0[]" type="checkbox" />\r\n      <label for="check07" class="check_label">VIE JURIDIQUE</label>\r\n      <br />\r\n      \r\n<input value="hbenqlilou@gmail.com" title="Merci de choisir au moins un sevice" class="radio validate-one-required" id="check08" name="check0[]" type="checkbox" />\r\n      <label for="check08" class="check_label">SITE & COMMUNICATION</label>\r\n      <br />\r\n      \r\n<input value="president.apeam@gmail.com" title="Merci de choisir au moins un sevice" class="radio validate-one-required" id="check09" name="check0[]" type="checkbox" />\r\n      <label for="check09" class="check_label">AUTRES</label>\r\n      <br />\r\n      \r\n\r\n    </div>\r\n    \r\n  </div>\r\n  <div class="cfclear">&nbsp;</div>\r\n</div>\r\n\r\n<div class="form_item">\r\n  <div class="form_element cf_textarea">\r\n    <label class="cf_label" style="width: 150px;">Proposition/Doléance</label>\r\n    <textarea class="cf_inputbox required" rows="3" id="text_13" title="Merci de préciser votre doléance" cols="30" name="doleance"></textarea>\r\n    \r\n  </div>\r\n  <div class="cfclear">&nbsp;</div>\r\n</div>\r\n\r\n<div class="form_item">\r\n  <div class="form_element cf_checkbox">\r\n    <label class="cf_label" style="width: 150px;"></label>\r\n    <div class="float_left">\r\n      <input value="Lu et approuvé" title="" class="radio" id="check10" name="check1[]" type="checkbox" />\r\n      <label for="check10" class="check_label">Lu et approuvé</label>\r\n      <?php $date =& JFactory::getDate();\r\necho  $date->toFormat(); ?>\r\n      \r\n\r\n    </div>\r\n    \r\n  </div>\r\n  <div class="cfclear">&nbsp;</div>\r\n</div>\r\n<div class="form_item">\r\n  <div class="form_element cf_button">\r\n<label class="cf_label" style="width: 150px;">Merci de copier le code sur l''image dans le champs text</label>\r\n  {imageverification}\r\n  </div>\r\n  <div class="cfclear">&nbsp;</div>\r\n</div>\r\n\r\n<div class="form_item">\r\n  <div class="form_element cf_button">\r\n    <input value="Envoyer" name="button_15" type="submit" />\r\n  </div>\r\n  <div class="cfclear">&nbsp;</div>\r\n</div>\r\n', '', '.chronoform a {display:none;}', '', 2, 'parents,email,gsm,telfix,check0,check1,doleance', 'text,text,text,text,checkbox,checkbox,textarea', '', '', '', '', '', '', '', 'formmethod=post\nLoadFiles=Yes\nsubmissions_limit=\nsubmissions_limit_error=Sorry but you can not submit the form again very soon like this!\nhandlepostedarrays=Yes\ndebug=0\ncheckToken=1\nmysql_type=1\nenmambots=No\ncaptcha_dataload=0\ncaptcha_dataload_skip=\nuseCurrent=\ndatefieldformat=d/m/Y\ndatefieldsnames=\ndatefieldextras=classes: [''dashboard'']\ndbconnection=Yes\nsavedataorder=after_email\ndvfields=\ndvrecord=Record #n\nuploads=No\nuploadfields=\nuploadpath=/home/apeam/public_html/components/com_chronocontact/uploads/doleances/\nfilename_format=$filename = date(''YmdHis'').''_''.$chronofile[''name''];\nupload_exceedslimit=Sorry, Your uploaded file size exceeds the allowed limit.\nupload_lesslimit=Sorry, Your uploaded file size is less than the allowed limit\nupload_notallowed=Sorry, Your uploaded file type is not allowed\nimagever=Yes\nimtype=1\nimgver_error_msg=Vous avez entré un code erroné!\nvalidate=No\nvalidatetype=mootools\nvalidate_onlyOnBlur=1\nvalidate_wait=\nvalidate_onlyOnSubmit=0\nvalidation_type=default\nval_required=\nval_validate_number=\nval_validate_digits=\nval_validate_alpha=\nval_validate_alphanum=\nval_validate_date=\nval_validate_email=\nval_validate_url=\nval_validate_date_au=\nval_validate_currency_dollar=\nval_validate_selection=\nval_validate_one_required=\nval_validate_confirmation=\nservervalidate=No\nautogenerated_order=3\nonsubmitcode_order=2\nplugins_order=1\nplugins=\nmplugins_order=\ntablenames=apm_chronoforms_doleances', '', '', '<?php\nif (!class_exists(''Tablechronoforms_doleances'')) {\nclass Tablechronoforms_doleances extends JTable {\nvar $cf_id = null;\nvar $uid = null;\nvar $recordtime = null;\nvar $ipaddress = null;\nvar $cf_user_id = null;\nvar $parents = null;\nvar $email = null;\nvar $gsm = null;\nvar $telfix = null;\nvar $check0 = null;\nvar $check1 = null;\nvar $doleance = null;\nfunction __construct( &$database ) {\nparent::__construct( ''apm_chronoforms_doleances'', ''cf_id'', $database );\n}\n}\n}\n?>\n', '<?php\n		$MyForm =& CFChronoForm::getInstance("doleances");\n		if($MyForm->formparams("dbconnection") == "Yes"){\n			$user = JFactory::getUser();			\n			$row =& JTable::getInstance("chronoforms_doleances", "Table");\n			srand((double)microtime()*10000);\n			$inum	=	"I" . substr(base64_encode(md5(rand())), 0, 16).md5(uniqid(mt_rand(), true));\n			JRequest::setVar( "recordtime", JRequest::getVar( "recordtime", date("Y-m-d")." - ".date("H:i:s"), "post", "string", "" ));\n			JRequest::setVar( "ipaddress", JRequest::getVar( "ipaddress", $_SERVER["REMOTE_ADDR"], "post", "string", "" ));\n			JRequest::setVar( "uid", JRequest::getVar( "uid", $inum, "post", "string", "" ));\n			JRequest::setVar( "cf_user_id", JRequest::getVar( "cf_user_id", $user->id, "post", "int", "" ));\n			$post = JRequest::get( "post" , JREQUEST_ALLOWRAW );			\n			if (!$row->bind( $post )) {\n				JError::raiseWarning(100, $row->getError());\n			}				\n			if (!$row->store()) {\n				JError::raiseWarning(100, $row->getError());\n			}\n			$MyForm->tablerow["apm_chronoforms_doleances"] = $row;\n		}\n		?>\n		', '[type="cf_heading"CHRONO_CONSTANT_EOL{CHRONO_CONSTANT_EOLclass = cf_textCHRONO_CONSTANT_EOLhidelabel = 0CHRONO_CONSTANT_EOLtag = h2CHRONO_CONSTANT_EOLlabelwidth = 0CHRONO_CONSTANT_EOLlabeltext = Nous contacterCHRONO_CONSTANT_EOLtooltiptext = CHRONO_CONSTANT_EOLslabel = CHRONO_CONSTANT_EOL}]CHRONO_CONSTANT_EOL[type="cf_textbox"CHRONO_CONSTANT_EOL{CHRONO_CONSTANT_EOLid = text_4CHRONO_CONSTANT_EOLname = parentsCHRONO_CONSTANT_EOLclass = cf_inputboxCHRONO_CONSTANT_EOLtype = textCHRONO_CONSTANT_EOLsize = 30CHRONO_CONSTANT_EOLmaxlength = 150CHRONO_CONSTANT_EOLtitle = CHRONO_CONSTANT_EOLhidelabel = 0CHRONO_CONSTANT_EOLlabelwidth = 150pxCHRONO_CONSTANT_EOLlabeltext = Nom et prénom du parent CHRONO_CONSTANT_EOLtooltiptext = CHRONO_CONSTANT_EOLslabel = CHRONO_CONSTANT_EOL}]CHRONO_CONSTANT_EOL[type="cf_heading"CHRONO_CONSTANT_EOL{CHRONO_CONSTANT_EOLclass = cf_textCHRONO_CONSTANT_EOLhidelabel = 0CHRONO_CONSTANT_EOLtag = h4CHRONO_CONSTANT_EOLlabelwidth = 0CHRONO_CONSTANT_EOLlabeltext = CoordonnéesCHRONO_CONSTANT_EOLtooltiptext = CHRONO_CONSTANT_EOLslabel = CHRONO_CONSTANT_EOL}]CHRONO_CONSTANT_EOL[type="cf_textbox"CHRONO_CONSTANT_EOL{CHRONO_CONSTANT_EOLid = text_7CHRONO_CONSTANT_EOLname = emailCHRONO_CONSTANT_EOLclass = cf_inputbox validate-emailCHRONO_CONSTANT_EOLtype = textCHRONO_CONSTANT_EOLsize = 30CHRONO_CONSTANT_EOLmaxlength = 150CHRONO_CONSTANT_EOLtitle = CHRONO_CONSTANT_EOLhidelabel = 0CHRONO_CONSTANT_EOLlabelwidth = 150pxCHRONO_CONSTANT_EOLlabeltext = EmailCHRONO_CONSTANT_EOLtooltiptext = CHRONO_CONSTANT_EOLslabel = CHRONO_CONSTANT_EOL}]CHRONO_CONSTANT_EOL[type="cf_textbox"CHRONO_CONSTANT_EOL{CHRONO_CONSTANT_EOLid = text_8CHRONO_CONSTANT_EOLname = gsmCHRONO_CONSTANT_EOLclass = cf_inputboxCHRONO_CONSTANT_EOLtype = textCHRONO_CONSTANT_EOLsize = 30CHRONO_CONSTANT_EOLmaxlength = 150CHRONO_CONSTANT_EOLtitle = CHRONO_CONSTANT_EOLhidelabel = 0CHRONO_CONSTANT_EOLlabelwidth = 150pxCHRONO_CONSTANT_EOLlabeltext = GSM CHRONO_CONSTANT_EOLtooltiptext = CHRONO_CONSTANT_EOLslabel = CHRONO_CONSTANT_EOL}]CHRONO_CONSTANT_EOL[type="cf_textbox"CHRONO_CONSTANT_EOL{CHRONO_CONSTANT_EOLid = text_9CHRONO_CONSTANT_EOLname = telfixCHRONO_CONSTANT_EOLclass = cf_inputboxCHRONO_CONSTANT_EOLtype = textCHRONO_CONSTANT_EOLsize = 30CHRONO_CONSTANT_EOLmaxlength = 150CHRONO_CONSTANT_EOLtitle = CHRONO_CONSTANT_EOLhidelabel = 0CHRONO_CONSTANT_EOLlabelwidth = 150pxCHRONO_CONSTANT_EOLlabeltext = Téléphone fixeCHRONO_CONSTANT_EOLtooltiptext = CHRONO_CONSTANT_EOLslabel = CHRONO_CONSTANT_EOL}]CHRONO_CONSTANT_EOL[type="cf_checkbox"CHRONO_CONSTANT_EOL{CHRONO_CONSTANT_EOLclass = radio validate-one-requiredCHRONO_CONSTANT_EOLname = check0[]CHRONO_CONSTANT_EOLtheoptions = GARDERIE*,*ATELIERS*,*CANTINE*,*CASIERS SCOLAIRES*,*CONSEILS D’ETABLISSEMENT ET D’ECOLE*,*CONSEILS DE CLASSE*,*FINANCES*,*VIE JURIDIQUE*,*SITE & COMMUNICATION*,*AUTRESCHRONO_CONSTANT_EOLhidelabel = 0CHRONO_CONSTANT_EOLlabelwidth = 150pxCHRONO_CONSTANT_EOLlabeltext = ObjetCHRONO_CONSTANT_EOLtitle = Merci de choisir au moins un seviceCHRONO_CONSTANT_EOLtooltiptext = CHRONO_CONSTANT_EOLslabel = CHRONO_CONSTANT_EOL}]CHRONO_CONSTANT_EOL[type="cf_textarea"CHRONO_CONSTANT_EOL{CHRONO_CONSTANT_EOLid = text_13CHRONO_CONSTANT_EOLname = doleanceCHRONO_CONSTANT_EOLclass = cf_inputbox requiredCHRONO_CONSTANT_EOLrows = 3CHRONO_CONSTANT_EOLcols = 30CHRONO_CONSTANT_EOLtitle = Merci de préciser votre doléanceCHRONO_CONSTANT_EOLhidelabel = 0CHRONO_CONSTANT_EOLlabelwidth = 150pxCHRONO_CONSTANT_EOLlabeltext = Proposition/DoléanceCHRONO_CONSTANT_EOLtooltiptext = CHRONO_CONSTANT_EOLslabel = CHRONO_CONSTANT_EOL}]CHRONO_CONSTANT_EOL[type="cf_checkbox"CHRONO_CONSTANT_EOL{CHRONO_CONSTANT_EOLclass = radioCHRONO_CONSTANT_EOLname = check1[]CHRONO_CONSTANT_EOLtheoptions = Lu et approuvéCHRONO_CONSTANT_EOLhidelabel = 0CHRONO_CONSTANT_EOLlabelwidth = 150pxCHRONO_CONSTANT_EOLlabeltext = CHRONO_CONSTANT_EOLtitle = CHRONO_CONSTANT_EOLtooltiptext = CHRONO_CONSTANT_EOLslabel = CHRONO_CONSTANT_EOL}]CHRONO_CONSTANT_EOL[type="cf_button"CHRONO_CONSTANT_EOL{CHRONO_CONSTANT_EOLvalue = EnvoyerCHRONO_CONSTANT_EOLname = button_15CHRONO_CONSTANT_EOLtooltiptext = CHRONO_CONSTANT_EOLreset = 0CHRONO_CONSTANT_EOLhidelabel = 0CHRONO_CONSTANT_EOLlabelwidth = 0CHRONO_CONSTANT_EOLslabel = CHRONO_CONSTANT_EOL}]CHRONO_CONSTANT_EOL', 'default', 1, '', '', '', '', '');

-- --------------------------------------------------------

--
